{"id":110,"date":"2017-04-04T17:53:23","date_gmt":"2017-04-04T15:53:23","guid":{"rendered":"https:\/\/webs.uab.cat\/grepuab\/que-pretenem\/"},"modified":"2017-04-04T17:53:23","modified_gmt":"2017-04-04T15:53:23","slug":"que-pretenem","status":"publish","type":"page","link":"https:\/\/webs.uab.cat\/grepuab\/que-pretenem\/","title":{"rendered":"Qu\u00e8 pretenem?"},"content":{"rendered":"<p dir=\"ltr\">&nbsp;<\/p>\n<p dir=\"ltr\">L&#8217;activitat d\u2019aquest Grup de Recerca pret\u00e9n avan\u00e7ar en el reconeixement i consolidaci\u00f3 de l&#8217;educaci\u00f3 psicomotriu com a disciplina cient\u00edfica. La seva recerca gira al voltant d&#8217;identificar els factors clau i condicions b\u00e0siques que permeten dissenyar, innovar i augmentar la qualitat del model formatiu te\u00f2ric, pr\u00e0ctic, corporal i investigador dels mestres, psicomotricistes i recercadors en psicomotricitat, a trav\u00e9s de l\u2019avaluaci\u00f3 formativa de les compet\u00e8ncies a desenvolupar, de generar nous coneixements te\u00f2ric-pr\u00e0ctics i d\u2019establir connexions entre la formaci\u00f3 en l\u2019educaci\u00f3 superior i la pr\u00e0ctica en els centres educatius.<\/p>\n<p dir=\"ltr\">La intervenci\u00f3 psicomotriu a la UAB s\u2019ent\u00e9n com una eina que&nbsp;permet el plantejament educatiu i preventiu en tot all\u00f2 que fa refer\u00e8ncia al desenvolupament i aprenentatge de l&#8217;infant respectant la diversitat i l\u2019entorn, especialment en les primeres edats de la vida.<\/p>\n<p>L\u2019etapa d\u2019educaci\u00f3 infantil i els primers cursos d\u2019educaci\u00f3 prim\u00e0ria \u00e9s on l\u2019infant es manifesta des de la seva globalitat, i on els professionals que l\u2019acompanyen en el seu desenvolupament &nbsp;han de tenir una actuaci\u00f3 basada en la mirada atenta, l\u2019observaci\u00f3, l\u2019escolta i l\u2019acci\u00f3.<\/p>\n<p dir=\"ltr\">&nbsp;<\/p>\n","protected":false},"excerpt":{"rendered":"<p>&nbsp; L&#8217;activitat d\u2019aquest Grup de Recerca pret\u00e9n avan\u00e7ar en el reconeixement i consolidaci\u00f3 de l&#8217;educaci\u00f3 psicomotriu com a disciplina cient\u00edfica. La seva recerca gira al voltant d&#8217;identificar els factors clau i condicions b\u00e0siques que permeten dissenyar, innovar i augmentar la qualitat del model formatiu te\u00f2ric, pr\u00e0ctic, corporal i investigador dels mestres, psicomotricistes i recercadors en [&hellip;]<\/p>\n","protected":false},"author":20,"featured_media":0,"parent":0,"menu_order":0,"comment_status":"closed","ping_status":"closed","template":"","meta":{"footnotes":""},"class_list":["post-110","page","type-page","status-publish","hentry"],"_links":{"self":[{"href":"https:\/\/webs.uab.cat\/grepuab\/wp-json\/wp\/v2\/pages\/110","targetHints":{"allow":["GET"]}}],"collection":[{"href":"https:\/\/webs.uab.cat\/grepuab\/wp-json\/wp\/v2\/pages"}],"about":[{"href":"https:\/\/webs.uab.cat\/grepuab\/wp-json\/wp\/v2\/types\/page"}],"author":[{"embeddable":true,"href":"https:\/\/webs.uab.cat\/grepuab\/wp-json\/wp\/v2\/users\/20"}],"replies":[{"embeddable":true,"href":"https:\/\/webs.uab.cat\/grepuab\/wp-json\/wp\/v2\/comments?post=110"}],"version-history":[{"count":0,"href":"https:\/\/webs.uab.cat\/grepuab\/wp-json\/wp\/v2\/pages\/110\/revisions"}],"wp:attachment":[{"href":"https:\/\/webs.uab.cat\/grepuab\/wp-json\/wp\/v2\/media?parent=110"}],"curies":[{"name":"wp","href":"https:\/\/api.w.org\/{rel}","templated":true}]}}