{"id":343,"date":"2019-04-09T01:00:12","date_gmt":"2019-04-08T23:00:12","guid":{"rendered":"https:\/\/webs.uab.cat\/grepuab\/llibres\/"},"modified":"2026-03-07T19:48:21","modified_gmt":"2026-03-07T17:48:21","slug":"llibres","status":"publish","type":"page","link":"https:\/\/webs.uab.cat\/grepuab\/llibres\/","title":{"rendered":"Llibres"},"content":{"rendered":"\n<div class=\"wp-block-group\"><div class=\"wp-block-group__inner-container is-layout-constrained wp-block-group-is-layout-constrained\">\n<figure class=\"wp-block-table\"><table class=\"has-fixed-layout\"><tbody><tr><td class=\"has-text-align-center\" data-align=\"center\"><strong>2026<\/strong><\/td><\/tr><\/tbody><\/table><\/figure>\n\n\n\n<p><\/p>\n\n\n\n<p><strong>Essau, V. i Bernab\u00e9, M. <\/strong><em>(2026).\u00a0Di\u00e1logos, experiencias y reflexiones docentes en la formaci\u00f3n del futuro profesorado en Educaci\u00f3n Infantil.<\/em> Wanceulen. Val\u00e8ncia.<\/p>\n\n\n\n<p><a href=\"https:\/\/www.osunajournals.com\/documents\/FBN30tA8SqeIT_50W0p6qwo10e\">https:\/\/www.osunajournals.com\/documents\/FBN30tA8SqeIT_50W0p6qwo10e<\/a><\/p>\n\n\n<div class=\"wp-block-image\">\n<figure class=\"aligncenter size-full\"><img loading=\"lazy\" decoding=\"async\" width=\"338\" height=\"452\" src=\"https:\/\/webs.uab.cat\/grepuab\/wp-content\/uploads\/sites\/54\/2026\/03\/Formacio_professorat.jpg\" alt=\"\" class=\"wp-image-2307\" srcset=\"https:\/\/webs.uab.cat\/grepuab\/wp-content\/uploads\/sites\/54\/2026\/03\/Formacio_professorat.jpg 338w, https:\/\/webs.uab.cat\/grepuab\/wp-content\/uploads\/sites\/54\/2026\/03\/Formacio_professorat-224x300.jpg 224w\" sizes=\"auto, (max-width: 338px) 100vw, 338px\" \/><\/figure>\n<\/div>\n\n\n<figure class=\"wp-block-table\"><table class=\"has-fixed-layout\"><tbody><tr><td class=\"has-text-align-center\" data-align=\"center\"><strong>2024<\/strong><\/td><\/tr><\/tbody><\/table><\/figure>\n\n\n\n<p><strong>P\u00e9rez, A., Hortig\u00fcela, D., Guti\u00e9rrez, C. i Barba, R.<\/strong> (2026). Evaluaci\u00f3n formativa y compartida en Educaci\u00f3n F\u00edsica. Fundamentos y experiencias pr\u00e1cticas en todas las etapas educativas. Universidad de Le\u00f3n.<\/p>\n<\/div><\/div>\n\n\n<div class=\"wp-block-image\">\n<figure class=\"aligncenter size-full\"><img loading=\"lazy\" decoding=\"async\" width=\"459\" height=\"628\" src=\"https:\/\/webs.uab.cat\/grepuab\/wp-content\/uploads\/sites\/54\/2026\/02\/Avaluacio.jpg\" alt=\"\" class=\"wp-image-2323\" srcset=\"https:\/\/webs.uab.cat\/grepuab\/wp-content\/uploads\/sites\/54\/2026\/02\/Avaluacio.jpg 459w, https:\/\/webs.uab.cat\/grepuab\/wp-content\/uploads\/sites\/54\/2026\/02\/Avaluacio-219x300.jpg 219w\" sizes=\"auto, (max-width: 459px) 100vw, 459px\" \/><\/figure>\n<\/div>\n\n<table style=\"width: 700px;height: 65px\" border=\"3\" cellspacing=\"1\" cellpadding=\"1\" align=\"center\">\n<tbody>\n<tr>\n<td class=\"rtecenter\" style=\"text-align: center\"><strong>2023<\/strong><\/td>\n<\/tr>\n<\/tbody>\n<\/table>\n<p><strong>Fraile-Aranda, A.; Manrique, J. C..; Romero, R. i Vall\u00e9s, C. <\/strong><em>(2023).\u00a0<\/em><em>Evaluar competencias docentes del profesorado. Gu\u00eda pr\u00e1ctica para la evaluaci\u00f3n de las competencias del docente de Educaci\u00f3n F\u00edsica y otras \u00e1reas<\/em><em>. Pir\u00e1mide. Madrid. ISBN: 978-84-368-4795-6.<\/em><\/p>\n<p><em> <img loading=\"lazy\" decoding=\"async\" class=\" wp-image-1090 aligncenter\" src=\"https:\/\/webs.uab.cat\/grepuab\/wp-content\/uploads\/sites\/54\/2023\/07\/Fraile_Llibre_web-236x300.png\" alt=\"\" width=\"256\" height=\"325\" srcset=\"https:\/\/webs.uab.cat\/grepuab\/wp-content\/uploads\/sites\/54\/2023\/07\/Fraile_Llibre_web-236x300.png 236w, https:\/\/webs.uab.cat\/grepuab\/wp-content\/uploads\/sites\/54\/2023\/07\/Fraile_Llibre_web.png 512w\" sizes=\"auto, (max-width: 256px) 100vw, 256px\" \/><\/em><\/p>\n<p><em>\u00a0<\/em><\/p>\n<p><em><strong>Mart\u00ednez-M\u00ednguez, L.<\/strong> (coord.) (2023).<\/em><em> Psicomotridad. Pikler, Lapierre, Aucouturier y UAB diferencias conectadas<\/em><em>. Gra\u00f3.<\/em><\/p>\n<p><img loading=\"lazy\" decoding=\"async\" class=\" wp-image-1094 aligncenter\" src=\"https:\/\/webs.uab.cat\/grepuab\/wp-content\/uploads\/sites\/54\/2023\/07\/BI056T-210x300.jpg\" alt=\"\" width=\"248\" height=\"354\" srcset=\"https:\/\/webs.uab.cat\/grepuab\/wp-content\/uploads\/sites\/54\/2023\/07\/BI056T-210x300.jpg 210w, https:\/\/webs.uab.cat\/grepuab\/wp-content\/uploads\/sites\/54\/2023\/07\/BI056T.jpg 490w\" sizes=\"auto, (max-width: 248px) 100vw, 248px\" \/><\/p>\n<table style=\"width: 694px;height: 63px\" border=\"3\" cellspacing=\"1\" cellpadding=\"1\" align=\"center\">\n<tbody>\n<tr>\n<td class=\"rtecenter\" style=\"text-align: center\"><strong>2021<\/strong><\/td>\n<\/tr>\n<\/tbody>\n<\/table>\n<p><strong>Mart\u00ednez-M\u00ednguez, L. i Moya, L.<\/strong> (2021). Proyecto de Aprendizaje Co-Tutorado entre universidad-escuela como pr\u00e1ctica de \u00e9xito en evaluaci\u00f3n formativa. <strong>En<\/strong> <strong>Hamodi, C. y Barba-Mart\u00edn, R.<\/strong>\u00a0(coords.), Evaluaci\u00f3n formativa y compartida. Nuevas propuestas de desarrollo en educaci\u00f3n superior (pp. 151-164).<\/p>\n<p><img loading=\"lazy\" decoding=\"async\" class=\"wp-image-870 aligncenter\" src=\"https:\/\/webs.uab.cat\/grepuab\/wp-content\/uploads\/sites\/54\/2023\/02\/LLibre_capitol_lurdes-231x300.jpg\" alt=\"\" width=\"211\" height=\"274\" srcset=\"https:\/\/webs.uab.cat\/grepuab\/wp-content\/uploads\/sites\/54\/2023\/02\/LLibre_capitol_lurdes-231x300.jpg 231w, https:\/\/webs.uab.cat\/grepuab\/wp-content\/uploads\/sites\/54\/2023\/02\/LLibre_capitol_lurdes.jpg 345w\" sizes=\"auto, (max-width: 211px) 100vw, 211px\" \/><\/p>\n<p><strong>Nieva, C.<\/strong> (2021). Exposici\u00f3n de espacios educativos: una experiencia de evaluaci\u00f3n formativa en la asignatura de pr\u00e1cticas. <strong>En Hamodi, C. y Barba-Mart\u00edn, R.<\/strong> (coords.), Evaluaci\u00f3n formativa y compartida. Nuevas propuestas de desarrollo en educaci\u00f3n superior (pp. 121-131).<\/p>\n<p><img loading=\"lazy\" decoding=\"async\" class=\"wp-image-870 aligncenter\" src=\"https:\/\/webs.uab.cat\/grepuab\/wp-content\/uploads\/sites\/54\/2023\/02\/LLibre_capitol_lurdes-231x300.jpg\" alt=\"\" width=\"214\" height=\"278\" srcset=\"https:\/\/webs.uab.cat\/grepuab\/wp-content\/uploads\/sites\/54\/2023\/02\/LLibre_capitol_lurdes-231x300.jpg 231w, https:\/\/webs.uab.cat\/grepuab\/wp-content\/uploads\/sites\/54\/2023\/02\/LLibre_capitol_lurdes.jpg 345w\" sizes=\"auto, (max-width: 214px) 100vw, 214px\" \/><\/p>\n<p><strong>Nieva, C., Mart\u00ednez-M\u00ednguez, L. i Moya, L.<\/strong> (2021). El PAPCo-T como experiencia de evaluaci\u00f3n formativa y compartida en el grado de educaci\u00f3n infantil de la Universidad Aut\u00f3noma de Barcelona. <strong>En Dos Santos, W. y Stieg, R.<\/strong> (coords.), Evaluaci\u00f3n Educativa en la formaci\u00f3n de profesores (pp. 315-332).<\/p>\n<p><img loading=\"lazy\" decoding=\"async\" class=\"wp-image-873 aligncenter\" src=\"https:\/\/webs.uab.cat\/grepuab\/wp-content\/uploads\/sites\/54\/2023\/02\/Llibre_capitol_Laura-232x300.jpg\" alt=\"\" width=\"205\" height=\"265\" srcset=\"https:\/\/webs.uab.cat\/grepuab\/wp-content\/uploads\/sites\/54\/2023\/02\/Llibre_capitol_Laura-232x300.jpg 232w, https:\/\/webs.uab.cat\/grepuab\/wp-content\/uploads\/sites\/54\/2023\/02\/Llibre_capitol_Laura-793x1024.jpg 793w, https:\/\/webs.uab.cat\/grepuab\/wp-content\/uploads\/sites\/54\/2023\/02\/Llibre_capitol_Laura-768x992.jpg 768w, https:\/\/webs.uab.cat\/grepuab\/wp-content\/uploads\/sites\/54\/2023\/02\/Llibre_capitol_Laura-1190x1536.jpg 1190w, https:\/\/webs.uab.cat\/grepuab\/wp-content\/uploads\/sites\/54\/2023\/02\/Llibre_capitol_Laura-1586x2048.jpg 1586w, https:\/\/webs.uab.cat\/grepuab\/wp-content\/uploads\/sites\/54\/2023\/02\/Llibre_capitol_Laura-1200x1549.jpg 1200w, https:\/\/webs.uab.cat\/grepuab\/wp-content\/uploads\/sites\/54\/2023\/02\/Llibre_capitol_Laura.jpg 1758w\" sizes=\"auto, (max-width: 205px) 100vw, 205px\" \/><\/p>\n<table style=\"width: 712px;height: 64px\" border=\"3\" cellspacing=\"1\" cellpadding=\"1\" align=\"center\">\n<tbody>\n<tr>\n<td class=\"rtecenter\" style=\"text-align: center\"><strong>2018<\/strong><\/td>\n<\/tr>\n<\/tbody>\n<\/table>\n<p><strong>Benincasa, G., Acebo, R., Luna, A., Masabeu, E. i Morales, P.<\/strong> (coords.). (2018). <em>Terapia psicomotriz: reconstruyendo una historia.<\/em> Barcelona: Octaedro.<\/p>\n<p><a href=\"https:\/\/octaedro.com\/libro\/terapia-psicomotriz-reconstruyendo-una-historia\/\">https:\/\/octaedro.com\/libro\/terapia-psicomotriz-reconstruyendo-una-historia\/<\/a><\/p>\n<p><img loading=\"lazy\" decoding=\"async\" class=\"aligncenter\" src=\"https:\/\/images-na.ssl-images-amazon.com\/images\/I\/41eYMXenfRL._SX325_BO1,204,203,200_.jpg\" alt=\"Resultat d'imatges de Terapia psicomotriz: reconstruyendo una historia.\" width=\"196\" height=\"299\" \/><\/p>\n<p><strong>Franch, N.<\/strong> (2018). <em>Po\u00e9tica corporal.\u00a0Psicomotricidad: Cuerpo en movimiento, cuerpo en relaci\u00f3n<\/em>. Barcelona: Octaedro.<\/p>\n<p><a href=\"https:\/\/octaedro.com\/libro\/poetica-corporal\/\">https:\/\/octaedro.com\/libro\/poetica-corporal\/<\/a><\/p>\n<p><img loading=\"lazy\" decoding=\"async\" class=\"alignnone size-medium wp-image-1415 aligncenter\" src=\"https:\/\/webs.uab.cat\/grepuab\/wp-content\/uploads\/sites\/54\/2023\/12\/poetica_corporal_nuria_franch-196x300.jpg\" alt=\"\" width=\"196\" height=\"300\" srcset=\"https:\/\/webs.uab.cat\/grepuab\/wp-content\/uploads\/sites\/54\/2023\/12\/poetica_corporal_nuria_franch-196x300.jpg 196w, https:\/\/webs.uab.cat\/grepuab\/wp-content\/uploads\/sites\/54\/2023\/12\/poetica_corporal_nuria_franch.jpg 652w\" sizes=\"auto, (max-width: 196px) 100vw, 196px\" \/><\/p>\n<table style=\"width: 705px;height: 66px\" border=\"3\" cellspacing=\"1\" cellpadding=\"1\" align=\"center\">\n<tbody>\n<tr>\n<td class=\"rtecenter\" style=\"text-align: center\"><strong>2017<\/strong><\/td>\n<\/tr>\n<\/tbody>\n<\/table>\n<p><strong>Martinez-M\u00ednguez, L., Rota, J. i Anton, M.<\/strong> (Coords.) (2017). <em>Psicomoticitat, escola i curr\u00edculum.<\/em> Barcelona: Octaedro.<\/p>\n<p><a href=\"https:\/\/octaedro.com\/libro\/psicomotricitat-escola-i-curriculum\/\">https:\/\/octaedro.com\/libro\/psicomotricitat-escola-i-curriculum\/<\/a><\/p>\n<p><img loading=\"lazy\" decoding=\"async\" class=\" wp-image-1111 aligncenter\" src=\"https:\/\/webs.uab.cat\/grepuab\/wp-content\/uploads\/sites\/54\/2023\/07\/80157-1-213x300.jpg\" alt=\"\" width=\"236\" height=\"332\" srcset=\"https:\/\/webs.uab.cat\/grepuab\/wp-content\/uploads\/sites\/54\/2023\/07\/80157-1-213x300.jpg 213w, https:\/\/webs.uab.cat\/grepuab\/wp-content\/uploads\/sites\/54\/2023\/07\/80157-1-725x1024.jpg 725w, https:\/\/webs.uab.cat\/grepuab\/wp-content\/uploads\/sites\/54\/2023\/07\/80157-1-768x1084.jpg 768w, https:\/\/webs.uab.cat\/grepuab\/wp-content\/uploads\/sites\/54\/2023\/07\/80157-1.jpg 850w\" sizes=\"auto, (max-width: 236px) 100vw, 236px\" \/><\/p>\n<p><strong>Mas, M. i Anton, M.<\/strong> (Coords.) (2017). <em>Psicomoticidad educativa: avanzando paso a paso.<\/em> Barcelona: Octaedro.<\/p>\n<p><a href=\"https:\/\/octaedro.com\/libro\/psicomotricidad-educativa-avanzando-paso-a-paso\/\">https:\/\/octaedro.com\/libro\/psicomotricidad-educativa-avanzando-paso-a-paso\/<\/a><\/p>\n<p><img loading=\"lazy\" decoding=\"async\" class=\"aligncenter\" src=\"https:\/\/images-na.ssl-images-amazon.com\/images\/I\/51At8Fai5rL._SX324_BO1,204,203,200_.jpg\" alt=\"Resultat d'imatges de Psicomoticidad educativa: avanzando paso a paso.\" width=\"210\" height=\"322\" \/><\/p>\n<p><strong>Mart\u00ednez-M\u00ednguez, L. <\/strong>(2017). Coevaluaci\u00f3n y heteroevaluaci\u00f3n del Practicum a trav\u00e9s de una escala de puntuaci\u00f3n en la formaci\u00f3n inicial del profesorado en\u00a0L\u00f3pez-Pastor, V. i\u00a0P\u00e9rez-Pueyo, A. <em>Buenas Pr\u00e1cticas Docentes. Evaluaci\u00f3n formativa y compartida en educaci\u00f3n: Experiencias de \u00e9xito en todas las etapas educativas<\/em> (pp. 422-432). Le\u00f3n: Universidad de Le\u00f3n.<\/p>\n<p><a href=\"https:\/\/buleria.unileon.es\/handle\/10612\/5999\">https:\/\/buleria.unileon.es\/handle\/10612\/5999<\/a><\/p>\n<p><img loading=\"lazy\" decoding=\"async\" class=\" wp-image-1108 aligncenter\" src=\"https:\/\/webs.uab.cat\/grepuab\/wp-content\/uploads\/sites\/54\/2023\/07\/imagen-214x300.png\" alt=\"\" width=\"231\" height=\"324\" srcset=\"https:\/\/webs.uab.cat\/grepuab\/wp-content\/uploads\/sites\/54\/2023\/07\/imagen-214x300.png 214w, https:\/\/webs.uab.cat\/grepuab\/wp-content\/uploads\/sites\/54\/2023\/07\/imagen.png 456w\" sizes=\"auto, (max-width: 231px) 100vw, 231px\" \/><\/p>\n<p><strong>Ant\u00f3n, M. i\u00a0Mart\u00ednez-M\u00ednguez, L.<\/strong> (2017). Con el cuerpo expresamos, dialogamos, experimentamos&#8230; aprendemos en Ca\u00f1abate, D. i\u00a0Soler, A. (Coords.), <em>Movimiento y lenguajes. De la experiencia sensoperceptiva a la conciencia y el pensamiento<\/em> (pp.33-37). Barcelona: Gra\u00f3.<\/p>\n<p><a href=\"https:\/\/www.grao.com\/es\/producto\/movimiento-y-lenguajes-ge323\">https:\/\/www.grao.com\/es\/producto\/movimiento-y-lenguajes-ge323<\/a><\/p>\n<p><img loading=\"lazy\" decoding=\"async\" class=\" wp-image-1105 aligncenter\" src=\"https:\/\/webs.uab.cat\/grepuab\/wp-content\/uploads\/sites\/54\/2023\/07\/71VO0yIdtcL._AC_UF10001000_QL80_-210x300.jpg\" alt=\"\" width=\"230\" height=\"329\" srcset=\"https:\/\/webs.uab.cat\/grepuab\/wp-content\/uploads\/sites\/54\/2023\/07\/71VO0yIdtcL._AC_UF10001000_QL80_-210x300.jpg 210w, https:\/\/webs.uab.cat\/grepuab\/wp-content\/uploads\/sites\/54\/2023\/07\/71VO0yIdtcL._AC_UF10001000_QL80_.jpg 701w\" sizes=\"auto, (max-width: 230px) 100vw, 230px\" \/><\/p>\n<table style=\"width: 700px;height: 69px\" border=\"3\" cellspacing=\"1\" cellpadding=\"1\" align=\"center\">\n<tbody>\n<tr>\n<td class=\"rtecenter\" style=\"text-align: center\"><strong>2016<\/strong><\/td>\n<\/tr>\n<\/tbody>\n<\/table>\n<p><strong>Mart\u00ednez-M\u00ednguez, L., Palou, S. i Anton, M.<\/strong> (2016). El joc corporal com a base\u00a0de tots els jocs en\u00a0A. M. Edo, Blanch, S. i M. Ant\u00f3n, <em>El joc a la primera inf\u00e0ncia<\/em> (pp. 124-140). Barcelona: Octaedro.<\/p>\n<p><a href=\"https:\/\/octaedro.com\/libro\/el-joc-a-la-primera-infancia\/\">https:\/\/octaedro.com\/libro\/el-joc-a-la-primera-infancia\/<\/a><\/p>\n<p><img loading=\"lazy\" decoding=\"async\" class=\"wp-image-1102 aligncenter\" src=\"https:\/\/webs.uab.cat\/grepuab\/wp-content\/uploads\/sites\/54\/2023\/07\/80155-1-350x536-1-196x300.jpg\" alt=\"\" width=\"219\" height=\"335\" srcset=\"https:\/\/webs.uab.cat\/grepuab\/wp-content\/uploads\/sites\/54\/2023\/07\/80155-1-350x536-1-196x300.jpg 196w, https:\/\/webs.uab.cat\/grepuab\/wp-content\/uploads\/sites\/54\/2023\/07\/80155-1-350x536-1.jpg 350w\" sizes=\"auto, (max-width: 219px) 100vw, 219px\" \/><\/p>\n<p><strong>Mart\u00ednez-M\u00ednguez, L., Moya, L., Anton, M. i Rota, J.<\/strong> (Coords.) (2016). <em>VIII Jornades de Reflexi\u00f3 i Recerca: Psicomotricitat i Escola. El moviment.<\/em> Bellaterra: GREP-Universitat Aut\u00f2noma de Barcelona.<\/p>\n<p><a href=\"https:\/\/issuu.com\/grepuab\/docs\/ix_jornades_de_reflexi__i_recerca\">https:\/\/issuu.com\/grepuab\/docs\/ix_jornades_de_reflexi__i_recerca<\/a><\/p>\n<p><img loading=\"lazy\" decoding=\"async\" class=\"wp-image-1099 aligncenter\" src=\"https:\/\/webs.uab.cat\/grepuab\/wp-content\/uploads\/sites\/54\/2023\/07\/page_1-212x300.jpg\" alt=\"\" width=\"290\" height=\"410\" srcset=\"https:\/\/webs.uab.cat\/grepuab\/wp-content\/uploads\/sites\/54\/2023\/07\/page_1-212x300.jpg 212w, https:\/\/webs.uab.cat\/grepuab\/wp-content\/uploads\/sites\/54\/2023\/07\/page_1-724x1024.jpg 724w, https:\/\/webs.uab.cat\/grepuab\/wp-content\/uploads\/sites\/54\/2023\/07\/page_1-768x1086.jpg 768w, https:\/\/webs.uab.cat\/grepuab\/wp-content\/uploads\/sites\/54\/2023\/07\/page_1.jpg 1059w\" sizes=\"auto, (max-width: 290px) 100vw, 290px\" \/><\/p>\n<p><strong>Ant\u00f3n, M. i\u00a0Porta, F.<\/strong> (2016). La utilizaci\u00f3\u00a0del pati\u00a0escolar. en A. M.\u00a0Alvarado, <em>Jugar en Psicomotricidad Estudios, an\u00e0lisis, reflexi\u00f3n y pr\u00e0ctica<\/em>,\u00a0(pags 106-123). Buenos Aires:\u00a0Revista de Psicomotricidad.<\/p>\n<p><img loading=\"lazy\" decoding=\"async\" class=\"aligncenter\" src=\"http:\/\/4.bp.blogspot.com\/-0V-pkjeepJk\/Vwmzrn3CbrI\/AAAAAAAAEEk\/_8-d-vbgYHobdg1TD1hpJx5Q0BEQsuJ0A\/s1600-r\/tapa%2Bfinal.jpg\" alt=\"http:\/\/4.bp.blogspot.com\/-0V-pkjeepJk\/Vwmzrn3CbrI\/AAAAAAAAEEk\/_8-d-vbgYHobdg1TD1hpJx5Q0BEQsuJ0A\/s1600-r\/tapa%2Bfinal.jpg\" width=\"232\" height=\"325\" \/><\/p>\n<table style=\"width: 700px;height: 63px\" border=\"3\" cellspacing=\"1\" cellpadding=\"1\" align=\"center\">\n<tbody>\n<tr>\n<td class=\"rtecenter\" style=\"text-align: center\"><strong>2014<\/strong><\/td>\n<\/tr>\n<\/tbody>\n<\/table>\n<p><strong style=\"font-size: revert;color: var(--color-negre);letter-spacing: 0.05rem\">Rota Iglesias, J.<\/strong><span style=\"font-size: revert;color: var(--color-negre);letter-spacing: 0.05rem\"> (2014). <\/span><em style=\"font-size: revert;color: var(--color-negre);letter-spacing: 0.05rem\">La intervenci\u00f3n psicomotriz: de la pr\u00e1ctica al concepto. <\/em><span style=\"font-size: revert;color: var(--color-negre);letter-spacing: 0.05rem\">Barcelona: Octaedro.<\/span><\/p>\n<p><a href=\"https:\/\/octaedro.com\/libro\/la-intervencion-psicomotriz-de-la-practica-al-concepto\/\">https:\/\/octaedro.com\/libro\/la-intervencion-psicomotriz-de-la-practica-al-concepto\/<\/a><\/p>\n<p><img loading=\"lazy\" decoding=\"async\" class=\"alignnone size-medium wp-image-1418 aligncenter\" src=\"https:\/\/webs.uab.cat\/grepuab\/wp-content\/uploads\/sites\/54\/2023\/12\/psicomotricidad-de-la-practica-al-concepto.-josep-rota-iglesias-194x300.jpg\" alt=\"\" width=\"194\" height=\"300\" srcset=\"https:\/\/webs.uab.cat\/grepuab\/wp-content\/uploads\/sites\/54\/2023\/12\/psicomotricidad-de-la-practica-al-concepto.-josep-rota-iglesias-194x300.jpg 194w, https:\/\/webs.uab.cat\/grepuab\/wp-content\/uploads\/sites\/54\/2023\/12\/psicomotricidad-de-la-practica-al-concepto.-josep-rota-iglesias.jpg 647w\" sizes=\"auto, (max-width: 194px) 100vw, 194px\" \/><\/p>\n<table style=\"width: 703px;height: 65px\" border=\"3\" cellspacing=\"1\" cellpadding=\"1\" align=\"center\">\n<tbody>\n<tr>\n<td class=\"rtecenter\" style=\"text-align: center\"><strong>2013<\/strong><\/td>\n<\/tr>\n<\/tbody>\n<\/table>\n<p><strong>Luna, A., Serrat, A., Masabeu, E., Piazuelo, O. i Acebo, R.<\/strong> (2013).\u00a0<em>Avui toca psico!.<\/em> Barcelona: Octaedro.<br \/><a href=\"https:\/\/octaedro.com\/libro\/avui-toca-psico\/\">https:\/\/octaedro.com\/libro\/avui-toca-psico\/<\/a><\/p>\n<p><img loading=\"lazy\" decoding=\"async\" class=\"aligncenter\" src=\"https:\/\/images-na.ssl-images-amazon.com\/images\/I\/71vU8zEdGcL.jpg\" alt=\"Resultat d'imatges per a &quot;avui toca psico!&quot;&quot;\" width=\"209\" height=\"296\" \/><\/p>\n<p><strong>Luna, A., Serrat, A., Masabeu, E., Piazuelo, O. i Acebo, R.<\/strong> (2013).\u00a0<em>Gaur, psiko!.<\/em> Barcelona: Octaedro.<\/p>\n<p><a href=\"https:\/\/octaedro.com\/libro\/gaur-psico-3\/\">https:\/\/octaedro.com\/libro\/gaur-psico-3\/<\/a><\/p>\n<p><img loading=\"lazy\" decoding=\"async\" class=\"aligncenter\" src=\"https:\/\/katakrak.net\/sites\/default\/files\/portadas\/9788499214498.jpeg\" alt=\"Resultat d'imatges per a &quot;Gaur, psiko!&quot;&quot;\" width=\"220\" height=\"312\" \/><\/p>\n<table style=\"width: 700px;height: 63px\" border=\"3\" cellspacing=\"1\" cellpadding=\"1\" align=\"center\">\n<tbody>\n<tr>\n<td class=\"rtecenter\" style=\"text-align: center\"><strong>2008<\/strong><\/td>\n<\/tr>\n<\/tbody>\n<\/table>\n<p><strong>Mart\u00ednez, L.<\/strong> (coord.) (2008). <em>Educaci\u00f3n f\u00edsica, transversalidad y valores.<\/em> Barcelona: Wolters Kluwer.<\/p>\n<p><a href=\"https:\/\/www.amazon.es\/Educaci%C3%B3n-f%C3%ADsica-transversalidad-valores-emocional\/dp\/8471979020\">https:\/\/www.amazon.es\/Educaci%C3%B3n-f%C3%ADsica-transversalidad-valores-emocional\/dp\/8471979020<\/a><\/p>\n<p dir=\"ltr\"><img loading=\"lazy\" decoding=\"async\" class=\" wp-image-1086 aligncenter\" src=\"https:\/\/webs.uab.cat\/grepuab\/wp-content\/uploads\/sites\/54\/2023\/07\/LLibre_Lurdes_Wolters_Kluger-216x300.jpg\" alt=\"\" width=\"241\" height=\"335\" srcset=\"https:\/\/webs.uab.cat\/grepuab\/wp-content\/uploads\/sites\/54\/2023\/07\/LLibre_Lurdes_Wolters_Kluger-216x300.jpg 216w, https:\/\/webs.uab.cat\/grepuab\/wp-content\/uploads\/sites\/54\/2023\/07\/LLibre_Lurdes_Wolters_Kluger.jpg 451w\" sizes=\"auto, (max-width: 241px) 100vw, 241px\" \/><\/p>","protected":false},"excerpt":{"rendered":"<p>2026 Essau, V. i Bernab\u00e9, M. (2026).\u00a0Di\u00e1logos, experiencias y reflexiones docentes en la formaci\u00f3n del futuro profesorado en Educaci\u00f3n Infantil. Wanceulen. Val\u00e8ncia. https:\/\/www.osunajournals.com\/documents\/FBN30tA8SqeIT_50W0p6qwo10e 2024 P\u00e9rez, A., Hortig\u00fcela, D., Guti\u00e9rrez, C. i Barba, R. (2026). Evaluaci\u00f3n formativa y compartida en Educaci\u00f3n F\u00edsica. Fundamentos y experiencias pr\u00e1cticas en todas las etapas educativas. Universidad de Le\u00f3n. 2023 Fraile-Aranda, [&hellip;]<\/p>\n","protected":false},"author":20,"featured_media":0,"parent":0,"menu_order":0,"comment_status":"closed","ping_status":"closed","template":"","meta":{"footnotes":""},"class_list":["post-343","page","type-page","status-publish","hentry"],"_links":{"self":[{"href":"https:\/\/webs.uab.cat\/grepuab\/wp-json\/wp\/v2\/pages\/343","targetHints":{"allow":["GET"]}}],"collection":[{"href":"https:\/\/webs.uab.cat\/grepuab\/wp-json\/wp\/v2\/pages"}],"about":[{"href":"https:\/\/webs.uab.cat\/grepuab\/wp-json\/wp\/v2\/types\/page"}],"author":[{"embeddable":true,"href":"https:\/\/webs.uab.cat\/grepuab\/wp-json\/wp\/v2\/users\/20"}],"replies":[{"embeddable":true,"href":"https:\/\/webs.uab.cat\/grepuab\/wp-json\/wp\/v2\/comments?post=343"}],"version-history":[{"count":12,"href":"https:\/\/webs.uab.cat\/grepuab\/wp-json\/wp\/v2\/pages\/343\/revisions"}],"predecessor-version":[{"id":2332,"href":"https:\/\/webs.uab.cat\/grepuab\/wp-json\/wp\/v2\/pages\/343\/revisions\/2332"}],"wp:attachment":[{"href":"https:\/\/webs.uab.cat\/grepuab\/wp-json\/wp\/v2\/media?parent=343"}],"curies":[{"name":"wp","href":"https:\/\/api.w.org\/{rel}","templated":true}]}}