{"id":30,"date":"2009-05-25T13:30:47","date_gmt":"2009-05-25T13:30:47","guid":{"rendered":"https:\/\/webs.uab.cat\/greta\/qui-som\/"},"modified":"2009-05-25T13:30:47","modified_gmt":"2009-05-25T13:30:47","slug":"qui-som","status":"publish","type":"page","link":"https:\/\/webs.uab.cat\/greta\/qui-som\/","title":{"rendered":"Qui som?"},"content":{"rendered":"<p><strong>SGR 2014 Membres<\/strong><\/p>\n<p><strong>Drs.:<\/strong><\/p>\n<p>\u00c0lex Mitrani (Eina)<\/p>\n<p>Andrea Soto (Bec\u00e0ria CONYCET)<\/p>\n<p>Anna Pujadas (Eina)<\/p>\n<p>Clara Laguillo &nbsp;(Bec\u00e0ria FPI)<\/p>\n<p>Gerard Vilar (Cap del SGR, Dept. Filosofia)<\/p>\n<p>Irma Arribas (Eina)<\/p>\n<p>Jaume Vidal (Dept. Hist\u00f2ria de l\u2019Art)<\/p>\n<p>J\u00e8ssica Jaques (Dept. Filosofia)<\/p>\n<p>Joan Minguet (Dept. Hist\u00f2ria de l\u2019Art)<\/p>\n<p>Llu\u00eds Nacenta (Eina)<\/p>\n<p>Lu\u00eds Guerra (Becario CONYCET)<\/p>\n<p>Marina Herv\u00e1s (Bec\u00e0ria FPU)<\/p>\n<p>Miquel Molins &nbsp;(Dept. Hist\u00f2ria de l\u2019Art)<\/p>\n<p>Octavi Rofes (Eina)<\/p>\n<p>Pol Capdevila &nbsp;(Dept. Humnitats, UPF)<\/p>\n<p>Sara Coscarelli (Eina)<\/p>\n<p>Tania Costa (Eina)<\/p>\n<p><strong>Col\u00b7laboradors:<\/strong><\/p>\n<p>Ferran Adri\u00e0 dhc<\/p>\n<p>Remei Capdevila, Museo del Barrio, Nova York<\/p>\n<p>Peter Minosh, Columbia University<\/p>\n<p>Yves Michaud, porfessor em\u00e8rit, Par\u00eds<\/p>\n<p>Christoph Menke, Goethe Universit\u00e4t, Frankfurt<\/p>\n<p>Alexander Garc\u00eda D\u00fcttmann, Universit\u00e4t der K\u00fcnste, Berlin<\/p>\n<p>Christopher Green, professor em\u00e8rit, Courtauld Institute, Londres<\/p>\n","protected":false},"excerpt":{"rendered":"<p>SGR 2014 Membres Drs.: \u00c0lex Mitrani (Eina) Andrea Soto (Bec\u00e0ria CONYCET) Anna Pujadas (Eina) Clara Laguillo &nbsp;(Bec\u00e0ria FPI) Gerard Vilar (Cap del SGR, Dept. Filosofia) Irma Arribas (Eina) Jaume Vidal (Dept. Hist\u00f2ria de l\u2019Art) J\u00e8ssica Jaques (Dept. Filosofia) Joan Minguet (Dept. Hist\u00f2ria de l\u2019Art) Llu\u00eds Nacenta (Eina) Lu\u00eds Guerra (Becario CONYCET) Marina Herv\u00e1s (Bec\u00e0ria FPU) [&hellip;]<\/p>\n","protected":false},"author":20,"featured_media":0,"parent":0,"menu_order":0,"comment_status":"closed","ping_status":"closed","template":"","meta":{"footnotes":""},"class_list":["post-30","page","type-page","status-publish","hentry"],"_links":{"self":[{"href":"https:\/\/webs.uab.cat\/greta\/wp-json\/wp\/v2\/pages\/30","targetHints":{"allow":["GET"]}}],"collection":[{"href":"https:\/\/webs.uab.cat\/greta\/wp-json\/wp\/v2\/pages"}],"about":[{"href":"https:\/\/webs.uab.cat\/greta\/wp-json\/wp\/v2\/types\/page"}],"author":[{"embeddable":true,"href":"https:\/\/webs.uab.cat\/greta\/wp-json\/wp\/v2\/users\/20"}],"replies":[{"embeddable":true,"href":"https:\/\/webs.uab.cat\/greta\/wp-json\/wp\/v2\/comments?post=30"}],"version-history":[{"count":0,"href":"https:\/\/webs.uab.cat\/greta\/wp-json\/wp\/v2\/pages\/30\/revisions"}],"wp:attachment":[{"href":"https:\/\/webs.uab.cat\/greta\/wp-json\/wp\/v2\/media?parent=30"}],"curies":[{"name":"wp","href":"https:\/\/api.w.org\/{rel}","templated":true}]}}