{"id":31,"date":"2009-05-25T13:31:33","date_gmt":"2009-05-25T13:31:33","guid":{"rendered":"https:\/\/webs.uab.cat\/greta\/que-fem\/"},"modified":"2022-07-22T14:44:34","modified_gmt":"2022-07-22T14:44:34","slug":"que-fem","status":"publish","type":"page","link":"https:\/\/webs.uab.cat\/greta\/que-fem\/","title":{"rendered":"Qu\u00e8 fem?"},"content":{"rendered":"\n<p>En aquests moments, el grup s\u2019ha concentrat en tres dominis que comparteixen un territori com\u00fa i que defineixen els objectius principals de la recerca comuna per als propers anys: <\/p>\n\n\n\n<p>1. Recerca en els processos creatius, \u00e9s a dir, l\u2019an\u00e0lisi comparativa de les condicions de possibilitat i les variables de la creativitat en els territoris en els que ara ens concentrem \u2013cuina, art i disseny contemporanis. En aquesta l\u00ednia de treball col\u00b7laborem tots els membres del grup i els objectius espec\u00edfics aqu\u00ed s\u00f3n, d\u2019una banda, de car\u00e0cter te\u00f2ric, a saber generaci\u00f3 d\u2019articles de recerca sobre el tema i un llibre col\u00b7lectiu de l\u2019equip sobre El proc\u00e9s creatiu. Per una altra banda, perseguim transferir resultats en projectes formatius, molt especialment en el nou M\u00e0ster Oficial en Recerca en Art i Disseny (<a href=\"http:\/\/www.eina.cat\/ca\/postgraus\/master-oficial-eees-master-universitari-de-recerca-en-art-i-disseny\">http:\/\/www.eina.cat\/ca\/postgraus\/master-oficial-eees-master-universitari-de-recerca-en-art-i-disseny<\/a>). <\/p>\n\n\n\n<p>2. Research in Food Art &amp; Design, \u00e9s a dir, la teoritzaci\u00f3 i historitzaci\u00f3 de totes les formes d\u2019art i disseny que giren a l\u2019entorn de la cuina i la gastronomia, assajant de conceptuar les espec\u00edfiques formes de recerca art\u00edstica y creativitat que es donen en aquest camp. En aquest domini es troben les produccions dels artistes o dissenyadors amb els d\u2019alguns cuiners d\u2019avantguarda. L\u2019objectiu espec\u00edfic aqu\u00ed \u00e9s l\u2019elaboraci\u00f3 d\u2019un llibre \u00a0a publicar previsiblement en Taschen Verlag, i la preparaci\u00f3 d\u2019algunes exposicions \u00a0a art, cuina i recerca, per exemple, una exposici\u00f3 sobre Picasso i la cuina i un altra sobre Miralda. \u00a0Aquesta part del projecte est\u00e0 impulsada especialment pels membres del grup que treballen en l\u2019\u00e0rea de la historia de l\u2019art i el disseny. <\/p>\n\n\n\n<p>3. Recerca est\u00e8tica, de caire m\u00e9s aviat filos\u00f2fic centrada en l\u2019elaboraci\u00f3 te\u00f2rica d\u2019una nova branca de l\u2019est\u00e8tica aplicada que denominem est\u00e8tica gustat\u00f2ria. Aquesta disciplina tracta del gust en l\u2019\u00fas no metaf\u00f2ric del terme. En aquesta l\u00ednia treballen especialment els membres del grup de l\u2019\u00e0rea de filosofia i la seva ambici\u00f3 \u00e9s realitzar una revisi\u00f3 radical de l\u2019est\u00e8tica tradicional i moderna per a la qual l\u2019experi\u00e8ncia est\u00e8tica es d\u00f3na nom\u00e9s a trav\u00e9s dels sentits de la vista i l\u2019o\u00efda. \u00a0Els objectius concrets en aquest domini s\u00f3n un llibre col\u00b7lectiu internacional, a publicar per Harvard University Press, amb el t\u00edtol Gustatory Aesthetics, aix\u00ed com la transfer\u00e8ncia de coneixements a projectes formatius, tant al nivell de postgrau abans esmentat com dels estudis de grau de filosofia (en seminaris optatius de 4t curs). <\/p>\n\n\n\n<p>A m\u00e9s dels objectius especificats en els tres punts anteriors, cal esmentar que el grup continuar\u00e0 en aquests anys les activitats que ja tenen una tradici\u00f3, a saber: &#8211; \u00a0Els CATmeetings (Contemporary Art Theory Meetings) dels quals se n\u2019han fet fins ara sis \u00a0(<a href=\"http:\/\/www.news.esteticauab.org\/CATmeetings\/Bienvenida.html\">http:\/\/www.news.esteticauab.org\/CATmeetings\/Bienvenida.html<\/a>). &#8211; \u00a0Els Workshops sobre l\u2019Experi\u00e8ncia Est\u00e8tica, dels quals se n\u2019han celebrat fins ara vuit \u00a0edicions (<a href=\"http:\/\/esteticauab.org\/actividades.html\">http:\/\/esteticauab.org\/actividades.html<\/a>). &#8211; \u00a0La creaci\u00f3 d\u2019un nous Workshops on Food Art &amp; Design, events en format variable \u2013tallers, confer\u00edncies o seminaris\u2013 centrats en la recerca sobre els temes de creativitat en food art &amp; design, el primer dels quals es celebrar\u00e0 la setmana del 17 al 21 de febrer de 2014 al teatre de la UAB. &#8211; \u00a0D\u2019altra banda, seguirant tenint lloc els seminaris de doctorands, i afavorirem \u00a0l\u2019assist\u00e8ncia \u00a0de tots els membres del grup a congressos \u00a0internacionals per difondre el m\u00e0xim possible el resultats del nostre treball, especialment als congressos anuals de la European Society of Aesthetics (per a la celebraci\u00f3 del de 2016 ja hem comprom\u00e8s Barcelona), la International Society of Aesthetics, i l\u2019American Society of Aestetics, aix\u00ed com el Mundial de Filosofia, per al qual ja estem compromesos el maig de 2014.<\/p>\n","protected":false},"excerpt":{"rendered":"<p>En aquests moments, el grup s\u2019ha concentrat en tres dominis que comparteixen un territori com\u00fa i que defineixen els objectius principals de la recerca comuna per als propers anys: 1. Recerca en els processos creatius, \u00e9s a dir, l\u2019an\u00e0lisi comparativa de les condicions de possibilitat i les variables de la creativitat en els territoris en [&hellip;]<\/p>\n","protected":false},"author":20,"featured_media":0,"parent":0,"menu_order":0,"comment_status":"closed","ping_status":"closed","template":"","meta":{"footnotes":""},"class_list":["post-31","page","type-page","status-publish","hentry"],"_links":{"self":[{"href":"https:\/\/webs.uab.cat\/greta\/wp-json\/wp\/v2\/pages\/31","targetHints":{"allow":["GET"]}}],"collection":[{"href":"https:\/\/webs.uab.cat\/greta\/wp-json\/wp\/v2\/pages"}],"about":[{"href":"https:\/\/webs.uab.cat\/greta\/wp-json\/wp\/v2\/types\/page"}],"author":[{"embeddable":true,"href":"https:\/\/webs.uab.cat\/greta\/wp-json\/wp\/v2\/users\/20"}],"replies":[{"embeddable":true,"href":"https:\/\/webs.uab.cat\/greta\/wp-json\/wp\/v2\/comments?post=31"}],"version-history":[{"count":2,"href":"https:\/\/webs.uab.cat\/greta\/wp-json\/wp\/v2\/pages\/31\/revisions"}],"predecessor-version":[{"id":173,"href":"https:\/\/webs.uab.cat\/greta\/wp-json\/wp\/v2\/pages\/31\/revisions\/173"}],"wp:attachment":[{"href":"https:\/\/webs.uab.cat\/greta\/wp-json\/wp\/v2\/media?parent=31"}],"curies":[{"name":"wp","href":"https:\/\/api.w.org\/{rel}","templated":true}]}}