{"id":40,"date":"2024-05-29T13:17:30","date_gmt":"2024-05-29T11:17:30","guid":{"rendered":"https:\/\/webs.uab.cat\/grid\/?page_id=40"},"modified":"2025-07-28T17:34:58","modified_gmt":"2025-07-28T15:34:58","slug":"researchers","status":"publish","type":"page","link":"https:\/\/webs.uab.cat\/grid\/researchers\/","title":{"rendered":"RESEARCHERS"},"content":{"rendered":"\n<figure class=\"wp-block-image size-large\"><img loading=\"lazy\" decoding=\"async\" width=\"1024\" height=\"298\" src=\"https:\/\/webs.uab.cat\/grid\/wp-content\/uploads\/sites\/476\/2025\/07\/mosaic-grid-1024x298.jpg\" alt=\"\" class=\"wp-image-665\" srcset=\"https:\/\/webs.uab.cat\/grid\/wp-content\/uploads\/sites\/476\/2025\/07\/mosaic-grid-1024x298.jpg 1024w, https:\/\/webs.uab.cat\/grid\/wp-content\/uploads\/sites\/476\/2025\/07\/mosaic-grid-300x87.jpg 300w, https:\/\/webs.uab.cat\/grid\/wp-content\/uploads\/sites\/476\/2025\/07\/mosaic-grid-768x224.jpg 768w, https:\/\/webs.uab.cat\/grid\/wp-content\/uploads\/sites\/476\/2025\/07\/mosaic-grid-1536x447.jpg 1536w, https:\/\/webs.uab.cat\/grid\/wp-content\/uploads\/sites\/476\/2025\/07\/mosaic-grid-2048x596.jpg 2048w, https:\/\/webs.uab.cat\/grid\/wp-content\/uploads\/sites\/476\/2025\/07\/mosaic-grid-1200x349.jpg 1200w, https:\/\/webs.uab.cat\/grid\/wp-content\/uploads\/sites\/476\/2025\/07\/mosaic-grid-1980x576.jpg 1980w\" sizes=\"auto, (max-width: 1024px) 100vw, 1024px\" \/><\/figure>\n\n\n\n<h2 class=\"wp-block-heading\">AFFILIATED MEMBERS<\/h2>\n\n\n\n<ul class=\"wp-block-list\">\n<li>Dr. Mariona Portell Vidal, <a href=\"https:\/\/www.uab.cat\/\" data-type=\"link\" data-id=\"https:\/\/www.uab.cat\/\">UAB<\/a> &#8211; Research Group Leader\n<ul class=\"wp-block-list\">\n<li><a data-type=\"link\" data-id=\"https:\/\/orcid.org\/0000-0002-5939-6842\" href=\"https:\/\/orcid.org\/0000-0002-5939-6842\">ORCID<\/a> \/ <a data-type=\"link\" data-id=\"https:\/\/www.researchgate.net\/profile\/Mariona-Portell\" href=\"https:\/\/www.researchgate.net\/profile\/Mariona-Portell\">ResearchGate<\/a><\/li>\n<\/ul>\n<\/li>\n\n\n\n<li>Dr. Mar Bad\u00eda Mart\u00edn, <a href=\"https:\/\/www.uab.cat\/\" data-type=\"link\" data-id=\"https:\/\/www.uab.cat\/\">UAB<\/a> &#8211; Senior Researcher\n<ul class=\"wp-block-list\">\n<li><a data-type=\"link\" data-id=\"https:\/\/orcid.org\/0000-0002-3661-1175\" href=\"https:\/\/orcid.org\/0000-0002-3661-1175\">ORCID<\/a> \/ <a data-type=\"link\" data-id=\"https:\/\/www.researchgate.net\/profile\/Maria-Martin-68\" href=\"https:\/\/www.researchgate.net\/profile\/Maria-Martin-68\">ResearchGate<\/a><\/li>\n<\/ul>\n<\/li>\n\n\n\n<li>Dr. Elisabet Capdevila Puigpiquer, <a href=\"https:\/\/euit.fdsll.cat\/\" data-type=\"link\" data-id=\"https:\/\/euit.fdsll.cat\/\">EUIT<\/a>\n<ul class=\"wp-block-list\">\n<li><a href=\"https:\/\/orcid.org\/0000-0001-5783-2957\" data-type=\"link\" data-id=\"https:\/\/orcid.org\/0000-0001-5783-2957\">ORCID<\/a> \/ <a href=\"https:\/\/www.researchgate.net\/profile\/Elisabet-Capdevila-Puigpiquer-2\" data-type=\"link\" data-id=\"https:\/\/www.researchgate.net\/profile\/Elisabet-Capdevila-Puigpiquer-2\">ResearchGate<\/a><\/li>\n<\/ul>\n<\/li>\n\n\n\n<li>Dr. Oleguer Camerino Foguet, <a href=\"https:\/\/inefc.gencat.cat\/ca\/inici\" data-type=\"link\" data-id=\"https:\/\/inefc.gencat.cat\/ca\/inici\">INEFC<\/a>\/<a href=\"https:\/\/www.udl.cat\/ca\/\" data-type=\"link\" data-id=\"https:\/\/www.udl.cat\/ca\/\">UdL<\/a> &#8211; Senior Researcher\n<ul class=\"wp-block-list\">\n<li><a href=\"https:\/\/orcid.org\/0000-0002-9069-6448\" data-type=\"link\" data-id=\"https:\/\/orcid.org\/0000-0002-9069-6448\">ORCID<\/a> \/ <a href=\"https:\/\/www.researchgate.net\/profile\/Oleguer-Camerino\" data-type=\"link\" data-id=\"https:\/\/www.researchgate.net\/profile\/Oleguer-Camerino\">ResearchGate<\/a><\/li>\n<\/ul>\n<\/li>\n\n\n\n<li>Dr. Marta Casta\u00f1er Balcells, <a href=\"https:\/\/inefc.gencat.cat\/ca\/inici\">INEFC<\/a>\/<a href=\"https:\/\/www.udl.cat\/ca\/\" data-type=\"link\" data-id=\"https:\/\/www.udl.cat\/ca\/\">UdL<\/a> &#8211; Senior Researcher\n<ul class=\"wp-block-list\">\n<li><a href=\"https:\/\/orcid.org\/0000-0001-7580-3068\" data-type=\"link\" data-id=\"https:\/\/orcid.org\/0000-0001-7580-3068\">ORCID<\/a> \/ <a href=\"https:\/\/www.researchgate.net\/profile\/Marta-Castaner\" data-type=\"link\" data-id=\"https:\/\/www.researchgate.net\/profile\/Marta-Castaner\">ResearchGate<\/a><\/li>\n<\/ul>\n<\/li>\n\n\n\n<li>Dr. Anna Ciraso Cal\u00ed, <a href=\"https:\/\/portalrecerca.uab.cat\/en\/persons\/anna-ciraso-6\" target=\"_blank\" rel=\"noreferrer noopener\">UAB<\/a> &#8211; Junior Researcher\n<ul class=\"wp-block-list\">\n<li><a href=\"https:\/\/orcid.org\/0000-0002-4775-2563\" target=\"_blank\" rel=\"noreferrer noopener\">ORCID<\/a> \/ <a href=\"https:\/\/www.researchgate.net\/profile\/Anna-Ciraso\" target=\"_blank\" rel=\"noreferrer noopener\">ResearchGate<\/a><\/li>\n<\/ul>\n<\/li>\n\n\n\n<li>Dr. Laura Garc\u00eda-Ravid\u00e1, <a href=\"https:\/\/portalrecerca.uab.cat\/es\/persons\/laura-betiana-garc%C3%ADa-ravida\" target=\"_blank\" rel=\"noreferrer noopener\">UAB<\/a> &#8211; Junior Researcher\n<ul class=\"wp-block-list\">\n<li><a href=\"https:\/\/orcid.org\/0000-0002-3404-2829\" target=\"_blank\" rel=\"noreferrer noopener\">ORCID<\/a> \/ <a href=\"https:\/\/www.researchgate.net\/profile\/Laura-Garcia-Ravida\" target=\"_blank\" rel=\"noreferrer noopener\">ResearchGate<\/a><\/li>\n<\/ul>\n<\/li>\n\n\n\n<li>Dr. Jos\u00e9 Lu\u00eds Losada L\u00f3pez, <a href=\"https:\/\/web.ub.edu\/es\/\" data-type=\"link\" data-id=\"https:\/\/web.ub.edu\/es\/\">UB<\/a> &#8211; Senior Researcher\n<ul class=\"wp-block-list\">\n<li><a href=\"https:\/\/orcid.org\/0000-0001-6134-1819\" data-type=\"link\" data-id=\"https:\/\/orcid.org\/0000-0001-6134-1819\">ORCID<\/a> \/ <a href=\"https:\/\/www.researchgate.net\/profile\/Jose-Losada-2\" data-type=\"link\" data-id=\"https:\/\/www.researchgate.net\/profile\/Jose-Losada-2\">ResearchGate<\/a><\/li>\n<\/ul>\n<\/li>\n\n\n\n<li>Dr. J. Reinaldo Mart\u00ednez Fern\u00e1ndez, <a href=\"https:\/\/www.uab.cat\/\" data-type=\"link\" data-id=\"https:\/\/www.uab.cat\/\">UAB<\/a> &#8211; Senior Researcher\n<ul class=\"wp-block-list\">\n<li><a href=\"https:\/\/orcid.org\/0000-0002-1233-7386\" data-type=\"link\" data-id=\"https:\/\/orcid.org\/0000-0002-1233-7386\">ORCID<\/a> \/ <a href=\"https:\/\/www.researchgate.net\/profile\/J-Reinaldo-Martinez-Fernandez\" data-type=\"link\" data-id=\"https:\/\/www.researchgate.net\/profile\/J-Reinaldo-Martinez-Fernandez\">ResearchGate<\/a><\/li>\n<\/ul>\n<\/li>\n\n\n\n<li>Dr. Carla Quesada Pallar\u00e9s, <a href=\"https:\/\/www.uab.cat\/\" data-type=\"link\" data-id=\"https:\/\/www.uab.cat\/\">UAB<\/a> &#8211; Senior Researcher\n<ul class=\"wp-block-list\">\n<li><a href=\"https:\/\/orcid.org\/0000-0002-5997-1536\" data-type=\"link\" data-id=\"https:\/\/orcid.org\/0000-0002-5997-1536\">ORCID<\/a> \/ <a href=\"https:\/\/www.researchgate.net\/profile\/Carla-Quesada\" data-type=\"link\" data-id=\"https:\/\/www.researchgate.net\/profile\/Carla-Quesada\">ResearchGate<\/a><\/li>\n<\/ul>\n<\/li>\n\n\n\n<li>Dr. Carlota Rodr\u00edguez Silva, <a href=\"https:\/\/web.ub.edu\/es\/\" data-type=\"link\" data-id=\"https:\/\/web.ub.edu\/es\/\">UB<\/a>\n<ul class=\"wp-block-list\">\n<li><a href=\"https:\/\/orcid.org\/0000-0002-8507-1232\" data-type=\"link\" data-id=\"https:\/\/orcid.org\/0000-0002-8507-1232\">ORCID<\/a> \/ <a href=\"https:\/\/www.researchgate.net\/profile\/Carlota-Rodriguez-Silva-2\" data-type=\"link\" data-id=\"https:\/\/www.researchgate.net\/profile\/Carlota-Rodriguez-Silva-2\">ResearchGate<\/a><\/li>\n<\/ul>\n<\/li>\n\n\n\n<li>Dr. Helena Roig Ester, <a href=\"https:\/\/euit.fdsll.cat\/\" data-type=\"link\" data-id=\"https:\/\/euit.fdsll.cat\/\">EUIT<\/a>\n<ul class=\"wp-block-list\">\n<li><a href=\"https:\/\/orcid.org\/0000-0002-8642-9478\" data-type=\"link\" data-id=\"https:\/\/orcid.org\/0000-0002-8642-9478\">ORCID<\/a> \/ <a href=\"https:\/\/www.researchgate.net\/profile\/Helena-Roig\" data-type=\"link\" data-id=\"https:\/\/www.researchgate.net\/profile\/Helena-Roig\">ResearchGate<\/a><\/li>\n<\/ul>\n<\/li>\n\n\n\n<li>Dr. Ver\u00f3nica Violant Holz, <a href=\"https:\/\/web.ub.edu\/es\/\" data-type=\"link\" data-id=\"https:\/\/web.ub.edu\/es\/\">UB<\/a> &#8211; Senior Researcher\n<ul class=\"wp-block-list\">\n<li><a href=\"https:\/\/orcid.org\/0000-0003-2464-6845\" data-type=\"link\" data-id=\"https:\/\/orcid.org\/0000-0003-2464-6845\">ORCID<\/a> \/ <a href=\"https:\/\/www.researchgate.net\/profile\/Veronica-Violant\" data-type=\"link\" data-id=\"https:\/\/www.researchgate.net\/profile\/Veronica-Violant\">ResearchGate<\/a><\/li>\n<\/ul>\n<\/li>\n<\/ul>\n\n\n\n<figure class=\"wp-block-image size-large\"><img loading=\"lazy\" decoding=\"async\" width=\"1024\" height=\"481\" src=\"https:\/\/webs.uab.cat\/grid\/wp-content\/uploads\/sites\/476\/2024\/06\/Map_Web-1024x481.png\" alt=\"\" class=\"wp-image-106\" srcset=\"https:\/\/webs.uab.cat\/grid\/wp-content\/uploads\/sites\/476\/2024\/06\/Map_Web-1024x481.png 1024w, https:\/\/webs.uab.cat\/grid\/wp-content\/uploads\/sites\/476\/2024\/06\/Map_Web-300x141.png 300w, https:\/\/webs.uab.cat\/grid\/wp-content\/uploads\/sites\/476\/2024\/06\/Map_Web-768x361.png 768w, https:\/\/webs.uab.cat\/grid\/wp-content\/uploads\/sites\/476\/2024\/06\/Map_Web.png 1192w\" sizes=\"auto, (max-width: 1024px) 100vw, 1024px\" \/><\/figure>\n\n\n\n<h2 class=\"wp-block-heading\">COLLABORATORS<\/h2>\n\n\n\n<ul class=\"wp-block-list\">\n<li>Dr. Shqiponj\u00eb Ahmedi (<a href=\"https:\/\/uah.es\/es\/\" target=\"_blank\" rel=\"noreferrer noopener\">Universidad de Alcal\u00e1<\/a>, Spain)<\/li>\n\n\n\n<li>Dr. Marina Alarc\u00f3n (<a href=\"https:\/\/www.ufro.cl\/\" target=\"_blank\" rel=\"noreferrer noopener\">Universidad de la Frontera<\/a>, Chile)<\/li>\n\n\n\n<li>Dr. Xavier Arana Idiakez (<a href=\"https:\/\/www.unirioja.es\/\" target=\"_blank\" rel=\"noreferrer noopener\">Universidad de La Rioja<\/a>, Spain)<\/li>\n\n\n\n<li>Dr. Antonio Ard\u00e1 Su\u00e1rez (<a href=\"https:\/\/www.udc.es\/\">Universidade Da Coru\u00f1a<\/a>, Spain)<\/li>\n\n\n\n<li>Yasmine Bark (<a href=\"https:\/\/www.uab.cat\/\" target=\"_blank\" rel=\"noreferrer noopener\">Universitat Aut\u00f2noma de Barcelona<\/a>, Spain)<\/li>\n\n\n\n<li>Dr. Haizea Belza Fern\u00e1ndez, (<a data-type=\"link\" data-id=\"https:\/\/www.uab.cat\/\" href=\"https:\/\/www.uab.cat\/\">Eus<\/a><a href=\"https:\/\/www.ehu.eus\/eu\/home\" target=\"_blank\" rel=\"noreferrer noopener\">kal Herriko Unibertsitatea<\/a>, Spain)<\/li>\n\n\n\n<li>Dr. Claudio Alberto Casal Sanjurjo (<a href=\"https:\/\/www.uab.cat\/\" target=\"_blank\" rel=\"noreferrer noopener\">Universidad Cat\u00f3lica de Valencia<\/a>, Spain)<\/li>\n\n\n\n<li>Dr. Marcel Cortada i Esteve (<a href=\"https:\/\/nadocat.org\/\" target=\"_blank\" rel=\"noreferrer noopener\">Nadocat<\/a>, Spain)<\/li>\n\n\n\n<li>Dr. Elena Escolano P\u00e9rez (<a href=\"https:\/\/www.unizar.es\/\" target=\"_blank\" rel=\"noreferrer noopener\">Universidad de Zaragoza<\/a>, Spain)<\/li>\n\n\n\n<li>Tiago Fernandes (<a href=\"https:\/\/www.up.pt\/portal\/pt\/\" target=\"_blank\" rel=\"noreferrer noopener\">Universidade do Porto<\/a>, Portugal)<\/li>\n\n\n\n<li>Dr. Luca del Giaco (<a href=\"https:\/\/www.universitatcarlemany.com\/\" data-type=\"link\" data-id=\"https:\/\/www.universitatcarlemany.com\/\">Universitat Carlemany<\/a>, Andorra)<\/li>\n\n\n\n<li>Jordi Garc\u00eda-Orriols (<a href=\"https:\/\/santnicolau.com\/\" data-type=\"link\" data-id=\"https:\/\/santnicolau.com\/\">Escola Sant Nicolau<\/a>, Spain)<\/li>\n\n\n\n<li>Dr. Gemma Ginovart Galiana (<a href=\"https:\/\/www.hospitalgermanstrias.cat\/\" data-type=\"link\" data-id=\"https:\/\/www.hospitalgermanstrias.cat\/\">Hospital Universitari Germans Trias i Pujol<\/a>, Spain)<\/li>\n\n\n\n<li>Sebasti\u00e1n Guzm\u00e1n Cano (<a href=\"https:\/\/www.uab.cat\/\" target=\"_blank\" rel=\"noreferrer noopener\">Universitat Aut\u00f2noma de Barcelona<\/a>, Spain)<\/li>\n\n\n\n<li>Dr. Ra\u00fal Hileno Gonz\u00e1lez, (<a href=\"https:\/\/www.uab.cat\/\" target=\"_blank\" rel=\"noreferrer noopener\">Universitat de Lleida<\/a>, Spain)<\/li>\n\n\n\n<li>Dr. Iy\u00e1n Iv\u00e1n-Baraga\u00f1o (<a href=\"https:\/\/universidadeuropea.com\/conocenos\/madrid\/\" target=\"_blank\" rel=\"noreferrer noopener\">Universidad Europea de Madrid<\/a>, Spain)<\/li>\n\n\n\n<li>Dr. Gudberg Jonsson (<a href=\"https:\/\/english.hi.is\/university_of_iceland\" target=\"_blank\" rel=\"noreferrer noopener\">University of Iceland<\/a>, Iceland)<\/li>\n\n\n\n<li>Dr. Daniel Lapresa Ajamil (<a href=\"https:\/\/www.unirioja.es\/\" target=\"_blank\" rel=\"noreferrer noopener\">Universidad de La Rioja<\/a>, Spain)<\/li>\n\n\n\n<li>Dr. Rub\u00e9n Maneiro Dios (<a href=\"https:\/\/www.uvigo.gal\/es\" target=\"_blank\" rel=\"noreferrer noopener\">Universidade de Vigo<\/a>, Spain)<\/li>\n\n\n\n<li>Sarah Mu\u00f1oz Violant (<a href=\"https:\/\/www.ubc.ca\/\" target=\"_blank\" rel=\"noreferrer noopener\">The University of British Columbia<\/a>, Canada)<\/li>\n\n\n\n<li>Dr. Anthony Onwuegbuzie (<a href=\"https:\/\/www.uj.ac.za\/\" target=\"_blank\" rel=\"noreferrer noopener\">University of Johannesburg<\/a>, South Africa)<\/li>\n\n\n\n<li>Dr. Josep Perapoch L\u00f3pez (<a href=\"https:\/\/icsgirona.cat\/ca\/hospitaltrueta\" target=\"_blank\" rel=\"noreferrer noopener\">Hospital Universitari de Girona Dr. Josep Trueta<\/a>, Spain)<\/li>\n\n\n\n<li>Dr. Mar\u00eda Preciado (<a href=\"https:\/\/www.universidadviu.com\/es\/\" target=\"_blank\" rel=\"noreferrer noopener\">Universidad Internacional de Valencia<\/a>, Spain)<\/li>\n\n\n\n<li>Laura Pujol Gim\u00e9nez (<a href=\"https:\/\/www.us.es\/\">Universidad de Sevilla<\/a>, Spain)<\/li>\n\n\n\n<li>Dr. Isabel Riudaura Pastor (<a href=\"https:\/\/ics.gencat.cat\/ca\/inici\" target=\"_blank\" rel=\"noreferrer noopener\">Institut Catal\u00e0 de la Salut<\/a>, Spain<\/li>\n\n\n\n<li>Dr. Manuel J. Rodr\u00edguez Allu\u00e9 (<a href=\"https:\/\/web.ub.edu\/es\/\" target=\"_blank\" rel=\"noreferrer noopener\">Universitat de Barcelona<\/a>, Spain)<\/li>\n\n\n\n<li>Elisa Roman\u00ed (<a href=\"https:\/\/www.ucv.edu.pe\/\" target=\"_blank\" rel=\"noreferrer noopener\">Universidad Cesar Vallejo<\/a>, Peru)<\/li>\n\n\n\n<li>Dr. Pedro S\u00e1nchez-Algarra (<a href=\"https:\/\/web.ub.edu\/es\/\" target=\"_blank\" rel=\"noreferrer noopener\">Universitat de Barcelona<\/a>, Spain)<\/li>\n\n\n\n<li>Dr. Carmen Rosa S\u00e1nchez L\u00f3pez (<a href=\"https:\/\/www.ull.es\/\" target=\"_blank\" rel=\"noreferrer noopener\">Universidad de La Laguna<\/a>, Spain)<\/li>\n\n\n\n<li>Dr. Alberto Soto-Fern\u00e1ndez (<a href=\"https:\/\/www.magnolia-cms.com\/\" target=\"_blank\" rel=\"noreferrer noopener\">Magnolia International<\/a>, Switzerland)<\/li>\n\n\n\n<li>Dr. H\u00e9ctor Tronchoni (<a href=\"https:\/\/www.uv.es\/\" target=\"_blank\" rel=\"noreferrer noopener\">Universitat de Val\u00e8ncia<\/a>, Spain)<\/li>\n\n\n\n<li>Dr. Antonio Vega-Mart\u00ednez (<a href=\"https:\/\/www.uab.cat\/\" target=\"_blank\" rel=\"noreferrer noopener\">Universitat Aut\u00f2noma de Barcelona<\/a>, Spain)<\/li>\n<\/ul>\n\n\n\n<p><\/p>\n","protected":false},"excerpt":{"rendered":"<p>AFFILIATED MEMBERS COLLABORATORS<\/p>\n","protected":false},"author":2908,"featured_media":0,"parent":0,"menu_order":2,"comment_status":"closed","ping_status":"closed","template":"","meta":{"footnotes":""},"class_list":["post-40","page","type-page","status-publish","hentry"],"yoast_head":"<!-- This site is optimized with the Yoast SEO plugin v26.8 - https:\/\/yoast.com\/product\/yoast-seo-wordpress\/ -->\n<title>RESEARCHERS - GRID<\/title>\n<meta name=\"robots\" content=\"index, follow, max-snippet:-1, max-image-preview:large, max-video-preview:-1\" \/>\n<link rel=\"canonical\" href=\"https:\/\/webs.uab.cat\/grid\/researchers\/\" \/>\n<meta property=\"og:locale\" content=\"ca_ES\" \/>\n<meta property=\"og:type\" content=\"article\" \/>\n<meta property=\"og:title\" content=\"RESEARCHERS - GRID\" \/>\n<meta property=\"og:description\" content=\"AFFILIATED MEMBERS COLLABORATORS\" \/>\n<meta property=\"og:url\" content=\"https:\/\/webs.uab.cat\/grid\/researchers\/\" \/>\n<meta property=\"og:site_name\" content=\"GRID\" \/>\n<meta property=\"article:modified_time\" content=\"2025-07-28T15:34:58+00:00\" \/>\n<meta property=\"og:image\" content=\"https:\/\/webs.uab.cat\/grid\/wp-content\/uploads\/sites\/476\/2025\/07\/mosaic-grid-scaled.jpg\" \/>\n\t<meta property=\"og:image:width\" content=\"2560\" \/>\n\t<meta property=\"og:image:height\" content=\"745\" \/>\n\t<meta property=\"og:image:type\" content=\"image\/jpeg\" \/>\n<meta name=\"twitter:card\" content=\"summary_large_image\" \/>\n<meta name=\"twitter:label1\" content=\"Temps estimat de lectura\" \/>\n\t<meta name=\"twitter:data1\" content=\"3 minuts\" \/>\n<script type=\"application\/ld+json\" class=\"yoast-schema-graph\">{\"@context\":\"https:\/\/schema.org\",\"@graph\":[{\"@type\":\"WebPage\",\"@id\":\"https:\/\/webs.uab.cat\/grid\/researchers\/\",\"url\":\"https:\/\/webs.uab.cat\/grid\/researchers\/\",\"name\":\"RESEARCHERS - GRID\",\"isPartOf\":{\"@id\":\"https:\/\/webs.uab.cat\/grid\/#website\"},\"primaryImageOfPage\":{\"@id\":\"https:\/\/webs.uab.cat\/grid\/researchers\/#primaryimage\"},\"image\":{\"@id\":\"https:\/\/webs.uab.cat\/grid\/researchers\/#primaryimage\"},\"thumbnailUrl\":\"https:\/\/webs.uab.cat\/grid\/wp-content\/uploads\/sites\/476\/2025\/07\/mosaic-grid-1024x298.jpg\",\"datePublished\":\"2024-05-29T11:17:30+00:00\",\"dateModified\":\"2025-07-28T15:34:58+00:00\",\"breadcrumb\":{\"@id\":\"https:\/\/webs.uab.cat\/grid\/researchers\/#breadcrumb\"},\"inLanguage\":\"ca\",\"potentialAction\":[{\"@type\":\"ReadAction\",\"target\":[\"https:\/\/webs.uab.cat\/grid\/researchers\/\"]}]},{\"@type\":\"ImageObject\",\"inLanguage\":\"ca\",\"@id\":\"https:\/\/webs.uab.cat\/grid\/researchers\/#primaryimage\",\"url\":\"https:\/\/webs.uab.cat\/grid\/wp-content\/uploads\/sites\/476\/2025\/07\/mosaic-grid-scaled.jpg\",\"contentUrl\":\"https:\/\/webs.uab.cat\/grid\/wp-content\/uploads\/sites\/476\/2025\/07\/mosaic-grid-scaled.jpg\",\"width\":2560,\"height\":745},{\"@type\":\"BreadcrumbList\",\"@id\":\"https:\/\/webs.uab.cat\/grid\/researchers\/#breadcrumb\",\"itemListElement\":[{\"@type\":\"ListItem\",\"position\":1,\"name\":\"Inici\",\"item\":\"https:\/\/webs.uab.cat\/grid\/\"},{\"@type\":\"ListItem\",\"position\":2,\"name\":\"RESEARCHERS\"}]},{\"@type\":\"WebSite\",\"@id\":\"https:\/\/webs.uab.cat\/grid\/#website\",\"url\":\"https:\/\/webs.uab.cat\/grid\/\",\"name\":\"GRID\",\"description\":\"\",\"potentialAction\":[{\"@type\":\"SearchAction\",\"target\":{\"@type\":\"EntryPoint\",\"urlTemplate\":\"https:\/\/webs.uab.cat\/grid\/?s={search_term_string}\"},\"query-input\":{\"@type\":\"PropertyValueSpecification\",\"valueRequired\":true,\"valueName\":\"search_term_string\"}}],\"inLanguage\":\"ca\"}]}<\/script>\n<!-- \/ Yoast SEO plugin. -->","yoast_head_json":{"title":"RESEARCHERS - GRID","robots":{"index":"index","follow":"follow","max-snippet":"max-snippet:-1","max-image-preview":"max-image-preview:large","max-video-preview":"max-video-preview:-1"},"canonical":"https:\/\/webs.uab.cat\/grid\/researchers\/","og_locale":"ca_ES","og_type":"article","og_title":"RESEARCHERS - GRID","og_description":"AFFILIATED MEMBERS COLLABORATORS","og_url":"https:\/\/webs.uab.cat\/grid\/researchers\/","og_site_name":"GRID","article_modified_time":"2025-07-28T15:34:58+00:00","og_image":[{"width":2560,"height":745,"url":"https:\/\/webs.uab.cat\/grid\/wp-content\/uploads\/sites\/476\/2025\/07\/mosaic-grid-scaled.jpg","type":"image\/jpeg"}],"twitter_card":"summary_large_image","twitter_misc":{"Temps estimat de lectura":"3 minuts"},"schema":{"@context":"https:\/\/schema.org","@graph":[{"@type":"WebPage","@id":"https:\/\/webs.uab.cat\/grid\/researchers\/","url":"https:\/\/webs.uab.cat\/grid\/researchers\/","name":"RESEARCHERS - GRID","isPartOf":{"@id":"https:\/\/webs.uab.cat\/grid\/#website"},"primaryImageOfPage":{"@id":"https:\/\/webs.uab.cat\/grid\/researchers\/#primaryimage"},"image":{"@id":"https:\/\/webs.uab.cat\/grid\/researchers\/#primaryimage"},"thumbnailUrl":"https:\/\/webs.uab.cat\/grid\/wp-content\/uploads\/sites\/476\/2025\/07\/mosaic-grid-1024x298.jpg","datePublished":"2024-05-29T11:17:30+00:00","dateModified":"2025-07-28T15:34:58+00:00","breadcrumb":{"@id":"https:\/\/webs.uab.cat\/grid\/researchers\/#breadcrumb"},"inLanguage":"ca","potentialAction":[{"@type":"ReadAction","target":["https:\/\/webs.uab.cat\/grid\/researchers\/"]}]},{"@type":"ImageObject","inLanguage":"ca","@id":"https:\/\/webs.uab.cat\/grid\/researchers\/#primaryimage","url":"https:\/\/webs.uab.cat\/grid\/wp-content\/uploads\/sites\/476\/2025\/07\/mosaic-grid-scaled.jpg","contentUrl":"https:\/\/webs.uab.cat\/grid\/wp-content\/uploads\/sites\/476\/2025\/07\/mosaic-grid-scaled.jpg","width":2560,"height":745},{"@type":"BreadcrumbList","@id":"https:\/\/webs.uab.cat\/grid\/researchers\/#breadcrumb","itemListElement":[{"@type":"ListItem","position":1,"name":"Inici","item":"https:\/\/webs.uab.cat\/grid\/"},{"@type":"ListItem","position":2,"name":"RESEARCHERS"}]},{"@type":"WebSite","@id":"https:\/\/webs.uab.cat\/grid\/#website","url":"https:\/\/webs.uab.cat\/grid\/","name":"GRID","description":"","potentialAction":[{"@type":"SearchAction","target":{"@type":"EntryPoint","urlTemplate":"https:\/\/webs.uab.cat\/grid\/?s={search_term_string}"},"query-input":{"@type":"PropertyValueSpecification","valueRequired":true,"valueName":"search_term_string"}}],"inLanguage":"ca"}]}},"_links":{"self":[{"href":"https:\/\/webs.uab.cat\/grid\/wp-json\/wp\/v2\/pages\/40","targetHints":{"allow":["GET"]}}],"collection":[{"href":"https:\/\/webs.uab.cat\/grid\/wp-json\/wp\/v2\/pages"}],"about":[{"href":"https:\/\/webs.uab.cat\/grid\/wp-json\/wp\/v2\/types\/page"}],"author":[{"embeddable":true,"href":"https:\/\/webs.uab.cat\/grid\/wp-json\/wp\/v2\/users\/2908"}],"replies":[{"embeddable":true,"href":"https:\/\/webs.uab.cat\/grid\/wp-json\/wp\/v2\/comments?post=40"}],"version-history":[{"count":31,"href":"https:\/\/webs.uab.cat\/grid\/wp-json\/wp\/v2\/pages\/40\/revisions"}],"predecessor-version":[{"id":696,"href":"https:\/\/webs.uab.cat\/grid\/wp-json\/wp\/v2\/pages\/40\/revisions\/696"}],"wp:attachment":[{"href":"https:\/\/webs.uab.cat\/grid\/wp-json\/wp\/v2\/media?parent=40"}],"curies":[{"name":"wp","href":"https:\/\/api.w.org\/{rel}","templated":true}]}}