{"id":29,"date":"2023-07-25T18:55:37","date_gmt":"2023-07-25T16:55:37","guid":{"rendered":"https:\/\/webs.uab.cat\/grivis\/?page_id=29"},"modified":"2023-07-25T19:10:05","modified_gmt":"2023-07-25T17:10:05","slug":"valors","status":"publish","type":"page","link":"https:\/\/webs.uab.cat\/grivis\/valors\/","title":{"rendered":"VALORS"},"content":{"rendered":"\n<p>1. Comprom\u00eds social<\/p>\n\n\n\n<p>2. Qualitat de la producci\u00f3 cient\u00edfica<\/p>\n\n\n\n<p>3. Seguretat en les intervencions<\/p>\n\n\n\n<p>4. Respecte dels principis \u00e8tics<\/p>\n\n\n\n<p>5. Sostenibilitat i respecte del medi ambient<\/p>\n\n\n\n<p>6. Respecte davant la diversitat<\/p>\n\n\n\n<p>7. Transpar\u00e8ncia i horitzontalitat en la governan\u00e7a<\/p>\n\n\n\n<p>8. Treball col\u00b7laboratiu<\/p>\n\n\n\n<p>9. Transpar\u00e8ncia i bon govern corporatiu<\/p>\n\n\n\n<p>10. Innovaci\u00f3<\/p>\n","protected":false},"excerpt":{"rendered":"<p>1. Comprom\u00eds social 2. Qualitat de la producci\u00f3 cient\u00edfica 3. Seguretat en les intervencions 4. Respecte dels principis \u00e8tics 5. Sostenibilitat i respecte del medi ambient 6. Respecte davant la diversitat 7. Transpar\u00e8ncia i horitzontalitat en la governan\u00e7a 8. Treball col\u00b7laboratiu 9. Transpar\u00e8ncia i bon govern corporatiu 10. Innovaci\u00f3<\/p>\n","protected":false},"author":1530,"featured_media":0,"parent":0,"menu_order":0,"comment_status":"closed","ping_status":"closed","template":"","meta":{"footnotes":""},"class_list":["post-29","page","type-page","status-publish","hentry"],"_links":{"self":[{"href":"https:\/\/webs.uab.cat\/grivis\/wp-json\/wp\/v2\/pages\/29","targetHints":{"allow":["GET"]}}],"collection":[{"href":"https:\/\/webs.uab.cat\/grivis\/wp-json\/wp\/v2\/pages"}],"about":[{"href":"https:\/\/webs.uab.cat\/grivis\/wp-json\/wp\/v2\/types\/page"}],"author":[{"embeddable":true,"href":"https:\/\/webs.uab.cat\/grivis\/wp-json\/wp\/v2\/users\/1530"}],"replies":[{"embeddable":true,"href":"https:\/\/webs.uab.cat\/grivis\/wp-json\/wp\/v2\/comments?post=29"}],"version-history":[{"count":2,"href":"https:\/\/webs.uab.cat\/grivis\/wp-json\/wp\/v2\/pages\/29\/revisions"}],"predecessor-version":[{"id":63,"href":"https:\/\/webs.uab.cat\/grivis\/wp-json\/wp\/v2\/pages\/29\/revisions\/63"}],"wp:attachment":[{"href":"https:\/\/webs.uab.cat\/grivis\/wp-json\/wp\/v2\/media?parent=29"}],"curies":[{"name":"wp","href":"https:\/\/api.w.org\/{rel}","templated":true}]}}