{"id":497,"date":"2018-11-23T19:42:24","date_gmt":"2018-11-23T17:42:24","guid":{"rendered":"https:\/\/webs.uab.cat\/gsadi\/biblio\/la-teoria-critica-de-frankfurt-habermas-una-traduccion-de-la-teoria-de-la-accion\/"},"modified":"2018-11-23T19:42:24","modified_gmt":"2018-11-23T17:42:24","slug":"la-teoria-critica-de-frankfurt-habermas-una-traduccion-de-la-teoria-de-la-accion","status":"publish","type":"biblio","link":"https:\/\/webs.uab.cat\/gsadi\/biblio\/la-teoria-critica-de-frankfurt-habermas-una-traduccion-de-la-teoria-de-la-accion\/","title":{"rendered":"La Teor\u00eda Cr\u00edtica: de Frankfurt a Habermas. Una &#8220;traducci\u00f3n&#8221; de la teor\u00eda de la acci\u00f3n comunicativa a la sociolog\u00eda"},"content":{"rendered":"","protected":false},"excerpt":{"rendered":"","protected":false},"author":20,"featured_media":0,"template":"","class_list":["post-497","biblio","type-biblio","status-publish","hentry"],"_links":{"self":[{"href":"https:\/\/webs.uab.cat\/gsadi\/wp-json\/wp\/v2\/biblio\/497","targetHints":{"allow":["GET"]}}],"collection":[{"href":"https:\/\/webs.uab.cat\/gsadi\/wp-json\/wp\/v2\/biblio"}],"about":[{"href":"https:\/\/webs.uab.cat\/gsadi\/wp-json\/wp\/v2\/types\/biblio"}],"author":[{"embeddable":true,"href":"https:\/\/webs.uab.cat\/gsadi\/wp-json\/wp\/v2\/users\/20"}],"wp:attachment":[{"href":"https:\/\/webs.uab.cat\/gsadi\/wp-json\/wp\/v2\/media?parent=497"}],"curies":[{"name":"wp","href":"https:\/\/api.w.org\/{rel}","templated":true}]}}

La Teoría Crítica: de Frankfurt a Habermas. Una &#8220;traducción&#8221; de la teoría de la acción comunicativa a la sociología
