{"id":1087,"date":"2022-10-27T11:32:19","date_gmt":"2022-10-27T09:32:19","guid":{"rendered":"https:\/\/webs.uab.cat\/gsadi\/?page_id=1087"},"modified":"2022-10-27T11:32:19","modified_gmt":"2022-10-27T09:32:19","slug":"professional-internship-students-2","status":"publish","type":"page","link":"https:\/\/webs.uab.cat\/gsadi\/professional-internship-students-2\/","title":{"rendered":"Professional Internship Students"},"content":{"rendered":"\n<figure class=\"wp-block-table\"><table><tbody><tr><td><strong>Period<\/strong><\/td><td><strong>Internship students<\/strong><\/td><\/tr><tr><td>2020-2021<\/td><td>\u00c0lvaro de Ochoa M\u00fa\u00f1oz (CC.Pol\u00edtiques i Sociologia)<\/td><\/tr><tr><td><\/td><td><\/td><\/tr><\/tbody><\/table><\/figure>\n","protected":false},"excerpt":{"rendered":"<p>Period Internship students 2020-2021 \u00c0lvaro de Ochoa M\u00fa\u00f1oz (CC.Pol\u00edtiques i Sociologia)<\/p>\n","protected":false},"author":20,"featured_media":0,"parent":0,"menu_order":0,"comment_status":"closed","ping_status":"closed","template":"","meta":{"footnotes":""},"class_list":["post-1087","page","type-page","status-publish","hentry"],"_links":{"self":[{"href":"https:\/\/webs.uab.cat\/gsadi\/wp-json\/wp\/v2\/pages\/1087","targetHints":{"allow":["GET"]}}],"collection":[{"href":"https:\/\/webs.uab.cat\/gsadi\/wp-json\/wp\/v2\/pages"}],"about":[{"href":"https:\/\/webs.uab.cat\/gsadi\/wp-json\/wp\/v2\/types\/page"}],"author":[{"embeddable":true,"href":"https:\/\/webs.uab.cat\/gsadi\/wp-json\/wp\/v2\/users\/20"}],"replies":[{"embeddable":true,"href":"https:\/\/webs.uab.cat\/gsadi\/wp-json\/wp\/v2\/comments?post=1087"}],"version-history":[{"count":1,"href":"https:\/\/webs.uab.cat\/gsadi\/wp-json\/wp\/v2\/pages\/1087\/revisions"}],"predecessor-version":[{"id":1088,"href":"https:\/\/webs.uab.cat\/gsadi\/wp-json\/wp\/v2\/pages\/1087\/revisions\/1088"}],"wp:attachment":[{"href":"https:\/\/webs.uab.cat\/gsadi\/wp-json\/wp\/v2\/media?parent=1087"}],"curies":[{"name":"wp","href":"https:\/\/api.w.org\/{rel}","templated":true}]}}