{"id":1263,"date":"2025-07-17T12:08:33","date_gmt":"2025-07-17T10:08:33","guid":{"rendered":"https:\/\/webs.uab.cat\/gtnam\/?page_id=1263"},"modified":"2025-07-17T15:36:52","modified_gmt":"2025-07-17T13:36:52","slug":"research-projects","status":"publish","type":"page","link":"https:\/\/webs.uab.cat\/gtnam\/research\/research-projects\/","title":{"rendered":"Research Projects"},"content":{"rendered":"\n<p class=\"has-text-align-left has-small-font-size\"><\/p>\n\n\n\n<h2 class=\"wp-block-heading\">Research projects in progress<\/h2>\n\n\n\n<p class=\"has-text-align-left has-small-font-size\"><br><strong>New FUnctionalities through Structural Engineering and understanding of ultrastable  GLASSes (FUSE-Glass)<\/strong> <a href=\"https:\/\/webs.uab.cat\/gtnam\/new-functionalities-through-structural-engineering-and-understanding-of-ultrastable-glasses-fuse-glass\/\" data-type=\"page\" data-id=\"1288\">More<\/a><\/p>\n\n\n\n<ul class=\"wp-block-list\">\n<li>Funding agency: Agencia Estatal de Investigaci\u00f3n (Ministerio de ciencia, innovaci\u00f3n y Universidades, Gobierno de Espa\u00f1a). Ref. PID2023-147645NB-I00<\/li>\n\n\n\n<li>Awarded amount: 187.5 k\u20ac<\/li>\n\n\n\n<li>Project duration: 3 years (2024-2027)<\/li>\n\n\n\n<li>Principal investigator: Dr. M. Gonzalez-Silveira<br><\/li>\n<\/ul>\n\n\n\n<p><strong>Efficient thermaL managEMENT and hAvesting using low dimensional\u00a0materiaLs<\/strong> <strong>(ELEMENTAL) <\/strong> <\/p>\n\n\n\n<ul class=\"wp-block-list\">\n<li>Funding agency: Agencia Estatal de Investigaci\u00f3n (Ministerio de ciencia, innovaci\u00f3n y Universidades, Gobierno de Espa\u00f1a). Ref. PID2023-XXXXXXX<\/li>\n\n\n\n<li>Awarded amount: XXXX k\u20ac<\/li>\n\n\n\n<li>Project duration: 3 years (2024-2027)<\/li>\n\n\n\n<li>Principal investigator: Dr. M. Sledzinska &amp; Dr. A. Lopeand\u00eda-Fernandez<br><\/li>\n<\/ul>\n\n\n\n<p><strong>Wearable thermoelectric-based device for apnea monitoring<\/strong><\/p>\n\n\n\n<ul class=\"wp-block-list\">\n<li>Funding agency: Agencia Estatal de Investigaci\u00f3n. Proyectos prueba de concepto (Ministerio de ciencia, innovaci\u00f3n y Universidades, Gobierno de Espa\u00f1a). Ref. PDC2023-145878-I00<\/li>\n\n\n\n<li>Awarded amount: 219.19 k\u20ac<\/li>\n\n\n\n<li>Project duration: 1 year (2024-2025)<\/li>\n\n\n\n<li>Principal investigator: Prof. Dr. Javier Rodr\u00edguez-Viejo<br><\/li>\n<\/ul>\n\n\n\n<p><strong>Local dielectric spectroscopy for understanding the glass transition in stable glasses<\/strong><\/p>\n\n\n\n<ul class=\"wp-block-list\">\n<li>Funding agency: Universitat Aut\u00f2noma de Barcelona. Projectes pre-competitius. Ref. PD619770<\/li>\n\n\n\n<li>Awarded amount: 9 k\u20ac<\/li>\n\n\n\n<li>Project duration: 1 year (2024-2025)<\/li>\n\n\n\n<li>Principal investigator: Dr. M. Gonzalez-Silveira<br><\/li>\n<\/ul>\n\n\n\n<p><strong>PYROelectric free-standing Membranes for THermal Energy Recovery (PYROMETHER)<\/strong><\/p>\n\n\n\n<ul class=\"wp-block-list\">\n<li>Funding agency: Agencia Estatal de Investigaci\u00f3n. Proyectos prueba de concepto (Ministerio de ciencia, innovaci\u00f3n y Universidades, Gobierno de Espa\u00f1a). Ref.  TED2021-131363B-I00<\/li>\n\n\n\n<li>Awarded amount: 207 k\u20ac<\/li>\n\n\n\n<li>Project duration: 2 years (2022-2024)<\/li>\n\n\n\n<li>Principal investigator: Prof. Dr. J. Rodr\u00edguez Viejo &amp; Prof. Dr. G. Catal\u00e0<br><\/li>\n<\/ul>\n\n\n\n<h2 class=\"wp-block-heading\">Finished research projects<\/h2>\n\n\n\n<p><br><strong>Nuevas estrategias de optimizaci\u00f3n termoel\u00e9ctrica (ATTHENOS) <\/strong><a href=\"https:\/\/webs.uab.cat\/gtnam\/nuevas-estrategias-de-optimizacion-termoelectrica-atthenos\/\" data-type=\"page\" data-id=\"1275\"> <\/a><a href=\"https:\/\/webs.uab.cat\/gtnam\/nuevas-estrategias-de-optimizacion-termoelectrica-atthenos\/\" data-type=\"page\" data-id=\"1275\">More <\/a><\/p>\n\n\n\n<ul class=\"wp-block-list\">\n<li>Funding agency: Agencia Estatal de Investigaci\u00f3n. Proyectos prueba de concepto (Ministerio de ciencia, innovaci\u00f3n y Universidades, Gobierno de Espa\u00f1a). Ref.  PID2020-117409RB-I00<\/li>\n\n\n\n<li>Awarded amount: 152 k\u20ac<\/li>\n\n\n\n<li>Project duration: 3 years (2021-2024)<\/li>\n\n\n\n<li>Principal investigator: Prof. Dr. J. Rodr\u00edguez Viejo<br><\/li>\n<\/ul>\n\n\n\n<p><\/p>\n\n\n\n<p><\/p>\n\n\n\n<p><\/p>\n","protected":false},"excerpt":{"rendered":"<p>Research projects in progress New FUnctionalities through Structural Engineering and understanding of ultrastable GLASSes (FUSE-Glass) More Efficient thermaL managEMENT and hAvesting using low dimensional\u00a0materiaLs (ELEMENTAL) Wearable thermoelectric-based device for apnea monitoring Local dielectric spectroscopy for understanding the glass transition in stable glasses PYROelectric free-standing Membranes for THermal Energy Recovery (PYROMETHER) Finished research projects Nuevas estrategias [&hellip;]<\/p>\n","protected":false},"author":1817,"featured_media":0,"parent":158,"menu_order":0,"comment_status":"closed","ping_status":"closed","template":"","meta":{"footnotes":""},"class_list":["post-1263","page","type-page","status-publish","hentry"],"_links":{"self":[{"href":"https:\/\/webs.uab.cat\/gtnam\/wp-json\/wp\/v2\/pages\/1263","targetHints":{"allow":["GET"]}}],"collection":[{"href":"https:\/\/webs.uab.cat\/gtnam\/wp-json\/wp\/v2\/pages"}],"about":[{"href":"https:\/\/webs.uab.cat\/gtnam\/wp-json\/wp\/v2\/types\/page"}],"author":[{"embeddable":true,"href":"https:\/\/webs.uab.cat\/gtnam\/wp-json\/wp\/v2\/users\/1817"}],"replies":[{"embeddable":true,"href":"https:\/\/webs.uab.cat\/gtnam\/wp-json\/wp\/v2\/comments?post=1263"}],"version-history":[{"count":11,"href":"https:\/\/webs.uab.cat\/gtnam\/wp-json\/wp\/v2\/pages\/1263\/revisions"}],"predecessor-version":[{"id":1295,"href":"https:\/\/webs.uab.cat\/gtnam\/wp-json\/wp\/v2\/pages\/1263\/revisions\/1295"}],"up":[{"embeddable":true,"href":"https:\/\/webs.uab.cat\/gtnam\/wp-json\/wp\/v2\/pages\/158"}],"wp:attachment":[{"href":"https:\/\/webs.uab.cat\/gtnam\/wp-json\/wp\/v2\/media?parent=1263"}],"curies":[{"name":"wp","href":"https:\/\/api.w.org\/{rel}","templated":true}]}}