{"id":292,"date":"2011-07-06T08:57:23","date_gmt":"2011-07-06T08:57:23","guid":{"rendered":"https:\/\/webs.uab.cat\/gts\/inici2\/"},"modified":"2026-02-25T15:14:13","modified_gmt":"2026-02-25T13:14:13","slug":"inici2","status":"publish","type":"page","link":"https:\/\/webs.uab.cat\/gts\/","title":{"rendered":"Inici"},"content":{"rendered":"\n<h2 class=\"wp-block-heading alignwide\">G T S | Presentaci\u00f3<\/h2>\n\n\n\n<div class=\"wp-block-media-text alignwide is-stacked-on-mobile\" style=\"grid-template-columns:30% auto\"><figure class=\"wp-block-media-text__media\"><img loading=\"lazy\" decoding=\"async\" width=\"724\" height=\"1024\" src=\"https:\/\/webs.uab.cat\/gts\/wp-content\/uploads\/sites\/61\/2026\/02\/Bombeta-2026-724x1024.jpg\" alt=\"\" class=\"wp-image-2533 size-full\" srcset=\"https:\/\/webs.uab.cat\/gts\/wp-content\/uploads\/sites\/61\/2026\/02\/Bombeta-2026-724x1024.jpg 724w, https:\/\/webs.uab.cat\/gts\/wp-content\/uploads\/sites\/61\/2026\/02\/Bombeta-2026-212x300.jpg 212w, https:\/\/webs.uab.cat\/gts\/wp-content\/uploads\/sites\/61\/2026\/02\/Bombeta-2026-768x1086.jpg 768w, https:\/\/webs.uab.cat\/gts\/wp-content\/uploads\/sites\/61\/2026\/02\/Bombeta-2026-1086x1536.jpg 1086w, https:\/\/webs.uab.cat\/gts\/wp-content\/uploads\/sites\/61\/2026\/02\/Bombeta-2026-1448x2048.jpg 1448w, https:\/\/webs.uab.cat\/gts\/wp-content\/uploads\/sites\/61\/2026\/02\/Bombeta-2026-1200x1697.jpg 1200w, https:\/\/webs.uab.cat\/gts\/wp-content\/uploads\/sites\/61\/2026\/02\/Bombeta-2026-1980x2800.jpg 1980w, https:\/\/webs.uab.cat\/gts\/wp-content\/uploads\/sites\/61\/2026\/02\/Bombeta-2026-scaled.jpg 1810w\" sizes=\"auto, (max-width: 724px) 100vw, 724px\" \/><\/figure><div class=\"wp-block-media-text__content\">\n<p class=\"has-text-align-center\">El <strong>Centre Grup de T\u00e8cniques de Separaci\u00f3 en Qu\u00edmica, GTS<\/strong>, \u00e9s un &#8220;Grup Consolidat de Recerca de Qualitat&#8221; des de 1993. El Centre GTS ha desenvolupat la seva activitat durant els \u00faltims 30&nbsp;anys en aspectes b\u00e0sics i aplicats en ci\u00e8ncia i tecnologia de separacions.<\/p>\n\n\n\n<p class=\"has-text-align-center\">La recerca del Centre GTS es centra en el <strong>disseny<\/strong> i<strong> desenvolupament<\/strong> de noves t\u00e8cniques de separaci\u00f3 aix\u00ed com de la millora de les que ja existeixen, aplicant-les a gran varietat de situacions que inclouen: recerca mediambiental, aplicacions biom\u00e8diques i agroaliment\u00e0ries i processos anal\u00edtics.<\/p>\n\n\n\n<p class=\"has-text-align-center\">L&#8217;activitat de GTS inclou, el desenvolupament de<strong> projectes, consultoria, assessorament i servei al client en temes concrets<\/strong>. El suport econ\u00f2mic per al desenvolupament d&#8217;aquestes activitats l&#8217;aporten programes de recerca nacionals i europeus aix\u00ed com convenis amb <strong>organismes i companyies p\u00fabliques i privades<\/strong>. Destacar la col\u00b7laboraci\u00f3 internacional del Centre GTS amb grups de recerca <strong>d&#8217;Europa, USA i Xina<\/strong> amb finalitats espec\u00edfiques de <strong>R+D+i<\/strong> aix\u00ed com <strong>acad\u00e8miques<\/strong>.<\/p>\n\n\n\n<p class=\"has-text-align-center\">El Centre GTS segueix les directrius&nbsp;Norma de Qualitat Internacional ISO 9001:2015.<\/p>\n<\/div><\/div>\n\n\n\n<h2 class=\"wp-block-heading alignwide\"><br>Xarxes socials<\/h2>\n\n\n\n<div class=\"wp-block-columns alignwide is-layout-flex wp-container-core-columns-is-layout-9d6595d7 wp-block-columns-is-layout-flex\">\n<div class=\"wp-block-column is-vertically-aligned-center is-layout-flow wp-block-column-is-layout-flow\">\n<figure class=\"wp-block-image size-full is-resized\"><a href=\"https:\/\/www.youtube.com\/watch?v=7GOYRJN7470&amp;t=9s\" target=\"_blank\" rel=\" noreferrer noopener\"><img loading=\"lazy\" decoding=\"async\" width=\"1628\" height=\"2044\" src=\"https:\/\/webs.uab.cat\/gts\/wp-content\/uploads\/sites\/61\/2025\/10\/GTS-Youtube.jpg\" alt=\"\" class=\"wp-image-2290\" style=\"width:204px;height:auto\" srcset=\"https:\/\/webs.uab.cat\/gts\/wp-content\/uploads\/sites\/61\/2025\/10\/GTS-Youtube.jpg 1628w, https:\/\/webs.uab.cat\/gts\/wp-content\/uploads\/sites\/61\/2025\/10\/GTS-Youtube-239x300.jpg 239w, https:\/\/webs.uab.cat\/gts\/wp-content\/uploads\/sites\/61\/2025\/10\/GTS-Youtube-816x1024.jpg 816w, https:\/\/webs.uab.cat\/gts\/wp-content\/uploads\/sites\/61\/2025\/10\/GTS-Youtube-768x964.jpg 768w, https:\/\/webs.uab.cat\/gts\/wp-content\/uploads\/sites\/61\/2025\/10\/GTS-Youtube-1223x1536.jpg 1223w, https:\/\/webs.uab.cat\/gts\/wp-content\/uploads\/sites\/61\/2025\/10\/GTS-Youtube-1200x1507.jpg 1200w\" sizes=\"auto, (max-width: 1628px) 100vw, 1628px\" \/><\/a><\/figure>\n<\/div>\n\n\n\n<div class=\"wp-block-column is-vertically-aligned-center is-layout-flow wp-block-column-is-layout-flow\"><div class=\"wp-block-image\">\n<figure class=\"aligncenter size-full is-resized\"><a href=\"https:\/\/www.linkedin.com\/notifications\/?filter=all\" target=\"_blank\" rel=\"noreferrer noopener\"><img loading=\"lazy\" decoding=\"async\" width=\"2553\" height=\"1462\" src=\"https:\/\/webs.uab.cat\/gts\/wp-content\/uploads\/sites\/61\/2024\/12\/LinkedIn_GTS-1.jpg\" alt=\"\" class=\"wp-image-2189\" style=\"width:210px;height:auto\" srcset=\"https:\/\/webs.uab.cat\/gts\/wp-content\/uploads\/sites\/61\/2024\/12\/LinkedIn_GTS-1.jpg 2553w, https:\/\/webs.uab.cat\/gts\/wp-content\/uploads\/sites\/61\/2024\/12\/LinkedIn_GTS-1-300x172.jpg 300w, https:\/\/webs.uab.cat\/gts\/wp-content\/uploads\/sites\/61\/2024\/12\/LinkedIn_GTS-1-1024x586.jpg 1024w, https:\/\/webs.uab.cat\/gts\/wp-content\/uploads\/sites\/61\/2024\/12\/LinkedIn_GTS-1-768x440.jpg 768w, https:\/\/webs.uab.cat\/gts\/wp-content\/uploads\/sites\/61\/2024\/12\/LinkedIn_GTS-1-1536x880.jpg 1536w, https:\/\/webs.uab.cat\/gts\/wp-content\/uploads\/sites\/61\/2024\/12\/LinkedIn_GTS-1-2048x1173.jpg 2048w, https:\/\/webs.uab.cat\/gts\/wp-content\/uploads\/sites\/61\/2024\/12\/LinkedIn_GTS-1-1200x687.jpg 1200w, https:\/\/webs.uab.cat\/gts\/wp-content\/uploads\/sites\/61\/2024\/12\/LinkedIn_GTS-1-1980x1134.jpg 1980w\" sizes=\"auto, (max-width: 2553px) 100vw, 2553px\" \/><\/a><\/figure>\n<\/div><\/div>\n\n\n\n<div class=\"wp-block-column is-vertically-aligned-center is-layout-flow wp-block-column-is-layout-flow\"><div class=\"wp-block-image\">\n<figure class=\"aligncenter size-full is-resized\"><a href=\"https:\/\/www.instagram.com\/gts_uab\/\" target=\"_blank\" rel=\"noreferrer noopener\"><img loading=\"lazy\" decoding=\"async\" width=\"940\" height=\"958\" src=\"https:\/\/webs.uab.cat\/gts\/wp-content\/uploads\/sites\/61\/2026\/02\/Logo-GTS_IG.jpg\" alt=\"\" class=\"wp-image-2547\" style=\"aspect-ratio:0.9812725878874164;width:207px;height:auto\" srcset=\"https:\/\/webs.uab.cat\/gts\/wp-content\/uploads\/sites\/61\/2026\/02\/Logo-GTS_IG.jpg 940w, https:\/\/webs.uab.cat\/gts\/wp-content\/uploads\/sites\/61\/2026\/02\/Logo-GTS_IG-294x300.jpg 294w, https:\/\/webs.uab.cat\/gts\/wp-content\/uploads\/sites\/61\/2026\/02\/Logo-GTS_IG-768x783.jpg 768w\" sizes=\"auto, (max-width: 940px) 100vw, 940px\" \/><\/a><\/figure>\n<\/div><\/div>\n<\/div>\n\n\n\n<p class=\"has-text-align-left\"><\/p>\n\n\n\n<h2 class=\"wp-block-heading alignwide\"><br>Noticies<\/h2>\n\n\n\n<div class=\"wp-block-media-text alignwide is-stacked-on-mobile\" style=\"grid-template-columns:33% auto\"><figure class=\"wp-block-media-text__media\"><a href=\"https:\/\/www.uab.cat\/web\/newsroom\/news-detail\/the-uab-is-the-institution-with-the-highest-number-of-msca-staff-exchanges-grants-awarded-1345830290613.html?detid=1345956626953\" target=\"_blank\" rel=\"noreferrer noopener\"><img loading=\"lazy\" decoding=\"async\" width=\"1017\" height=\"720\" src=\"https:\/\/webs.uab.cat\/gts\/wp-content\/uploads\/sites\/61\/2026\/02\/MSCA.jpg\" alt=\"\" class=\"wp-image-2556 size-full\" srcset=\"https:\/\/webs.uab.cat\/gts\/wp-content\/uploads\/sites\/61\/2026\/02\/MSCA.jpg 1017w, https:\/\/webs.uab.cat\/gts\/wp-content\/uploads\/sites\/61\/2026\/02\/MSCA-300x212.jpg 300w, https:\/\/webs.uab.cat\/gts\/wp-content\/uploads\/sites\/61\/2026\/02\/MSCA-768x544.jpg 768w\" sizes=\"auto, (max-width: 1017px) 100vw, 1017px\" \/><\/a><\/figure><div class=\"wp-block-media-text__content\">\n<p class=\"has-text-align-center\">La UAB \u00e9s la universitat amb el major nombre de projectes coordinats en la convocat\u00f2ria 2024 de les Accions Marie Sk\u0142odowska-Curie (MSCA) d\u2019Intercanvi de Personal, amb un total de cinc projectes. La convocat\u00f2ria t\u00e9 com a objectiu promoure la col\u00b7laboraci\u00f3 internacional, intersectorial i interdisciplin\u00e0ria en recerca i innovaci\u00f3 mitjan\u00e7ant l\u2019intercanvi de personal.<br>Clic a la imatge per a m\u00e9s informaci\u00f3<\/p>\n<\/div><\/div>\n\n\n\n<h2 class=\"wp-block-heading alignwide\"><br><br>Centre GTS &#8211; Col\u00b7laborador d&#8217;ALBA-CELLS<\/h2>\n\n\n\n<div class=\"wp-block-media-text alignwide is-stacked-on-mobile\" style=\"grid-template-columns:33% auto\"><figure class=\"wp-block-media-text__media\"><a href=\"https:\/\/www.cells.es\/ca\/home?set_language=ca\" target=\"_blank\" rel=\"noreferrer noopener\"><img loading=\"lazy\" decoding=\"async\" width=\"323\" height=\"175\" src=\"https:\/\/webs.uab.cat\/gts\/wp-content\/uploads\/sites\/61\/2016\/11\/alba2_0.jpg\" alt=\"alba2\" class=\"wp-image-61 size-full\" srcset=\"https:\/\/webs.uab.cat\/gts\/wp-content\/uploads\/sites\/61\/2016\/11\/alba2_0.jpg 323w, https:\/\/webs.uab.cat\/gts\/wp-content\/uploads\/sites\/61\/2016\/11\/alba2_0-300x163.jpg 300w\" sizes=\"auto, (max-width: 323px) 100vw, 323px\" \/><\/a><\/figure><div class=\"wp-block-media-text__content\">\n<p class=\"has-text-align-center\">El Centre GTS \u00e9s un col\u00b7laborador habitual del Sincrotr\u00f3 ALBA.<\/p>\n\n\n\n<p class=\"has-text-align-center\">El Sincrotr\u00f3 ALBA \u00e9s una&nbsp;<strong>infraestructura cient\u00edfica de tercera generaci\u00f3<\/strong>&nbsp;situada a Cerdanyola del Vall\u00e8s (Barcelona) i \u00e9s la&nbsp;<strong>m\u00e9s important de la zona del Mediterrani<\/strong>.<\/p>\n\n\n\n<p class=\"has-text-align-center\">Es tracta d\u2019un&nbsp;<strong>complex d\u2019acceleradors d\u2019electrons<\/strong>&nbsp;per produir llum de sincrotr\u00f3, la qual permet visualitzar l\u2019estructura at\u00f2mica i molecular dels materials i estudiar les seves propietats.<\/p>\n<\/div><\/div>\n","protected":false},"excerpt":{"rendered":"<p>G T S | Presentaci\u00f3 El Centre Grup de T\u00e8cniques de Separaci\u00f3 en Qu\u00edmica, GTS, \u00e9s un &#8220;Grup Consolidat de Recerca de Qualitat&#8221; des de 1993. El Centre GTS ha desenvolupat la seva activitat durant els \u00faltims 30&nbsp;anys en aspectes b\u00e0sics i aplicats en ci\u00e8ncia i tecnologia de separacions. La recerca del Centre GTS es [&hellip;]<\/p>\n","protected":false},"author":44,"featured_media":0,"parent":0,"menu_order":0,"comment_status":"closed","ping_status":"closed","template":"index.php","meta":{"footnotes":""},"class_list":["post-292","page","type-page","status-publish","hentry"],"_links":{"self":[{"href":"https:\/\/webs.uab.cat\/gts\/wp-json\/wp\/v2\/pages\/292","targetHints":{"allow":["GET"]}}],"collection":[{"href":"https:\/\/webs.uab.cat\/gts\/wp-json\/wp\/v2\/pages"}],"about":[{"href":"https:\/\/webs.uab.cat\/gts\/wp-json\/wp\/v2\/types\/page"}],"author":[{"embeddable":true,"href":"https:\/\/webs.uab.cat\/gts\/wp-json\/wp\/v2\/users\/44"}],"replies":[{"embeddable":true,"href":"https:\/\/webs.uab.cat\/gts\/wp-json\/wp\/v2\/comments?post=292"}],"version-history":[{"count":99,"href":"https:\/\/webs.uab.cat\/gts\/wp-json\/wp\/v2\/pages\/292\/revisions"}],"predecessor-version":[{"id":2573,"href":"https:\/\/webs.uab.cat\/gts\/wp-json\/wp\/v2\/pages\/292\/revisions\/2573"}],"wp:attachment":[{"href":"https:\/\/webs.uab.cat\/gts\/wp-json\/wp\/v2\/media?parent=292"}],"curies":[{"name":"wp","href":"https:\/\/api.w.org\/{rel}","templated":true}]}}