{"id":60,"date":"2009-05-25T13:20:37","date_gmt":"2009-05-25T13:20:37","guid":{"rendered":"https:\/\/webs.uab.cat\/gts\/serveis-lempresa\/"},"modified":"2024-09-30T10:42:49","modified_gmt":"2024-09-30T08:42:49","slug":"serveis-lempresa","status":"publish","type":"page","link":"https:\/\/webs.uab.cat\/gts\/serveis-lempresa\/","title":{"rendered":"Serveis i Equipament"},"content":{"rendered":"\n<h2 class=\"wp-block-heading alignwide has-large-font-size\"><strong>Tipus de serveis <\/strong><\/h2>\n\n\n\n<p class=\"has-text-align-left\">Es diferencien fonamentalment pel tipus de servei que es proporciona al client i es pot distingir entre:<strong>&nbsp;<\/strong><\/p>\n\n\n\n<p class=\"has-text-align-left\"><strong>Serveis d&#8217; an\u00e0lisi<\/strong> en els que el client contracta a GTS. S\u00f3n clients que envien un volum de mostres determinat al llarg de l&#8217;any, i que ho fan de manera sistem\u00e0tica i amb una periodicitat coneguda. Aix\u00f2 permet que es puguin organitzar i assignar els recursos necessaris.<strong>&nbsp;<\/strong><\/p>\n\n\n\n<p>Aquests servei poden incloure:<\/p>\n\n\n\n<ul class=\"wp-block-list\">\n<li>La petici\u00f3 d&#8217;un assaig puntual per part d&#8217;un client<\/li>\n\n\n\n<li>La petici\u00f3 de diferents assaigs de manera repetida al llarg de l&#8217;any, sense que s&#8217;arribi a un volum total que permeti arribar a la firma d&#8217;un conveni.<\/li>\n<\/ul>\n\n\n\n<p class=\"has-text-align-left\"><strong>Serveis de recerca i consultoria<\/strong> en els que el client contracta els serveis de GTS per al desenvolupament o optimitzaci\u00f3 d&#8217;un m\u00e8tode anal\u00edtic, col\u00b7laboraci\u00f3 en algun projecte de recerca , activitats de consultoria, etc.<strong>&nbsp;<\/strong><\/p>\n\n\n\n<p class=\"has-text-align-left\"><em>La gesti\u00f3 dels mateixos mitjan\u00e7ant conveni la decidiran les dues parts interessades, depenent de la durada del servei.<\/em><strong>&nbsp;<\/strong><\/p>\n\n\n\n<p><strong>Serveis de formaci\u00f3:<\/strong><\/p>\n\n\n\n<ul class=\"wp-block-list\">\n<li>Formaci\u00f3 en t\u00e8cniques anal\u00edtiques<\/li>\n\n\n\n<li>Formaci\u00f3 en implantaci\u00f3 de sistemes de qualitat<\/li>\n<\/ul>\n\n\n\n<p>&nbsp;<\/p>\n\n\n\n<h2 class=\"wp-block-heading alignwide has-large-font-size\">Cat\u00e0leg de s<strong>erveis<\/strong><\/h2>\n\n\n\n<p>Entre els serveis que el Centre GTS ofereix als seus clients trobem els que es descriuen a continuaci\u00f3:<\/p>\n\n\n\n<p><\/p>\n\n\n\n<figure class=\"wp-block-gallery has-nested-images columns-default is-cropped wp-block-gallery-1 is-layout-flex wp-block-gallery-is-layout-flex\">\n<figure class=\"wp-block-image size-large\"><img loading=\"lazy\" decoding=\"async\" width=\"1024\" height=\"683\" data-id=\"1283\" src=\"https:\/\/webs.uab.cat\/gts\/wp-content\/uploads\/sites\/61\/2022\/09\/DSC_0208_mod-1024x683.jpg\" alt=\"\" class=\"wp-image-1283\" srcset=\"https:\/\/webs.uab.cat\/gts\/wp-content\/uploads\/sites\/61\/2022\/09\/DSC_0208_mod-1024x683.jpg 1024w, https:\/\/webs.uab.cat\/gts\/wp-content\/uploads\/sites\/61\/2022\/09\/DSC_0208_mod-300x200.jpg 300w, https:\/\/webs.uab.cat\/gts\/wp-content\/uploads\/sites\/61\/2022\/09\/DSC_0208_mod-768x512.jpg 768w, https:\/\/webs.uab.cat\/gts\/wp-content\/uploads\/sites\/61\/2022\/09\/DSC_0208_mod-1536x1024.jpg 1536w, https:\/\/webs.uab.cat\/gts\/wp-content\/uploads\/sites\/61\/2022\/09\/DSC_0208_mod-2048x1365.jpg 2048w, https:\/\/webs.uab.cat\/gts\/wp-content\/uploads\/sites\/61\/2022\/09\/DSC_0208_mod-1200x800.jpg 1200w, https:\/\/webs.uab.cat\/gts\/wp-content\/uploads\/sites\/61\/2022\/09\/DSC_0208_mod-1980x1320.jpg 1980w\" sizes=\"auto, (max-width: 1024px) 100vw, 1024px\" \/><figcaption class=\"wp-element-caption\">An\u00e0lisi de mostres aquoses<\/figcaption><\/figure>\n\n\n\n<figure class=\"wp-block-image size-large\"><img loading=\"lazy\" decoding=\"async\" width=\"1024\" height=\"576\" data-id=\"1280\" src=\"https:\/\/webs.uab.cat\/gts\/wp-content\/uploads\/sites\/61\/2022\/09\/pexels-sergio-souza-6797773-1024x576.jpg\" alt=\"\" class=\"wp-image-1280\" srcset=\"https:\/\/webs.uab.cat\/gts\/wp-content\/uploads\/sites\/61\/2022\/09\/pexels-sergio-souza-6797773-1024x576.jpg 1024w, https:\/\/webs.uab.cat\/gts\/wp-content\/uploads\/sites\/61\/2022\/09\/pexels-sergio-souza-6797773-300x169.jpg 300w, https:\/\/webs.uab.cat\/gts\/wp-content\/uploads\/sites\/61\/2022\/09\/pexels-sergio-souza-6797773-768x432.jpg 768w, https:\/\/webs.uab.cat\/gts\/wp-content\/uploads\/sites\/61\/2022\/09\/pexels-sergio-souza-6797773-1536x864.jpg 1536w, https:\/\/webs.uab.cat\/gts\/wp-content\/uploads\/sites\/61\/2022\/09\/pexels-sergio-souza-6797773-2048x1152.jpg 2048w, https:\/\/webs.uab.cat\/gts\/wp-content\/uploads\/sites\/61\/2022\/09\/pexels-sergio-souza-6797773-1200x675.jpg 1200w, https:\/\/webs.uab.cat\/gts\/wp-content\/uploads\/sites\/61\/2022\/09\/pexels-sergio-souza-6797773-1980x1114.jpg 1980w\" sizes=\"auto, (max-width: 1024px) 100vw, 1024px\" \/><figcaption class=\"wp-element-caption\">An\u00e0lisi de s\u00f2ls contaminats<\/figcaption><\/figure>\n\n\n\n<figure class=\"wp-block-image size-large\"><img loading=\"lazy\" decoding=\"async\" width=\"279\" height=\"181\" data-id=\"138\" src=\"https:\/\/webs.uab.cat\/gts\/wp-content\/uploads\/sites\/61\/2016\/11\/Calculs.jpg\" alt=\"C\u00e0lculs\" class=\"wp-image-138\" \/><figcaption class=\"wp-element-caption\">An\u00e0lisi de c\u00e0lculs renals<\/figcaption><\/figure>\n\n\n\n<figure class=\"wp-block-image size-large\"><img loading=\"lazy\" decoding=\"async\" width=\"290\" height=\"174\" data-id=\"141\" src=\"https:\/\/webs.uab.cat\/gts\/wp-content\/uploads\/sites\/61\/2016\/11\/orina.jpg\" alt=\"orina\" class=\"wp-image-141\" \/><figcaption class=\"wp-element-caption\">An\u00e0lisi d&#8217;orines<\/figcaption><\/figure>\n\n\n\n<figure class=\"wp-block-image size-large\"><img loading=\"lazy\" decoding=\"async\" width=\"248\" height=\"174\" data-id=\"126\" src=\"https:\/\/webs.uab.cat\/gts\/wp-content\/uploads\/sites\/61\/2016\/11\/Pasta-D.png\" alt=\"Pasta D\" class=\"wp-image-126\" \/><figcaption class=\"wp-element-caption\">Desenvolupament de pasta de dents, xiclet, etc.  Materials de restauraci\u00f3<\/figcaption><\/figure>\n\n\n\n<figure class=\"wp-block-image size-large\"><img loading=\"lazy\" decoding=\"async\" width=\"280\" height=\"174\" data-id=\"114\" src=\"https:\/\/webs.uab.cat\/gts\/wp-content\/uploads\/sites\/61\/2016\/11\/formacion-3.jpg\" alt=\"formacion 3\" class=\"wp-image-114\" \/><figcaption class=\"wp-element-caption\">Formaci\u00f3 especialitzada<\/figcaption><\/figure>\n<\/figure>\n\n\n\n<div class=\"wp-block-group\"><div class=\"wp-block-group__inner-container is-layout-flow wp-block-group-is-layout-flow\">\n<p><strong>Serveis d&#8217;an\u00e0lisis<\/strong><\/p>\n\n\n\n<ul class=\"wp-block-list\">\n<li>An\u00e0lisi de metalls i altres ions en matrius aquoses.<\/li>\n\n\n\n<li>Caracteritzaci\u00f3 anal\u00edtica i assessorament en el tractament de s\u00f2ls i sediments contaminats.<\/li>\n\n\n\n<li>Estudi morfoconstitucional de c\u00e0lculs renals. <\/li>\n\n\n\n<li>An\u00e0lisi d&#8217;orina i predicci\u00f3 del risc lit\u00f2gen.<\/li>\n\n\n\n<li>Determinaci\u00f3 de compostos org\u00e0nics en matrius d&#8217;origen vegetal.<\/li>\n<\/ul>\n<\/div><\/div>\n\n\n\n<p><strong>Projectes de recerca<\/strong><\/p>\n\n\n\n<div class=\"wp-block-group\"><div class=\"wp-block-group__inner-container is-layout-flow wp-block-group-is-layout-flow\">\n<div class=\"wp-block-group alignwide\"><div class=\"wp-block-group__inner-container is-layout-flow wp-block-group-is-layout-flow\">\n<ul class=\"wp-block-list\">\n<li>Caracteritzaci\u00f3 i tractament d&#8217;aig\u00fces contaminades (amb biomassa i materials sint\u00e8tics funcionalitzats amb nanopart\u00edcules).<\/li>\n\n\n\n<li>Tractament i remediaci\u00f3 de s\u00f2ls contaminats.<\/li>\n\n\n\n<li>Desenvolupament i caracteritzaci\u00f3 de materials dentals.<\/li>\n\n\n\n<li>S\u00edntesi i caracteritzaci\u00f3 de sistemes d&#8217;alliberament controlat.<\/li>\n\n\n\n<li>Estudi i predicci\u00f3 del risc lit\u00f2gen.<\/li>\n\n\n\n<li>Cultiu i caracteritzaci\u00f3 d&#8217;aliments funcionalitzats d&#8217;origen vegetal.<\/li>\n<\/ul>\n<\/div><\/div>\n<\/div><\/div>\n\n\n\n<div class=\"wp-block-group\"><div class=\"wp-block-group__inner-container is-layout-flow wp-block-group-is-layout-flow\">\n<p><strong>Formaci\u00f3 especialitzada<\/strong><\/p>\n\n\n\n<ul class=\"wp-block-list\">\n<li>Cursos relacionats amb les metodologies desenvolupades a GTS.<\/li>\n\n\n\n<li>Entrenament individual en T\u00e8cniques i Processos anal\u00edtics espec\u00edfics.<\/li>\n\n\n\n<li>Assessorament en Gesti\u00f3 de Qualitat.<\/li>\n<\/ul>\n<\/div><\/div>\n\n\n\n<p><\/p>\n\n\n\n<h2 class=\"wp-block-heading alignwide has-large-font-size\"><strong>Equipament<\/strong><\/h2>\n\n\n\n<div class=\"wp-block-columns is-layout-flex wp-container-core-columns-is-layout-9d6595d7 wp-block-columns-is-layout-flex\">\n<div class=\"wp-block-column is-layout-flow wp-block-column-is-layout-flow\" style=\"flex-basis:100%\">\n<figure class=\"wp-block-gallery has-nested-images columns-default is-cropped wp-block-gallery-2 is-layout-flex wp-block-gallery-is-layout-flex\">\n<figure class=\"wp-block-image size-large\"><img loading=\"lazy\" decoding=\"async\" width=\"174\" height=\"197\" data-id=\"117\" src=\"https:\/\/webs.uab.cat\/gts\/wp-content\/uploads\/sites\/61\/2016\/11\/GC-MS-PNT_0.jpg\" alt=\"GC-MS PNT\" class=\"wp-image-117\" \/><figcaption class=\"wp-element-caption\">GC-MS<\/figcaption><\/figure>\n\n\n\n<figure class=\"wp-block-image size-full\"><img loading=\"lazy\" decoding=\"async\" width=\"245\" height=\"174\" data-id=\"1085\" src=\"https:\/\/webs.uab.cat\/gts\/wp-content\/uploads\/sites\/61\/2022\/09\/ICP-MS2.jpg\" alt=\"\" class=\"wp-image-1085\" \/><figcaption class=\"wp-element-caption\">ICP-MS<\/figcaption><\/figure>\n\n\n\n<figure class=\"wp-block-image size-large\"><img loading=\"lazy\" decoding=\"async\" width=\"290\" height=\"174\" data-id=\"134\" src=\"https:\/\/webs.uab.cat\/gts\/wp-content\/uploads\/sites\/61\/2016\/11\/FP-XRF_0.jpg\" alt=\"FP-XRF\" class=\"wp-image-134\" \/><figcaption class=\"wp-element-caption\">FP-XRF<\/figcaption><\/figure>\n\n\n\n<figure class=\"wp-block-image size-large\"><img loading=\"lazy\" decoding=\"async\" width=\"251\" height=\"201\" data-id=\"144\" src=\"https:\/\/webs.uab.cat\/gts\/wp-content\/uploads\/sites\/61\/2016\/11\/HPLC.jpg\" alt=\"HPLC\" class=\"wp-image-144\" \/><figcaption class=\"wp-element-caption\">HPLC-MS<\/figcaption><\/figure>\n\n\n\n<figure class=\"wp-block-image size-large\"><img loading=\"lazy\" decoding=\"async\" width=\"1024\" height=\"1024\" data-id=\"1088\" src=\"https:\/\/webs.uab.cat\/gts\/wp-content\/uploads\/sites\/61\/2022\/09\/Dionex-2-1024x1024.jpg\" alt=\"\" class=\"wp-image-1088\" srcset=\"https:\/\/webs.uab.cat\/gts\/wp-content\/uploads\/sites\/61\/2022\/09\/Dionex-2-1024x1024.jpg 1024w, https:\/\/webs.uab.cat\/gts\/wp-content\/uploads\/sites\/61\/2022\/09\/Dionex-2-300x300.jpg 300w, https:\/\/webs.uab.cat\/gts\/wp-content\/uploads\/sites\/61\/2022\/09\/Dionex-2-150x150.jpg 150w, https:\/\/webs.uab.cat\/gts\/wp-content\/uploads\/sites\/61\/2022\/09\/Dionex-2-768x768.jpg 768w, https:\/\/webs.uab.cat\/gts\/wp-content\/uploads\/sites\/61\/2022\/09\/Dionex-2-1536x1536.jpg 1536w, https:\/\/webs.uab.cat\/gts\/wp-content\/uploads\/sites\/61\/2022\/09\/Dionex-2-2048x2048.jpg 2048w, https:\/\/webs.uab.cat\/gts\/wp-content\/uploads\/sites\/61\/2022\/09\/Dionex-2-1200x1200.jpg 1200w, https:\/\/webs.uab.cat\/gts\/wp-content\/uploads\/sites\/61\/2022\/09\/Dionex-2-1980x1980.jpg 1980w\" sizes=\"auto, (max-width: 1024px) 100vw, 1024px\" \/><figcaption class=\"wp-element-caption\">Cromat\u00f2graf I\u00f2nic<\/figcaption><\/figure>\n\n\n\n<figure class=\"wp-block-image size-large\"><img loading=\"lazy\" decoding=\"async\" width=\"176\" height=\"174\" data-id=\"123\" src=\"https:\/\/webs.uab.cat\/gts\/wp-content\/uploads\/sites\/61\/2016\/11\/Mars5.jpg\" alt=\"Mars5\" class=\"wp-image-123\" \/><figcaption class=\"wp-element-caption\">Microones Anal\u00edtic<\/figcaption><\/figure>\n\n\n\n<figure class=\"wp-block-image size-large\"><img loading=\"lazy\" decoding=\"async\" width=\"638\" height=\"720\" data-id=\"1091\" src=\"https:\/\/webs.uab.cat\/gts\/wp-content\/uploads\/sites\/61\/2022\/09\/AF4.jpg\" alt=\"\" class=\"wp-image-1091\" srcset=\"https:\/\/webs.uab.cat\/gts\/wp-content\/uploads\/sites\/61\/2022\/09\/AF4.jpg 638w, https:\/\/webs.uab.cat\/gts\/wp-content\/uploads\/sites\/61\/2022\/09\/AF4-266x300.jpg 266w\" sizes=\"auto, (max-width: 638px) 100vw, 638px\" \/><figcaption class=\"wp-element-caption\">AF4<\/figcaption><\/figure>\n<\/figure>\n<\/div>\n<\/div>\n\n\n\n<p><\/p>\n","protected":false},"excerpt":{"rendered":"<p>Tipus de serveis Es diferencien fonamentalment pel tipus de servei que es proporciona al client i es pot distingir entre:&nbsp; Serveis d&#8217; an\u00e0lisi en els que el client contracta a GTS. S\u00f3n clients que envien un volum de mostres determinat al llarg de l&#8217;any, i que ho fan de manera sistem\u00e0tica i amb una periodicitat [&hellip;]<\/p>\n","protected":false},"author":44,"featured_media":0,"parent":0,"menu_order":0,"comment_status":"closed","ping_status":"closed","template":"","meta":{"footnotes":""},"class_list":["post-60","page","type-page","status-publish","hentry"],"_links":{"self":[{"href":"https:\/\/webs.uab.cat\/gts\/wp-json\/wp\/v2\/pages\/60","targetHints":{"allow":["GET"]}}],"collection":[{"href":"https:\/\/webs.uab.cat\/gts\/wp-json\/wp\/v2\/pages"}],"about":[{"href":"https:\/\/webs.uab.cat\/gts\/wp-json\/wp\/v2\/types\/page"}],"author":[{"embeddable":true,"href":"https:\/\/webs.uab.cat\/gts\/wp-json\/wp\/v2\/users\/44"}],"replies":[{"embeddable":true,"href":"https:\/\/webs.uab.cat\/gts\/wp-json\/wp\/v2\/comments?post=60"}],"version-history":[{"count":15,"href":"https:\/\/webs.uab.cat\/gts\/wp-json\/wp\/v2\/pages\/60\/revisions"}],"predecessor-version":[{"id":1925,"href":"https:\/\/webs.uab.cat\/gts\/wp-json\/wp\/v2\/pages\/60\/revisions\/1925"}],"wp:attachment":[{"href":"https:\/\/webs.uab.cat\/gts\/wp-json\/wp\/v2\/media?parent=60"}],"curies":[{"name":"wp","href":"https:\/\/api.w.org\/{rel}","templated":true}]}}