{"id":1868,"date":"2022-01-19T13:55:10","date_gmt":"2022-01-19T11:55:10","guid":{"rendered":"https:\/\/gurbuab.com\/?page_id=1868"},"modified":"2022-01-19T13:55:10","modified_gmt":"2022-01-19T11:55:10","slug":"efecto-barrio","status":"publish","type":"page","link":"https:\/\/webs.uab.cat\/gurb\/efecto-barrio\/","title":{"rendered":"EFECTO BARRIO"},"content":{"rendered":"\n<figure class=\"wp-block-image size-large\"><a href=\"https:\/\/webs.uab.cat\/gurb\/wp-content\/uploads\/sites\/586\/2022\/01\/efecto_barrio.png\"><img loading=\"lazy\" decoding=\"async\" width=\"567\" height=\"800\" src=\"https:\/\/webs.uab.cat\/gurb\/wp-content\/uploads\/sites\/586\/2022\/01\/efecto_barrio.png?w=567\" alt=\"\" class=\"wp-image-1870\" srcset=\"https:\/\/webs.uab.cat\/gurb\/wp-content\/uploads\/sites\/586\/2022\/01\/efecto_barrio.png 567w, https:\/\/webs.uab.cat\/gurb\/wp-content\/uploads\/sites\/586\/2022\/01\/efecto_barrio-213x300.png 213w\" sizes=\"auto, (max-width: 567px) 100vw, 567px\" \/><\/a><\/figure>\n\n\n\n<p><strong>CSO2016-75236-C2-2-R. Efecto barrio. Los impactos sociales de las desigualdades territoriales y las pol\u00edticas urbanas redistributivas en las grandes ciudades espa\u00f1olas. Ministerio de Economia y Competitividad (MINECO). Retos Investigaci\u00f3n, Proyectos I+D+i<\/strong> <strong>2016 correspondientes al Programa Estatal de Investigaci\u00f3n, Desarrollo e Innovaci\u00f3n Orientada a los Retos de la Sociedad. 30\/12\/2016 &#8211; 29\/12\/2019. Investigador principal: Oriol Nel\u00b7lo<\/strong><\/p>\n\n\n\n<p>Un dels trets sens dubte m\u00e9s rellevants en l&#8217;evoluci\u00f3 de les societats contempor\u00e0nies \u00e9s l&#8217;increment de les desigualtats socials. Es tracta d&#8217;un fenomen d&#8217;abast mundial, que ha tendit a augmentar-se en les tres darreres d\u00e8cades i que ha suscitat una preocupaci\u00f3 i debat notable, tant en els \u00e0mbits acad\u00e8mics com a ciutadans. En el cas espanyol, la din\u00e0mica \u00e9s m\u00e9s cridanera quan passa despr\u00e9s d&#8217;un quart de segle (1980-2006) en qu\u00e8 s&#8217;havia pogut detectar una tend\u00e8ncia a la disminuci\u00f3 relativa de les desigualtats.<\/p>\n\n\n\n<p>Des del punt de vista espacial, l&#8217;increment de les desigualtats t\u00e9 el corol\u00b7lari en l&#8217;augment dels riscos de la segregaci\u00f3 urbana, \u00e9s a dir, la tend\u00e8ncia dels grups socials a separar-se a l&#8217;espai urb\u00e0 en funci\u00f3 del seu nivell de renda i d&#8217;altres caracter\u00edstiques socials: en ser la capacitat de licitar al mercat del s\u00f2l i l&#8217;habitatge una funci\u00f3 de la renda disponible de les persones i les fam\u00edlies, \u00f2bviament aquells que pertanyen a grups socials m\u00e9s desafavorits tenen una menor capacitat d&#8217;escollir. Aix\u00f2 comporta que aquests tendeixin a veure&#8217;s relegats a aquelles parts de les \u00e0rees urbanes amb m\u00e9s d\u00e8ficits urbans, menor dotaci\u00f3 de serveis, pitjor qualitat d&#8217;habitatge, i sovint pitjor accessibilitat.<\/p>\n\n\n\n<p>Per determinar l&#8217;impacte social d&#8217;aquests processos, aix\u00ed com de les eventuals pol\u00edtiques necess\u00e0ries per fer-hi front, \u00e9s essencial establir quin \u00e9s l&#8217;impacte real de la segregaci\u00f3 urbana sobre la desigualtat social. \u00c9s a dir, dirimir si la segregaci\u00f3 ha de veure&#8217;s \u00fanicament com un efecte i un s\u00edmptoma de la desigualtat (all\u00f2 que s&#8217;ha anomenat l&#8217;expressi\u00f3 espacial de les injust\u00edcies socials) o, si, per contra, contribueix a consolidar i agreujar la desigualtat (a trav\u00e9s del que es podria considerar la injust\u00edcia social de les estructures espacials).<\/p>\n\n\n\n<p>La q\u00fcesti\u00f3, que ha suscitat una \u00e0mplia literatura en altres contextos, compta, en canvi, amb escassos estudis a Espanya. Aquesta mancan\u00e7a resulta especialment costosa davant de l&#8217;actual situaci\u00f3 d&#8217;ascens de la segregaci\u00f3, la mobilitzaci\u00f3 ciutadana creixent i la necessitat de replantejar les pol\u00edtiques p\u00fabliques en aquest \u00e0mbit. El projecte Efecto Barrio proposa resposta a aquesta necessitat d&#8217;estudi abordant dues q\u00fcestions principals: Quins s\u00f3n els efectes espec\u00edfics del lloc de resid\u00e8ncia en la qualitat de vida i les oportunitats vitals dels ciutadans? Quins impactes tenen les pol\u00edtiques i les pr\u00e0ctiques socials a l&#8217;hora de moderar o agreujar aquests efectes?<\/p>\n\n\n\n<p>Per aix\u00f2, Efecto Barrio estudiar\u00e0 la relaci\u00f3 entre les din\u00e0miques de segregaci\u00f3 urbana i cinc variables amb un alt impacte sobre les condicions de vida i les oportunitats de la poblaci\u00f3: l&#8217;educaci\u00f3, la salut, l&#8217;acc\u00e9s a l&#8217;energia, l&#8217;habitatge i els recursos dels quals les administracions locals disposen. Ho far\u00e0 posant en relaci\u00f3 els nivells de renda de la poblaci\u00f3 resident als diversos barris o municipis de les principals \u00e0rees urbanes espanyoles amb una s\u00e8rie d&#8217;indicadors seleccionats sobre el rendiment i l&#8217;orientaci\u00f3 escolar, la morbiditat i la mortalitat, el consum i l&#8217;efici\u00e8ncia energ\u00e8tica, l&#8217;acc\u00e9s i la qualitat de l&#8217;habitatge i els pressupostos de les administracions p\u00fabliques. D&#8217;altra banda, el projecte tamb\u00e9 es proposa analitzar les respostes que les din\u00e0miques de segregaci\u00f3 han trobat tant en l&#8217;\u00e0mbit de les pol\u00edtiques p\u00fabliques com de les iniciatives ciutadanes.<\/p>\n\n\n\n<p>Ambd\u00f3s aspectes -la relaci\u00f3 entre la segregaci\u00f3 i els par\u00e0metres sectorials, d&#8217;una banda, i la reacci\u00f3 ciutadana i les pol\u00edtiques p\u00fabliques, de l&#8217;altra- s&#8217;estudiar\u00e0 per a l&#8217;\u00e0mbit de cadascuna de les cinc \u00e0rees metropolitanes espanyoles m\u00e9s grans: Madrid, Barcelona, Val\u00e8ncia , Sevilla i Bilbao.<\/p>\n\n\n\n<p>L&#8217;equip investigador est\u00e0 format per doctors que pertanyen a cinc universitats espanyoles. El nucli central est\u00e0 integrat per professors adscrits a tres centres de la Universidad Aut\u00f3noma de Barcelona: el Departamento de Geograf\u00eda, el Instituto de Estudios Regionales y Metropolitanos y el Instituto de Gobierno y Pol\u00edticas P\u00fablicas. L&#8217;investigador principal i altres membres de l&#8217;equip tenen una llarga experi\u00e8ncia en aquest camp, tant des del punt de vista acad\u00e8mic com tamb\u00e9 pel que fa al disseny i la gesti\u00f3 de les pol\u00edtiques urbanes. A l&#8217;\u00e0mbit acad\u00e8mic, una de les aportacions m\u00e9s rellevants de l&#8217;equip \u00e9s l&#8217;estudi Barris i crisi, impulsat pel programa de recerca competitiva Recercaixa en el per\u00edode 2013-2015, que ha tingut notable repercussi\u00f3. L&#8217;equip es completa amb professors doctors de la Universidad Complutense de Madrid, Universitat de Val\u00e8ncia, Universidad Pablo Olavide y Universidad del Pa\u00eds Vasco.<\/p>\n\n\n\n<p>La investigaci\u00f3 \u00e9s un projecte del programa &#8220;Retos de la Sociedad&#8221; del MINECO, integrat en un projecte coordinat que t\u00e9 com a investigador principal el Dr. Rub\u00e9n Lois de la Universidade de Santiago de Compostela.<\/p>\n","protected":false},"excerpt":{"rendered":"<p>CSO2016-75236-C2-2-R. Efecto barrio. Los impactos sociales de las desigualdades territoriales y las pol\u00edticas urbanas redistributivas en las grandes ciudades espa\u00f1olas. Ministerio de Economia y Competitividad (MINECO). Retos Investigaci\u00f3n, Proyectos I+D+i 2016 correspondientes al Programa Estatal de Investigaci\u00f3n, Desarrollo e Innovaci\u00f3n Orientada a los Retos de la Sociedad. 30\/12\/2016 &#8211; 29\/12\/2019. Investigador principal: Oriol Nel\u00b7lo Un [&hellip;]<\/p>\n","protected":false},"author":2819,"featured_media":0,"parent":0,"menu_order":0,"comment_status":"closed","ping_status":"closed","template":"","meta":{"footnotes":""},"class_list":["post-1868","page","type-page","status-publish","hentry"],"_links":{"self":[{"href":"https:\/\/webs.uab.cat\/gurb\/wp-json\/wp\/v2\/pages\/1868","targetHints":{"allow":["GET"]}}],"collection":[{"href":"https:\/\/webs.uab.cat\/gurb\/wp-json\/wp\/v2\/pages"}],"about":[{"href":"https:\/\/webs.uab.cat\/gurb\/wp-json\/wp\/v2\/types\/page"}],"author":[{"embeddable":true,"href":"https:\/\/webs.uab.cat\/gurb\/wp-json\/wp\/v2\/users\/2819"}],"replies":[{"embeddable":true,"href":"https:\/\/webs.uab.cat\/gurb\/wp-json\/wp\/v2\/comments?post=1868"}],"version-history":[{"count":0,"href":"https:\/\/webs.uab.cat\/gurb\/wp-json\/wp\/v2\/pages\/1868\/revisions"}],"wp:attachment":[{"href":"https:\/\/webs.uab.cat\/gurb\/wp-json\/wp\/v2\/media?parent=1868"}],"curies":[{"name":"wp","href":"https:\/\/api.w.org\/{rel}","templated":true}]}}