{"id":2185,"date":"2024-08-01T10:04:47","date_gmt":"2024-08-01T08:04:47","guid":{"rendered":"https:\/\/gurbuab.com\/?page_id=2141"},"modified":"2024-08-01T10:04:47","modified_gmt":"2024-08-01T08:04:47","slug":"andrea-visioli","status":"publish","type":"page","link":"https:\/\/webs.uab.cat\/gurb\/andrea-visioli\/","title":{"rendered":"Andrea Visioli"},"content":{"rendered":"<p style=\"text-align: justify\"><em><strong><img loading=\"lazy\" decoding=\"async\" class=\"size-full wp-image-2137 alignleft\" src=\"https:\/\/webs.uab.cat\/gurb\/wp-content\/uploads\/sites\/586\/2024\/08\/img_web_andrea_visioli.jpg\" alt=\"img_web_andrea_visioli\" width=\"248\" height=\"300\" \/> Andrea Visioli<\/strong><\/em>\u00a0\u00e9s urbanista i ge\u00f2graf graduat a la Universitat Polit\u00e8cnica de Mil\u00e0 i a la Universitat IUAV de Ven\u00e8cia, cum laude en ci\u00e8ncies del planejament urb\u00e0 i territorial. Va aprofundir els estudis regionals participant en el M\u00e0ster d&#8217;Estudis Territorials i Planejament a la Universitat Aut\u00f2noma de Barcelona i en el M\u00e0ster en Estudis Metropolitans a l&#8217;Institut Metr\u00f2poli.<br \/>\nDintre de la seva experi\u00e8ncia professional, va formar part del Servei de Redacci\u00f3 del Pla Director Urban\u00edstic de l&#8217;\u00c0rea Metropolitana de Barcelona i va col\u00b7laborar en diverses investigacions interuniversit\u00e0ries analitzant processos de segregaci\u00f3 socioresidencial, pol\u00edtiques d&#8217;habitatge i exclusi\u00f3 residencial, pol\u00edtiques de mobilitat, gesti\u00f3 i rehabilitaci\u00f3 del patrimoni d&#8217;equipaments p\u00fablics urbans, activaci\u00f3 de la societat civil en situacions de crisi econ\u00f2mica, ecol\u00f2gica, social i sanit\u00e0ria.<br \/>\nActualment, est\u00e0 realitzant el doctorat en geografia a la Universitat Aut\u00f2noma de Barcelona i treballant com a t\u00e8cnic de recerca en el GURB.<\/p>\n<hr \/>\n<p style=\"text-align: center\">\n","protected":false},"excerpt":{"rendered":"<p>Andrea Visioli\u00a0\u00e9s urbanista i ge\u00f2graf graduat a la Universitat Polit\u00e8cnica de Mil\u00e0 i a la Universitat IUAV de Ven\u00e8cia, cum laude en ci\u00e8ncies del planejament urb\u00e0 i territorial. Va aprofundir els estudis regionals participant en el M\u00e0ster d&#8217;Estudis Territorials i Planejament a la Universitat Aut\u00f2noma de Barcelona i en el M\u00e0ster en Estudis Metropolitans a [&hellip;]<\/p>\n","protected":false},"author":2819,"featured_media":0,"parent":0,"menu_order":0,"comment_status":"closed","ping_status":"closed","template":"","meta":{"footnotes":""},"class_list":["post-2185","page","type-page","status-publish","hentry"],"_links":{"self":[{"href":"https:\/\/webs.uab.cat\/gurb\/wp-json\/wp\/v2\/pages\/2185","targetHints":{"allow":["GET"]}}],"collection":[{"href":"https:\/\/webs.uab.cat\/gurb\/wp-json\/wp\/v2\/pages"}],"about":[{"href":"https:\/\/webs.uab.cat\/gurb\/wp-json\/wp\/v2\/types\/page"}],"author":[{"embeddable":true,"href":"https:\/\/webs.uab.cat\/gurb\/wp-json\/wp\/v2\/users\/2819"}],"replies":[{"embeddable":true,"href":"https:\/\/webs.uab.cat\/gurb\/wp-json\/wp\/v2\/comments?post=2185"}],"version-history":[{"count":0,"href":"https:\/\/webs.uab.cat\/gurb\/wp-json\/wp\/v2\/pages\/2185\/revisions"}],"wp:attachment":[{"href":"https:\/\/webs.uab.cat\/gurb\/wp-json\/wp\/v2\/media?parent=2185"}],"curies":[{"name":"wp","href":"https:\/\/api.w.org\/{rel}","templated":true}]}}

<p style="text-align: justify"><em><strong><img loading="lazy" decoding="async" class="size-full wp-image-2137 alignleft" src="https://webs.uab.cat/gurb/wp-content/uploads/sites/586/2024/08/img_web_andrea_visioli.jpg" alt="img_web_andrea_visioli" width="248" height="300" /> Andrea Visioli</strong></em> és urbanista i geògraf graduat a la Universitat Politècnica de Milà i a la Universitat IUAV de Venècia, cum laude en ciències del planejament urbà i territorial. Va aprofundir els estudis regionals participant en el Màster d&#8217;Estudis Territorials i Planejament a la Universitat Autònoma de Barcelona i en el Màster en Estudis Metropolitans a l&#8217;Institut Metròpoli.<br />
Dintre de la seva experiència professional, va formar part del Servei de Redacció del Pla Director Urbanístic de l&#8217;Àrea Metropolitana de Barcelona i va col·laborar en diverses investigacions interuniversitàries analitzant processos de segregació socioresidencial, polítiques d&#8217;habitatge i exclusió residencial, polítiques de mobilitat, gestió i rehabilitació del patrimoni d&#8217;equipaments públics urbans, activació de la societat civil en situacions de crisi econòmica, ecològica, social i sanitària.<br />
Actualment, està realitzant el doctorat en geografia a la Universitat Autònoma de Barcelona i treballant com a tècnic de recerca en el GURB.</p>
<hr />
<p style="text-align: center">

<p>Andrea Visioli és urbanista i geògraf graduat a la Universitat Politècnica de Milà i a la Universitat IUAV de Venècia, cum laude en ciències del planejament urbà i territorial. Va aprofundir els estudis regionals participant en el Màster d&#8217;Estudis Territorials i Planejament a la Universitat Autònoma de Barcelona i en el Màster en Estudis Metropolitans a [&hellip;]</p>
