{"id":79,"date":"2014-07-09T12:09:15","date_gmt":"2014-07-09T10:09:15","guid":{"rendered":"http:\/\/gurbuab.wordpress.com\/?page_id=79"},"modified":"2014-07-09T12:09:15","modified_gmt":"2014-07-09T10:09:15","slug":"joan-lopez-redondo","status":"publish","type":"page","link":"https:\/\/webs.uab.cat\/gurb\/joan-lopez-redondo\/","title":{"rendered":"Joan L\u00f3pez Redondo"},"content":{"rendered":"<p style=\"text-align:justify\"><em><strong><img loading=\"lazy\" decoding=\"async\" class=\"alignleft size-medium wp-image-468\" src=\"https:\/\/webs.uab.cat\/gurb\/wp-content\/uploads\/sites\/586\/2015\/03\/img_web_lopez.jpg?w=249\" alt=\"img_web_lopez\" width=\"249\" height=\"300\" srcset=\"https:\/\/webs.uab.cat\/gurb\/wp-content\/uploads\/sites\/586\/2015\/03\/img_web_lopez.jpg 429w, https:\/\/webs.uab.cat\/gurb\/wp-content\/uploads\/sites\/586\/2015\/03\/img_web_lopez-249x300.jpg 249w\" sizes=\"auto, (max-width: 249px) 100vw, 249px\" \/>Joan L\u00f3pez Redondo<\/strong><\/em> \u00e9s Doctor en Geografia (2018) i Llicenciat en Geografia (1990) per la Universitat Aut\u00f2noma de Barcelona, postgrau en Direcci\u00f3 d\u2019Empresa per la Universitat Pompeu Fabra (2006) i m\u00e0ster en Estudis Territorials i de la Poblaci\u00f3 per la Universitat Aut\u00f2noma de Barcelona (2013). Ha estat investigador i Cap de l\u2019\u00c0rea de Territori a l\u2019<a href=\"http:\/\/www.iermb.uab.es\/\" target=\"_blank\" rel=\"noopener\">Institut d\u2019Estudis Regionals i Metropolitans de Barcelona<\/a> (1993-2006), professor associat a la UAB (1996-2000), consultor a <em>Cofer Grupo Consultor S.L.<\/em> (2000-2006) i Director d\u2019Estudis Urbans a l\u2019<a href=\"http:\/\/www.ietcat.org\" target=\"_blank\" rel=\"noopener\">Institut d\u2019Estudis Territorials<\/a>\u00a0(2006-2013). Actualment forma part del Servei de Redacci\u00f3 del Pla Director Urban\u00edstic de l&#8217;<a href=\"http:\/\/www.amb.cat\/s\/home.html\" target=\"_blank\" rel=\"noopener\">\u00c0rea Metropolitana de Barcelona<\/a>. \u00c9s membre del GURB i professor associat de la Universitat Aut\u00f2noma de Barcelona des de setembre de 2013.<\/p>\n<hr \/>\n<p style=\"text-align:center\"><strong><a href=\"https:\/\/joanlopez.jimdo.com\/\" target=\"_blank\" rel=\"noopener\">P\u00e0gina web personal<\/a>\u00a0|\u00a0<a href=\"https:\/\/gurbuab.wordpress.com\/publicacions-joan-lopez\/\">Publicacions<\/a> | <a title=\"ACTES JOAN LOPEZ\" href=\"https:\/\/gurbuab.wordpress.com\/actes-joan-lopez\/\">Actes<\/a><\/strong><\/p>\n<p style=\"text-align:center\"><img loading=\"lazy\" decoding=\"async\" class=\"alignnone  wp-image-908\" src=\"https:\/\/webs.uab.cat\/gurb\/wp-content\/uploads\/sites\/586\/2016\/12\/linkedin.png\" alt=\"linkedin\" width=\"30\" height=\"30\" \/>\u00a0<img loading=\"lazy\" decoding=\"async\" class=\"alignnone  wp-image-907\" src=\"https:\/\/webs.uab.cat\/gurb\/wp-content\/uploads\/sites\/586\/2016\/12\/mendeley.png\" alt=\"mendeley\" width=\"30\" height=\"30\" \/>\u00a0<img loading=\"lazy\" decoding=\"async\" class=\"alignnone  wp-image-904\" src=\"https:\/\/webs.uab.cat\/gurb\/wp-content\/uploads\/sites\/586\/2016\/12\/academia.png\" alt=\"academia\" width=\"30\" height=\"30\" \/>\u00a0<img loading=\"lazy\" decoding=\"async\" class=\"alignnone  wp-image-906\" src=\"https:\/\/webs.uab.cat\/gurb\/wp-content\/uploads\/sites\/586\/2016\/12\/twitter.png\" alt=\"twitter\" width=\"30\" height=\"30\" \/>\u00a0<img loading=\"lazy\" decoding=\"async\" class=\"alignnone  wp-image-905\" src=\"https:\/\/webs.uab.cat\/gurb\/wp-content\/uploads\/sites\/586\/2016\/12\/facebook.png\" alt=\"facebook\" width=\"30\" height=\"30\" \/>\u00a0<img loading=\"lazy\" decoding=\"async\" class=\"alignnone  wp-image-918\" src=\"https:\/\/webs.uab.cat\/gurb\/wp-content\/uploads\/sites\/586\/2016\/12\/instagram.png\" alt=\"instagram\" width=\"30\" height=\"30\" \/><\/p>\n","protected":false},"excerpt":{"rendered":"<p>Joan L\u00f3pez Redondo \u00e9s Doctor en Geografia (2018) i Llicenciat en Geografia (1990) per la Universitat Aut\u00f2noma de Barcelona, postgrau en Direcci\u00f3 d\u2019Empresa per la Universitat Pompeu Fabra (2006) i m\u00e0ster en Estudis Territorials i de la Poblaci\u00f3 per la Universitat Aut\u00f2noma de Barcelona (2013). Ha estat investigador i Cap de l\u2019\u00c0rea de Territori a [&hellip;]<\/p>\n","protected":false},"author":2819,"featured_media":0,"parent":0,"menu_order":0,"comment_status":"closed","ping_status":"closed","template":"","meta":{"footnotes":""},"class_list":["post-79","page","type-page","status-publish","hentry"],"_links":{"self":[{"href":"https:\/\/webs.uab.cat\/gurb\/wp-json\/wp\/v2\/pages\/79","targetHints":{"allow":["GET"]}}],"collection":[{"href":"https:\/\/webs.uab.cat\/gurb\/wp-json\/wp\/v2\/pages"}],"about":[{"href":"https:\/\/webs.uab.cat\/gurb\/wp-json\/wp\/v2\/types\/page"}],"author":[{"embeddable":true,"href":"https:\/\/webs.uab.cat\/gurb\/wp-json\/wp\/v2\/users\/2819"}],"replies":[{"embeddable":true,"href":"https:\/\/webs.uab.cat\/gurb\/wp-json\/wp\/v2\/comments?post=79"}],"version-history":[{"count":0,"href":"https:\/\/webs.uab.cat\/gurb\/wp-json\/wp\/v2\/pages\/79\/revisions"}],"wp:attachment":[{"href":"https:\/\/webs.uab.cat\/gurb\/wp-json\/wp\/v2\/media?parent=79"}],"curies":[{"name":"wp","href":"https:\/\/api.w.org\/{rel}","templated":true}]}}