{"id":207,"date":"2025-09-22T16:24:25","date_gmt":"2025-09-22T14:24:25","guid":{"rendered":"https:\/\/webs.uab.cat\/hntg\/?page_id=207"},"modified":"2026-04-01T12:53:37","modified_gmt":"2026-04-01T10:53:37","slug":"microcredenciales","status":"publish","type":"page","link":"https:\/\/webs.uab.cat\/hntg\/microcredenciales\/","title":{"rendered":"Microcredenciales"},"content":{"rendered":"\n<p><strong>Nueva oferta de Microcredenciales en Audiolog\u00eda y Neurotecnolog\u00eda Auditiva \u2013 UAB 2025-2026<\/strong><\/p>\n\n\n\n<p>La&nbsp;<strong>Universitat Aut\u00f2noma de Barcelona (UAB)<\/strong>&nbsp;en colaboraci\u00f3n con el&nbsp;<strong>Hearing and NeuroTechnology Group (HNTG)<\/strong>&nbsp;presenta un conjunto de&nbsp;<strong>6 microcredenciales especializadas<\/strong>&nbsp;en audiolog\u00eda, neurotecnolog\u00eda y rehabilitaci\u00f3n auditiva.<\/p>\n\n\n\n<p><strong>Informaci\u00f3n general:<\/strong>&nbsp;Estos estudios est\u00e1n financiados con fondos p\u00fablicos con una subvenci\u00f3n del 70% del importe del programa formativo (el alumnado s\u00f3lo tendr\u00e1 que pagar el 30% restante). Est\u00e1n dirigidos a personas residentes de entre 25&nbsp;y 64 a\u00f1os aparte de los requisitos propios que pueda establecer cada microcredencial.<br><a href=\"https:\/\/www.uab.cat\/web\/estudios\/microcredenciales-uab\/que-son-1345946605763.html\">https:\/\/www.uab.cat\/web\/estudios\/microcredenciales-uab\/que-son-1345946605763.html<\/a><\/p>\n\n\n\n<hr class=\"wp-block-separator has-alpha-channel-opacity\" \/>\n\n\n\n<p> <strong>Calendario: octubre 2025 \u2013 marzo 2026<\/strong><br><\/p>\n\n\n\n<h3 class=\"wp-block-heading\"><strong>Microcredenciales:<\/strong><\/h3>\n\n\n\n<p><strong><a href=\"https:\/\/www.uab.cat\/web\/postgrado\/microcredencial-en-micromecanica-coclear\/informacion-general-1206597475768.html\/param1-5200_es\/\">Micromec\u00e1nica coclear<\/a><\/strong>&nbsp;(27\/10\/2025 \u2013 16\/11\/2025)<br><em>Franklin Alvarez<\/em>&nbsp;\u2013 Ingeniero y doctorando, Universidad M\u00e9dica de Hannover<\/p>\n\n\n\n<p><strong><a href=\"https:\/\/www.uab.cat\/web\/postgrado\/microcredencial-en-psicoacustica-principios-y-aplicaciones-en-la-percepcion-auditiva\/informacion-general-1206597475768.html\/param1-5201_es\/\">Psicoac\u00fastica: principios y aplicaciones en la percepci\u00f3n auditiva<\/a><\/strong>&nbsp;(17\/11\/2025 \u2013 07\/12\/2025)<br><em>Mechthild Meierott<\/em>&nbsp;\u2013 Ingeniera, Universidad de Oldenburg; doctoranda UAB,<br><em>Helen Wolf<\/em> \u2013 Ingeniera, Universidad T\u00e9cnica de Dinamarca; doctoranda UAB<\/p>\n\n\n\n<p><strong><a href=\"https:\/\/www.uab.cat\/web\/postgrado\/microcredencial-en-procesos-de-senal-avanzados-en-los-dispositivos-de-tratamiento-de-la-perdida-auditiva-audifonos-implantes-cocleares-y-implantes-centrales\/informacion-general-1206597475768.html\/param1-5199_es\/\">Procesamiento avanzado de se\u00f1al en aud\u00edfonos, implantes cocleares y centrales<\/a><\/strong>&nbsp;(08\/12\/2025 \u2013 18\/01\/2026)<br><em>Waldo Nogueira<\/em>&nbsp;\u2013 Profesor, Universidad M\u00e9dica de Hannover y UAB<\/p>\n\n\n\n<p><strong><a href=\"https:\/\/www.uab.cat\/web\/postgrado\/microcredencial-en-estadistica-avanzada-ia-y-big-data-en-audiologia\/informacion-general-1206597475768.html\/param1-5203_es\/\">Estad\u00edstica avanzada, IA y Big Data en audiolog\u00eda<\/a><\/strong>&nbsp;(19\/01\/2026 \u2013 08\/02\/2026)<br><em>Tom Gajecki<\/em>&nbsp;\u2013 Doctor, Universidad M\u00e9dica de Hannover<\/p>\n\n\n\n<p><strong><a href=\"https:\/\/www.uab.cat\/web\/postgrado\/microcredencial-en-fisiopatologia-del-oido-i-dispositivos-de-diagnostico-de-la-audicion\/informacion-general-1206597475768.html\/param1-5204_es\/\">Fisiopatolog\u00eda del o\u00eddo y dispositivos de diagn\u00f3stico auditivo<\/a><\/strong>&nbsp;(09\/02\/2026 \u2013 01\/03\/2026)<br><em>Constantino Dragicevic<\/em>&nbsp;\u2013 Doctor, UAB<\/p>\n\n\n\n<p><strong><a href=\"https:\/\/www.uab.cat\/web\/postgrado\/microcredencial-en-dispositivos-para-el-diganostico-y-rehabilitacion-vestibular\/informacion-general-1206597475768.html\/param1-5202_es\/\">Dispositivos para el diagn\u00f3stico y rehabilitaci\u00f3n vestibular<\/a><\/strong>&nbsp;(02\/03\/2026 \u2013 22\/03\/2026)<br><em>Daniele de Siati<\/em>&nbsp;\u2013 MD YO-IFOS, Bruselas<\/p>\n\n\n\n<div style=\"height:36px\" aria-hidden=\"true\" class=\"wp-block-spacer\"><\/div>\n\n\n\n<ul class=\"wp-block-list\">\n<li><strong>Cada microcredencial: 3 ECTS<\/strong><\/li>\n\n\n\n<li><strong>Formato h\u00edbrido<\/strong>:<\/li>\n\n\n\n<li>10 h de teor\u00eda virtual<\/li>\n\n\n\n<li>8 h de laboratorio presencial<\/li>\n\n\n\n<li>2 h de evaluaci\u00f3n<\/li>\n\n\n\n<li>1 h de tutor\u00eda<\/li>\n\n\n\n<li>Trabajo aut\u00f3nomo<\/li>\n<\/ul>\n\n\n\n<p><\/p>\n\n\n\n<ul class=\"wp-block-list\">\n<li><strong>Sesiones te\u00f3ricas<\/strong>: martes y jueves de 18:00 a 20:00 (sem. 1 +2), martes (sem. 3)<\/li>\n\n\n\n<li><strong>Laboratorio presencial<\/strong>: viernes de 09:00 a 13:00 y de 14:00 a 18:00 (sem. 3)<br><\/li>\n<\/ul>\n\n\n\n<p><strong>Exemplo de un posible horario:<\/strong><\/p>\n\n\n\n<p>Semana 1: <\/p>\n\n\n\n<ul class=\"wp-block-list\">\n<li>Martes&nbsp; 18:00-20:00<\/li>\n\n\n\n<li>Jueves 18:00-20:00<\/li>\n<\/ul>\n\n\n\n<p>Semana 2: <\/p>\n\n\n\n<ul class=\"wp-block-list\">\n<li>Martes 18:00-20:00<\/li>\n\n\n\n<li>Jueves 18:00-20:00<\/li>\n<\/ul>\n\n\n\n<p>Semana 3:<\/p>\n\n\n\n<ul class=\"wp-block-list\">\n<li>Martes&nbsp; 18:00-20:00<\/li>\n\n\n\n<li>Viernes&nbsp;09:00-13:00 i de 14:00-18:00<\/li>\n<\/ul>\n\n\n\n<p><\/p>\n\n\n\n<p>Cada microcredencial tiene una duraci\u00f3n de 3 semanas. Durante las semanas, las clases se imparten los martes y jueves de 18:00 a 20:00\u202fh, en la tercera semana solo el martes de 18:00 a 20:00\u202fh. La prueba pr\u00e1ctica se realiza bien en un solo viernes con una duraci\u00f3n total de 8 horas.<\/p>\n\n\n\n<p>El curso se imparte en espa\u00f1ol.<\/p>\n\n\n\n<p><\/p>\n\n\n\n<p>\ud83d\udd17 <strong>Inscripciones y m\u00e1s informaci\u00f3n<\/strong>: Lourdes Encinas, <a href=\"mailto:lourdes.encinas@uab.cat\">lourdes.encinas@uab.cat<\/a><\/p>\n\n\n\n<p class=\"has-text-align-center\"><\/p>\n\n\n\n<p><\/p>\n","protected":false},"excerpt":{"rendered":"<p>Nueva oferta de Microcredenciales en Audiolog\u00eda y Neurotecnolog\u00eda Auditiva \u2013 UAB 2025-2026 La&nbsp;Universitat Aut\u00f2noma de Barcelona (UAB)&nbsp;en colaboraci\u00f3n con el&nbsp;Hearing and NeuroTechnology Group (HNTG)&nbsp;presenta un conjunto de&nbsp;6 microcredenciales especializadas&nbsp;en audiolog\u00eda, neurotecnolog\u00eda y rehabilitaci\u00f3n auditiva. Informaci\u00f3n general:&nbsp;Estos estudios est\u00e1n financiados con fondos p\u00fablicos con una subvenci\u00f3n del 70% del importe del programa formativo (el alumnado s\u00f3lo [&hellip;]<\/p>\n","protected":false},"author":3097,"featured_media":0,"parent":0,"menu_order":0,"comment_status":"closed","ping_status":"closed","template":"","meta":{"footnotes":""},"class_list":["post-207","page","type-page","status-publish","hentry"],"_links":{"self":[{"href":"https:\/\/webs.uab.cat\/hntg\/wp-json\/wp\/v2\/pages\/207","targetHints":{"allow":["GET"]}}],"collection":[{"href":"https:\/\/webs.uab.cat\/hntg\/wp-json\/wp\/v2\/pages"}],"about":[{"href":"https:\/\/webs.uab.cat\/hntg\/wp-json\/wp\/v2\/types\/page"}],"author":[{"embeddable":true,"href":"https:\/\/webs.uab.cat\/hntg\/wp-json\/wp\/v2\/users\/3097"}],"replies":[{"embeddable":true,"href":"https:\/\/webs.uab.cat\/hntg\/wp-json\/wp\/v2\/comments?post=207"}],"version-history":[{"count":31,"href":"https:\/\/webs.uab.cat\/hntg\/wp-json\/wp\/v2\/pages\/207\/revisions"}],"predecessor-version":[{"id":499,"href":"https:\/\/webs.uab.cat\/hntg\/wp-json\/wp\/v2\/pages\/207\/revisions\/499"}],"wp:attachment":[{"href":"https:\/\/webs.uab.cat\/hntg\/wp-json\/wp\/v2\/media?parent=207"}],"curies":[{"name":"wp","href":"https:\/\/api.w.org\/{rel}","templated":true}]}}