{"id":81,"date":"2025-07-24T09:36:18","date_gmt":"2025-07-24T07:36:18","guid":{"rendered":"https:\/\/webs.uab.cat\/hntg\/?page_id=81"},"modified":"2026-03-24T18:58:03","modified_gmt":"2026-03-24T16:58:03","slug":"media-and-outreach","status":"publish","type":"page","link":"https:\/\/webs.uab.cat\/hntg\/media-and-outreach\/","title":{"rendered":"Media and Outreach"},"content":{"rendered":"\n<div style=\"height:57px\" aria-hidden=\"true\" class=\"wp-block-spacer\"><\/div>\n\n\n\n<p>Organization of the Innovations in Hearing Implant Research  (IHI) 2026 conference Sant Feliu de Guixols Conference October 1-3, 2026 . <a href=\"https:\/\/www.ihi2026.com\/\">https:\/\/www.ihi2026.com\/<\/a><\/p>\n\n\n\n<hr class=\"wp-block-separator has-alpha-channel-opacity\" \/>\n\n\n\n<div class=\"wp-block-group is-nowrap is-layout-flex wp-container-core-group-is-layout-ad2f72ca wp-block-group-is-layout-flex\">\n<p>Simon Doclo and Waldo Nogueira. Accepted session at <strong>ICASSP 2026<\/strong> in Barcelona: <em>Multimodal Processing for Head-worn Devices <\/em><br><a href=\"https:\/\/2026.ieeeicassp.org\/special-sessions\/\">https:\/\/2026.ieeeicassp.org\/special-sessions\/<\/a><\/p>\n\n\n\n<div style=\"height:57px;width:0px\" aria-hidden=\"true\" class=\"wp-block-spacer wp-container-content-44a12549\"><\/div>\n<\/div>\n\n\n\n<hr class=\"wp-block-separator has-alpha-channel-opacity\" \/>\n\n\n<p>Presentation within de Cerevella&#8217;t series: <em>El futur dels dispositius auditius<\/em>, by\u00a0 Waldo Nogueira (link)<\/p>\n\n\n<hr class=\"wp-block-separator has-alpha-channel-opacity\" \/>\n\n\n<p>Presentati\u00f3 28enes Jornades Federaci\u00f3. Noves pr\u00f2tesis auditives i millores existents:\u00a0 ACCAPS\u00a0<\/p>\n<p><iframe loading=\"lazy\" title=\"Noves pr\u00f2tesis auditives i millores en les existents\" width=\"580\" height=\"326\" src=\"https:\/\/www.youtube.com\/embed\/c5SUS4lcUtQ?feature=oembed\" frameborder=\"0\" allow=\"accelerometer; autoplay; clipboard-write; encrypted-media; gyroscope; picture-in-picture; web-share\" referrerpolicy=\"strict-origin-when-cross-origin\" allowfullscreen><\/iframe><\/p>\n\n\n<hr class=\"wp-block-separator has-alpha-channel-opacity\" \/>\n\n\n\n<ul class=\"wp-block-list\">\n<li>Webinar for Audifonos.org (in Spanish): Hacie nuevos dispositivos de diagn\u00f3stico y rehabilitaci\u00f3n del sistema auditivo basados en la interacci\u00f3n con estimulaci\u00f3n el\u00e9ctrico ac\u00fastica<\/li>\n<\/ul>\n\n\n\n<figure class=\"wp-block-embed is-type-video is-provider-youtube wp-block-embed-youtube wp-embed-aspect-16-9 wp-has-aspect-ratio\"><div class=\"wp-block-embed__wrapper\">\n<iframe loading=\"lazy\" title=\"Hacia nuevos dispositivos de DIAGN\u00d3STICO y REHABILITACI\u00d3N del sistema auditivo\" width=\"580\" height=\"326\" src=\"https:\/\/www.youtube.com\/embed\/xPiV3sfiiJA?feature=oembed\" frameborder=\"0\" allow=\"accelerometer; autoplay; clipboard-write; encrypted-media; gyroscope; picture-in-picture; web-share\" referrerpolicy=\"strict-origin-when-cross-origin\" allowfullscreen><\/iframe>\n<\/div><\/figure>\n\n\n\n<ul class=\"wp-block-list\">\n<li>Dr. Waldo Nogueira Takes Part in the &#8216;Espa\u00f1a ATRAE&#8217; Meeting: <a href=\"https:\/\/www.uab.cat\/en\/incuab\/news\/20250319\/not250319drwaldoen\">Link<\/a><\/li>\n<\/ul>\n\n\n\n<ul class=\"wp-block-list\">\n<li><a href=\"https:\/\/www.youtube.com\/watch?v=c5SUS4lcUtQ\">Presentation of the ATRAE project Neuro-Hear at the ACCAPs<\/a><\/li>\n<\/ul>\n\n\n\n<p><\/p>\n","protected":false},"excerpt":{"rendered":"<p>Organization of the Innovations in Hearing Implant Research (IHI) 2026 conference Sant Feliu de Guixols Conference October 1-3, 2026 . https:\/\/www.ihi2026.com\/ Simon Doclo and Waldo Nogueira. Accepted session at ICASSP 2026 in Barcelona: Multimodal Processing for Head-worn Devices https:\/\/2026.ieeeicassp.org\/special-sessions\/ Presentation within de Cerevella&#8217;t series: El futur dels dispositius auditius, by\u00a0 Waldo Nogueira (link) Presentati\u00f3 28enes [&hellip;]<\/p>\n","protected":false},"author":3091,"featured_media":0,"parent":0,"menu_order":0,"comment_status":"closed","ping_status":"closed","template":"","meta":{"footnotes":""},"class_list":["post-81","page","type-page","status-publish","hentry"],"_links":{"self":[{"href":"https:\/\/webs.uab.cat\/hntg\/wp-json\/wp\/v2\/pages\/81","targetHints":{"allow":["GET"]}}],"collection":[{"href":"https:\/\/webs.uab.cat\/hntg\/wp-json\/wp\/v2\/pages"}],"about":[{"href":"https:\/\/webs.uab.cat\/hntg\/wp-json\/wp\/v2\/types\/page"}],"author":[{"embeddable":true,"href":"https:\/\/webs.uab.cat\/hntg\/wp-json\/wp\/v2\/users\/3091"}],"replies":[{"embeddable":true,"href":"https:\/\/webs.uab.cat\/hntg\/wp-json\/wp\/v2\/comments?post=81"}],"version-history":[{"count":23,"href":"https:\/\/webs.uab.cat\/hntg\/wp-json\/wp\/v2\/pages\/81\/revisions"}],"predecessor-version":[{"id":493,"href":"https:\/\/webs.uab.cat\/hntg\/wp-json\/wp\/v2\/pages\/81\/revisions\/493"}],"wp:attachment":[{"href":"https:\/\/webs.uab.cat\/hntg\/wp-json\/wp\/v2\/media?parent=81"}],"curies":[{"name":"wp","href":"https:\/\/api.w.org\/{rel}","templated":true}]}}

<div style="height:57px" aria-hidden="true" class="wp-block-spacer"></div>



<p>Organization of the Innovations in Hearing Implant Research  (IHI) 2026 conference Sant Feliu de Guixols Conference October 1-3, 2026 . <a href="https://www.ihi2026.com/">https://www.ihi2026.com/</a></p>



<hr class="wp-block-separator has-alpha-channel-opacity" />



<div class="wp-block-group is-nowrap is-layout-flex wp-container-core-group-is-layout-ad2f72ca wp-block-group-is-layout-flex">
<p>Simon Doclo and Waldo Nogueira. Accepted session at <strong>ICASSP 2026</strong> in Barcelona: <em>Multimodal Processing for Head-worn Devices </em><br><a href="https://2026.ieeeicassp.org/special-sessions/">https://2026.ieeeicassp.org/special-sessions/</a></p>



<div style="height:57px;width:0px" aria-hidden="true" class="wp-block-spacer wp-container-content-44a12549"></div>
</div>



<hr class="wp-block-separator has-alpha-channel-opacity" />


<p>Presentation within de Cerevella&#8217;t series: <em>El futur dels dispositius auditius</em>, by  Waldo Nogueira (link)</p>


<hr class="wp-block-separator has-alpha-channel-opacity" />


<p>Presentatió 28enes Jornades Federació. Noves pròtesis auditives i millores existents:  ACCAPS </p>
<p><iframe loading="lazy" title="Noves pròtesis auditives i millores en les existents" width="580" height="326" src="https://www.youtube.com/embed/c5SUS4lcUtQ?feature=oembed" frameborder="0" allow="accelerometer; autoplay; clipboard-write; encrypted-media; gyroscope; picture-in-picture; web-share" referrerpolicy="strict-origin-when-cross-origin" allowfullscreen></iframe></p>


<hr class="wp-block-separator has-alpha-channel-opacity" />



<ul class="wp-block-list">
<li>Webinar for Audifonos.org (in Spanish): Hacie nuevos dispositivos de diagnóstico y rehabilitación del sistema auditivo basados en la interacción con estimulación eléctrico acústica</li>
</ul>



<figure class="wp-block-embed is-type-video is-provider-youtube wp-block-embed-youtube wp-embed-aspect-16-9 wp-has-aspect-ratio"><div class="wp-block-embed__wrapper">
<iframe loading="lazy" title="Hacia nuevos dispositivos de DIAGNÓSTICO y REHABILITACIÓN del sistema auditivo" width="580" height="326" src="https://www.youtube.com/embed/xPiV3sfiiJA?feature=oembed" frameborder="0" allow="accelerometer; autoplay; clipboard-write; encrypted-media; gyroscope; picture-in-picture; web-share" referrerpolicy="strict-origin-when-cross-origin" allowfullscreen></iframe>
</div></figure>



<ul class="wp-block-list">
<li>Dr. Waldo Nogueira Takes Part in the &#8216;España ATRAE&#8217; Meeting: <a href="https://www.uab.cat/en/incuab/news/20250319/not250319drwaldoen">Link</a></li>
</ul>



<ul class="wp-block-list">
<li><a href="https://www.youtube.com/watch?v=c5SUS4lcUtQ">Presentation of the ATRAE project Neuro-Hear at the ACCAPs</a></li>
</ul>



<p></p>

<p>Organization of the Innovations in Hearing Implant Research (IHI) 2026 conference Sant Feliu de Guixols Conference October 1-3, 2026 . https://www.ihi2026.com/ Simon Doclo and Waldo Nogueira. Accepted session at ICASSP 2026 in Barcelona: Multimodal Processing for Head-worn Devices https://2026.ieeeicassp.org/special-sessions/ Presentation within de Cerevella&#8217;t series: El futur dels dispositius auditius, by  Waldo Nogueira (link) Presentatió 28enes [&hellip;]</p>
