{"id":1724,"date":"2013-09-16T14:27:23","date_gmt":"2013-09-16T12:27:23","guid":{"rendered":"https:\/\/webs.uab.cat\/hpca4se\/projecte\/projecte-mycore-2\/"},"modified":"2013-09-16T14:27:23","modified_gmt":"2013-09-16T12:27:23","slug":"projecte-mycore-2","status":"publish","type":"projecte","link":"https:\/\/webs.uab.cat\/hpca4se\/es\/projecte\/projecte-mycore-2\/","title":{"rendered":"Projecte MyCore"},"content":{"rendered":"<p><strong>Investigador Principal<\/strong><\/p>\n<p>&nbsp;&nbsp;&nbsp;&nbsp; Tom\u00e0s Manuel Margalef Burrull<\/p>\n<p><strong>Investigadores<\/strong><br \/>\n<strong>&nbsp;&nbsp;&nbsp;&nbsp; <\/strong>Ana Cort\u00e9s Fit\u00e9<br \/>\n&nbsp;&nbsp;&nbsp;&nbsp; Carlos Brun Sorribas<br \/>\n<strong>&nbsp;&nbsp;&nbsp;&nbsp; <\/strong>Julio Cesar Garc\u00eda Vizca\u00edno<br \/>\n&nbsp;&nbsp;&nbsp;&nbsp; Antonio Espinosa Morales<br \/>\n<strong>&nbsp;&nbsp;&nbsp;&nbsp; <\/strong>Porfidio Hern\u00e1ndez Bud\u00e9<br \/>\n&nbsp;&nbsp;&nbsp;&nbsp; Miquel Angel Senar Rosell<br \/>\n&nbsp;&nbsp;&nbsp;&nbsp; Aprigio Augusto Lopes Bezerra<br \/>\n&nbsp;&nbsp;&nbsp;&nbsp; Andr\u00e9s Cencerrado Barraqu\u00e9<br \/>\n<strong>&nbsp;&nbsp;&nbsp;&nbsp; <\/strong>Joan Sorribes Gomis<br \/>\n<strong>&nbsp;&nbsp;&nbsp;&nbsp; <\/strong>Anna Morajko<br \/>\n<strong>&nbsp;&nbsp;&nbsp;&nbsp; <\/strong>Ana Ripoll Aracil<br \/>\n<strong>&nbsp;&nbsp;&nbsp;&nbsp; <\/strong>Juan Carlos Moure L\u00f3pez<br \/>\n<strong>&nbsp;&nbsp;&nbsp;&nbsp; <\/strong>Eduardo C\u00e9sar Galobardes<br \/>\n<strong>&nbsp;&nbsp;&nbsp;&nbsp; <\/strong>Andreu Moreno Vendrell<br \/>\n<strong>&nbsp;&nbsp;&nbsp;&nbsp; <\/strong>C\u00e9sar Allande \u00c1lvarez<br \/>\n<strong>&nbsp;&nbsp;&nbsp;&nbsp; <\/strong>Tharso De Souza Ferreira<br \/>\n<strong>&nbsp;&nbsp;&nbsp;&nbsp; <\/strong>Claudio Daniel M\u00e1rquez P\u00e9rez<br \/>\n<strong>&nbsp;&nbsp;&nbsp;&nbsp; <\/strong>Claudia Andreina Rosas Mendoza<br \/>\n<strong>&nbsp;&nbsp;&nbsp;&nbsp; <\/strong>Andrea Maria Mart\u00ednez Trujillo<br \/>\n<strong>&nbsp;&nbsp;&nbsp;&nbsp; <\/strong>Alvaro Chalar Zu\u00f1iga<br \/>\n<strong>&nbsp;&nbsp;&nbsp;&nbsp; <\/strong>Arindam Choudhury<br \/>\n<strong>&nbsp;&nbsp;&nbsp;&nbsp; <\/strong>Gonzalo Vera Rodr\u00edguez<br \/>\n<strong>&nbsp;&nbsp;&nbsp;&nbsp; <\/strong>Abel Castellanos Carrazana<br \/>\n<strong>&nbsp;&nbsp;&nbsp;&nbsp; <\/strong>Josep Jorba Esteve<br \/>\n<strong>&nbsp;&nbsp;&nbsp;&nbsp; <\/strong>Gemma Sanjuan<br \/>\n<strong>&nbsp;&nbsp;&nbsp;&nbsp; <\/strong>Tom\u00e0s Art\u00e9s<br \/>\n<strong>&nbsp;&nbsp;&nbsp;&nbsp; <\/strong>Alejandro Chac\u00f3n<\/p>\n<p><strong>Estructura del proyect<strong>o<br \/>\n<strong><strong>&nbsp;&nbsp;&nbsp;&nbsp; <\/strong><\/strong><\/strong><\/strong>L&#8217;objectiu central d&#8217;aquest projecte \u00e9s l&#8217;investigaci\u00f3 d&#8217;idees, t\u00e8cniques, pol\u00edtiques i mecanismes per l&#8217;execuci\u00f3 eficient d&#8217;aplicacions multidisciplinars amb elevats requeriments computacionals i de dades, sobre sistemes de l&#8217;era multi\/many core que inclouen clusters, supercomputadors de peta\/exaescala, i sistemes de c\u00f2mput peer-to-peer i cloud. El projecte s&#8217;organitza en quatre nivells estretament relacionats:<\/p>\n<ul>\n<li>\n<p><strong>Aplicaciones:<\/strong> S&#8217;estudiaran diverses aplicacions multidisciplinars que representen un desafiament significatiu des del punt de vista computacional, i a m\u00e9s per al propi desenvolupament del camp espec\u00edfic de la ci\u00e8ncia o enginyeria (bioinform\u00e0tica, mediambient, industrial, \u2026).<\/p>\n<\/li>\n<li>\n<p><strong>Modelos de Programaci\u00f3n y Entornos de Ejecuci\u00f3n:<\/strong> S&#8217;han de reconsiderar a la llum de les noves tend\u00e8ncies en l&#8217;arquitectura (organitzaci\u00f3 del c\u00f2mput, mem\u00f2ria i comunicacions) i dels requisits de les aplicacions seleccionades. \u00c9s obligat l&#8217;an\u00e0lisi de les solucions existents m\u00e9s adequades i el desenvolupament d&#8217;extensions espec\u00edfiques.<\/p>\n<\/li>\n<li>\n<p><strong>Modelado, Evaluaci\u00f3n y Sintonizaci\u00f3n de Rendimiento:<\/strong> Els models de rendiment s\u00f3n crucials per a la programaci\u00f3 eficient i la sintonitzaci\u00f3. Han d&#8217;ampliar-se o incl\u00fas redisenyar-se per a incorporar les caracter\u00edstiques de sistemes d&#8217;altes prestacions actuals i futurs. A m\u00e9s, han de replantejar-se els mecanismes de monitoritzaci\u00f3 i sintonitzaci\u00f3 per a ser efectius en sistemes multi\/many core a gran escala.<\/p>\n<\/li>\n<li>\n<p><strong>Mecanismos de Gesti\u00f3n de Recursos:<\/strong> Les pol\u00edtiques de distribuci\u00f3, asignaci\u00f3 i planificaci\u00f3 han d&#8217;analitzar-se en relaci\u00f3 al tipus de sistema i aplicaci\u00f3 considerats. S&#8217;investigaran propostes per a sistemes <em>cluster<\/em>,<em>peer-to-peer<\/em> i <em>cloud<\/em>, que incloguin la gesti\u00f3 a nivell de core.<\/p>\n<p><img decoding=\"async\" alt=\"\" src=\"\/hpca4se\/sites\/grupsderecerca.uab.cat.hpca4se\/files\/images\/Estructura_0.thumbnail.png\" \/><\/p>\n<\/li>\n<\/ul>\n","protected":false},"excerpt":{"rendered":"<p>Investigador Principal &nbsp;&nbsp;&nbsp;&nbsp; Tom\u00e0s Manuel Margalef Burrull Investigadores &nbsp;&nbsp;&nbsp;&nbsp; Ana Cort\u00e9s Fit\u00e9 &nbsp;&nbsp;&nbsp;&nbsp; Carlos Brun Sorribas &nbsp;&nbsp;&nbsp;&nbsp; Julio Cesar Garc\u00eda Vizca\u00edno &nbsp;&nbsp;&nbsp;&nbsp; Antonio Espinosa Morales &nbsp;&nbsp;&nbsp;&nbsp; Porfidio Hern\u00e1ndez Bud\u00e9 &nbsp;&nbsp;&nbsp;&nbsp; Miquel Angel Senar Rosell &nbsp;&nbsp;&nbsp;&nbsp; Aprigio Augusto Lopes Bezerra &nbsp;&nbsp;&nbsp;&nbsp; Andr\u00e9s Cencerrado Barraqu\u00e9 &nbsp;&nbsp;&nbsp;&nbsp; Joan Sorribes Gomis &nbsp;&nbsp;&nbsp;&nbsp; Anna Morajko &nbsp;&nbsp;&nbsp;&nbsp; Ana Ripoll Aracil &nbsp;&nbsp;&nbsp;&nbsp; [&hellip;]<\/p>\n","protected":false},"author":20,"featured_media":0,"template":"","class_list":["post-1724","projecte","type-projecte","status-publish","hentry"],"_links":{"self":[{"href":"https:\/\/webs.uab.cat\/hpca4se\/es\/wp-json\/wp\/v2\/projecte\/1724","targetHints":{"allow":["GET"]}}],"collection":[{"href":"https:\/\/webs.uab.cat\/hpca4se\/es\/wp-json\/wp\/v2\/projecte"}],"about":[{"href":"https:\/\/webs.uab.cat\/hpca4se\/es\/wp-json\/wp\/v2\/types\/projecte"}],"author":[{"embeddable":true,"href":"https:\/\/webs.uab.cat\/hpca4se\/es\/wp-json\/wp\/v2\/users\/20"}],"wp:attachment":[{"href":"https:\/\/webs.uab.cat\/hpca4se\/es\/wp-json\/wp\/v2\/media?parent=1724"}],"curies":[{"name":"wp","href":"https:\/\/api.w.org\/{rel}","templated":true}]}}

<p><strong>Investigador Principal</strong></p>
<p>&nbsp;&nbsp;&nbsp;&nbsp; Tomàs Manuel Margalef Burrull</p>
<p><strong>Investigadores</strong><br />
<strong>&nbsp;&nbsp;&nbsp;&nbsp; </strong>Ana Cortés Fité<br />
&nbsp;&nbsp;&nbsp;&nbsp; Carlos Brun Sorribas<br />
<strong>&nbsp;&nbsp;&nbsp;&nbsp; </strong>Julio Cesar García Vizcaíno<br />
&nbsp;&nbsp;&nbsp;&nbsp; Antonio Espinosa Morales<br />
<strong>&nbsp;&nbsp;&nbsp;&nbsp; </strong>Porfidio Hernández Budé<br />
&nbsp;&nbsp;&nbsp;&nbsp; Miquel Angel Senar Rosell<br />
&nbsp;&nbsp;&nbsp;&nbsp; Aprigio Augusto Lopes Bezerra<br />
&nbsp;&nbsp;&nbsp;&nbsp; Andrés Cencerrado Barraqué<br />
<strong>&nbsp;&nbsp;&nbsp;&nbsp; </strong>Joan Sorribes Gomis<br />
<strong>&nbsp;&nbsp;&nbsp;&nbsp; </strong>Anna Morajko<br />
<strong>&nbsp;&nbsp;&nbsp;&nbsp; </strong>Ana Ripoll Aracil<br />
<strong>&nbsp;&nbsp;&nbsp;&nbsp; </strong>Juan Carlos Moure López<br />
<strong>&nbsp;&nbsp;&nbsp;&nbsp; </strong>Eduardo César Galobardes<br />
<strong>&nbsp;&nbsp;&nbsp;&nbsp; </strong>Andreu Moreno Vendrell<br />
<strong>&nbsp;&nbsp;&nbsp;&nbsp; </strong>César Allande Álvarez<br />
<strong>&nbsp;&nbsp;&nbsp;&nbsp; </strong>Tharso De Souza Ferreira<br />
<strong>&nbsp;&nbsp;&nbsp;&nbsp; </strong>Claudio Daniel Márquez Pérez<br />
<strong>&nbsp;&nbsp;&nbsp;&nbsp; </strong>Claudia Andreina Rosas Mendoza<br />
<strong>&nbsp;&nbsp;&nbsp;&nbsp; </strong>Andrea Maria Martínez Trujillo<br />
<strong>&nbsp;&nbsp;&nbsp;&nbsp; </strong>Alvaro Chalar Zuñiga<br />
<strong>&nbsp;&nbsp;&nbsp;&nbsp; </strong>Arindam Choudhury<br />
<strong>&nbsp;&nbsp;&nbsp;&nbsp; </strong>Gonzalo Vera Rodríguez<br />
<strong>&nbsp;&nbsp;&nbsp;&nbsp; </strong>Abel Castellanos Carrazana<br />
<strong>&nbsp;&nbsp;&nbsp;&nbsp; </strong>Josep Jorba Esteve<br />
<strong>&nbsp;&nbsp;&nbsp;&nbsp; </strong>Gemma Sanjuan<br />
<strong>&nbsp;&nbsp;&nbsp;&nbsp; </strong>Tomàs Artés<br />
<strong>&nbsp;&nbsp;&nbsp;&nbsp; </strong>Alejandro Chacón</p>
<p><strong>Estructura del proyect<strong>o<br />
<strong><strong>&nbsp;&nbsp;&nbsp;&nbsp; </strong></strong></strong></strong>L&#8217;objectiu central d&#8217;aquest projecte és l&#8217;investigació d&#8217;idees, tècniques, polítiques i mecanismes per l&#8217;execució eficient d&#8217;aplicacions multidisciplinars amb elevats requeriments computacionals i de dades, sobre sistemes de l&#8217;era multi/many core que inclouen clusters, supercomputadors de peta/exaescala, i sistemes de còmput peer-to-peer i cloud. El projecte s&#8217;organitza en quatre nivells estretament relacionats:</p>
<ul>
<li>
<p><strong>Aplicaciones:</strong> S&#8217;estudiaran diverses aplicacions multidisciplinars que representen un desafiament significatiu des del punt de vista computacional, i a més per al propi desenvolupament del camp específic de la ciència o enginyeria (bioinformàtica, mediambient, industrial, …).</p>
</li>
<li>
<p><strong>Modelos de Programación y Entornos de Ejecución:</strong> S&#8217;han de reconsiderar a la llum de les noves tendències en l&#8217;arquitectura (organització del còmput, memòria i comunicacions) i dels requisits de les aplicacions seleccionades. És obligat l&#8217;anàlisi de les solucions existents més adequades i el desenvolupament d&#8217;extensions específiques.</p>
</li>
<li>
<p><strong>Modelado, Evaluación y Sintonización de Rendimiento:</strong> Els models de rendiment són crucials per a la programació eficient i la sintonització. Han d&#8217;ampliar-se o inclús redisenyar-se per a incorporar les característiques de sistemes d&#8217;altes prestacions actuals i futurs. A més, han de replantejar-se els mecanismes de monitorització i sintonització per a ser efectius en sistemes multi/many core a gran escala.</p>
</li>
<li>
<p><strong>Mecanismos de Gestión de Recursos:</strong> Les polítiques de distribució, asignació i planificació han d&#8217;analitzar-se en relació al tipus de sistema i aplicació considerats. S&#8217;investigaran propostes per a sistemes <em>cluster</em>,<em>peer-to-peer</em> i <em>cloud</em>, que incloguin la gestió a nivell de core.</p>
<p><img decoding="async" alt="" src="/hpca4se/sites/grupsderecerca.uab.cat.hpca4se/files/images/Estructura_0.thumbnail.png" /></p>
</li>
</ul>

<p>Investigador Principal &nbsp;&nbsp;&nbsp;&nbsp; Tomàs Manuel Margalef Burrull Investigadores &nbsp;&nbsp;&nbsp;&nbsp; Ana Cortés Fité &nbsp;&nbsp;&nbsp;&nbsp; Carlos Brun Sorribas &nbsp;&nbsp;&nbsp;&nbsp; Julio Cesar García Vizcaíno &nbsp;&nbsp;&nbsp;&nbsp; Antonio Espinosa Morales &nbsp;&nbsp;&nbsp;&nbsp; Porfidio Hernández Budé &nbsp;&nbsp;&nbsp;&nbsp; Miquel Angel Senar Rosell &nbsp;&nbsp;&nbsp;&nbsp; Aprigio Augusto Lopes Bezerra &nbsp;&nbsp;&nbsp;&nbsp; Andrés Cencerrado Barraqué &nbsp;&nbsp;&nbsp;&nbsp; Joan Sorribes Gomis &nbsp;&nbsp;&nbsp;&nbsp; Anna Morajko &nbsp;&nbsp;&nbsp;&nbsp; Ana Ripoll Aracil &nbsp;&nbsp;&nbsp;&nbsp; [&hellip;]</p>
