{"id":2532,"date":"2023-03-13T16:46:58","date_gmt":"2023-03-13T14:46:58","guid":{"rendered":"https:\/\/webs.uab.cat\/hpca4se\/?post_type=projecte&#038;p=2532"},"modified":"2025-10-24T16:50:35","modified_gmt":"2025-10-24T14:50:35","slug":"salus-wildfire-risk-solutions-for-spain","status":"publish","type":"projecte","link":"https:\/\/webs.uab.cat\/hpca4se\/es\/projecte\/salus-wildfire-risk-solutions-for-spain\/","title":{"rendered":"SALUS: Wildfire risk solutions for Spain"},"content":{"rendered":"\n<p>Identificador del proyecto: CPP2021-008762<\/p>\n\n\n\n<p>Entidad financiadora: Ministerio de Ciencia e Innovaci\u00f3n<\/p>\n\n\n\n<p>Fechas de ejecuci\u00f3n: de 01\/12\/2022 a 30\/11\/2025<\/p>\n\n\n\n<p>Investigador principal: Ana Cort\u00e9s<\/p>\n\n\n\n<p>Participantes: 6 (UAB), 2 TSR<\/p>\n\n\n\n<p>Los incenios forestales causaron cerca de 54.000 millones de Euros en Europa entre los a\u00f1os 2000 y 2017. Espa\u00f1a es uno de los pa\u00edses m\u00e1s afectados de Europa con 219 grandes incendios entre 2011 y 2020 y da\u00f1os por valor de 525 millones de euros. Estas cifras inevitablemente aumentar\u00e1n dadas las perspectivas de crecimiento econ\u00f3mico, el aumento esperado de la poblaci\u00f3n y el impacto previsto del cambio clim\u00e1tico<\/p>\n\n\n\n<p> El estado del arte actual en el pron\u00f3stico de la propagaci\u00f3n de incendios ha demostrado ser inadecuado para abordar lo que se est\u00e1 convirtiendo en un riesgo sist\u00e9mico. Las razones son muchas: desde la escasez de datos disponibles, capacidades limitadas, hasta la confianza en simulaciones estoc\u00e1sticas est\u00e1ticas de lo que podr\u00eda suceder utilizando datos hist\u00f3ricos, que simplemente no pueden capturar la din\u00e1mica evolutiva provocada por el cambio clim\u00e1tico.<\/p>\n\n\n\n<p>El proyecto SALUS (de la diosa romana de la seguridad y el bienestar) sienta las bases de un ecosistema integrado que combina modelos y herramientas innovadores impulsados \u200b\u200bpor la ciencia con soluciones de transferencia de riesgos capaces de reducir la brecha de protecci\u00f3n. Con este fin, SALUS re\u00fane a un consorcio de cuatro socios reconocidos por su experiencia en incendios forestales y su compromiso para mejorar la resiliencia social, la concienciaci\u00f3n sobre los riesgos y la preparaci\u00f3n de los ciudadanos ante los incendios forestales. Los entregables esperados se adaptan para tener un impacto inmediato al (i) involucrar a las partes interesadas relevantes; (ii) implementar pilotos operativos para una o m\u00e1s \u00e1reas en Espa\u00f1a; y (iii) allanar el camino para la ampliaci\u00f3n, lo que fortalecer\u00eda la capacidad institucional y apoyar\u00eda la transici\u00f3n socioecon\u00f3mica y ecol\u00f3gica hacia comunidades m\u00e1s resilientes.<\/p>\n\n\n\n<p>A corto plazo, SALUS contribuir\u00e1 con la disponibilidad de herramientas para mejorar la comprensi\u00f3n y el mapeo de los riesgos en evoluci\u00f3n de los eventos extremos de incendios forestales. A medio plazo, el proyecto se basa en un ambicioso plan de comercializaci\u00f3n y difusi\u00f3n a escala m\u00e1s all\u00e1 de Espa\u00f1a, en l\u00ednea con los objetivos de la UE en el espacio de incendios forestales en el marco de clima y energ\u00eda de la UE 2030. En su conjunto, SALUS busca un nuevo cambio de paradigma no solo en la forma en que respondemos a los riesgos relacionados con los incendios forestales, sino tambi\u00e9n en c\u00f3mo fortalecemos la resiliencia y aceleramos la recuperaci\u00f3n frente a un clima cambiante.<\/p>\n\n\n\n.embed-container {position: relative; padding-bottom: 80%; height: 0; max-width: 100%;} .embed-container iframe, .embed-container object, .embed-container iframe{position: absolute; top: 0; left: 0; width: 100%; height: 100%;} small{position: absolute; z-index: 40; bottom: 0; margin-bottom: -15px;}<div class=\"embed-container\"><\/div>\n\n\n<div class=\"wp-block-image\">\n<figure class=\"aligncenter size-full is-resized\"><img loading=\"lazy\" decoding=\"async\" src=\"https:\/\/webs.uab.cat\/hpca4se\/wp-content\/uploads\/sites\/299\/2023\/03\/SALUS-1.jpg\" alt=\"\" class=\"wp-image-2524\" width=\"384\" height=\"74\" srcset=\"https:\/\/webs.uab.cat\/hpca4se\/wp-content\/uploads\/sites\/299\/2023\/03\/SALUS-1.jpg 467w, https:\/\/webs.uab.cat\/hpca4se\/wp-content\/uploads\/sites\/299\/2023\/03\/SALUS-1-300x58.jpg 300w\" sizes=\"auto, (max-width: 384px) 100vw, 384px\" \/><\/figure>\n<\/div>","protected":false},"excerpt":{"rendered":"<p>Identificador del proyecto: CPP2021-008762 Entidad financiadora: Ministerio de Ciencia e Innovaci\u00f3n Fechas de ejecuci\u00f3n: de 01\/12\/2022 a 30\/11\/2025 Investigador principal: Ana Cort\u00e9s Participantes: 6 (UAB), 2 TSR Los incenios forestales causaron cerca de 54.000 millones de Euros en Europa entre los a\u00f1os 2000 y 2017. Espa\u00f1a es uno de los pa\u00edses m\u00e1s afectados de Europa [&hellip;]<\/p>\n","protected":false},"author":1457,"featured_media":0,"template":"","class_list":["post-2532","projecte","type-projecte","status-publish","hentry"],"_links":{"self":[{"href":"https:\/\/webs.uab.cat\/hpca4se\/es\/wp-json\/wp\/v2\/projecte\/2532","targetHints":{"allow":["GET"]}}],"collection":[{"href":"https:\/\/webs.uab.cat\/hpca4se\/es\/wp-json\/wp\/v2\/projecte"}],"about":[{"href":"https:\/\/webs.uab.cat\/hpca4se\/es\/wp-json\/wp\/v2\/types\/projecte"}],"author":[{"embeddable":true,"href":"https:\/\/webs.uab.cat\/hpca4se\/es\/wp-json\/wp\/v2\/users\/1457"}],"wp:attachment":[{"href":"https:\/\/webs.uab.cat\/hpca4se\/es\/wp-json\/wp\/v2\/media?parent=2532"}],"curies":[{"name":"wp","href":"https:\/\/api.w.org\/{rel}","templated":true}]}}

<p>Identificador del proyecto: CPP2021-008762</p>



<p>Entidad financiadora: Ministerio de Ciencia e Innovación</p>



<p>Fechas de ejecución: de 01/12/2022 a 30/11/2025</p>



<p>Investigador principal: Ana Cortés</p>



<p>Participantes: 6 (UAB), 2 TSR</p>



<p>Los incenios forestales causaron cerca de 54.000 millones de Euros en Europa entre los años 2000 y 2017. España es uno de los países más afectados de Europa con 219 grandes incendios entre 2011 y 2020 y daños por valor de 525 millones de euros. Estas cifras inevitablemente aumentarán dadas las perspectivas de crecimiento económico, el aumento esperado de la población y el impacto previsto del cambio climático</p>



<p> El estado del arte actual en el pronóstico de la propagación de incendios ha demostrado ser inadecuado para abordar lo que se está convirtiendo en un riesgo sistémico. Las razones son muchas: desde la escasez de datos disponibles, capacidades limitadas, hasta la confianza en simulaciones estocásticas estáticas de lo que podría suceder utilizando datos históricos, que simplemente no pueden capturar la dinámica evolutiva provocada por el cambio climático.</p>



<p>El proyecto SALUS (de la diosa romana de la seguridad y el bienestar) sienta las bases de un ecosistema integrado que combina modelos y herramientas innovadores impulsados ​​por la ciencia con soluciones de transferencia de riesgos capaces de reducir la brecha de protección. Con este fin, SALUS reúne a un consorcio de cuatro socios reconocidos por su experiencia en incendios forestales y su compromiso para mejorar la resiliencia social, la concienciación sobre los riesgos y la preparación de los ciudadanos ante los incendios forestales. Los entregables esperados se adaptan para tener un impacto inmediato al (i) involucrar a las partes interesadas relevantes; (ii) implementar pilotos operativos para una o más áreas en España; y (iii) allanar el camino para la ampliación, lo que fortalecería la capacidad institucional y apoyaría la transición socioeconómica y ecológica hacia comunidades más resilientes.</p>



<p>A corto plazo, SALUS contribuirá con la disponibilidad de herramientas para mejorar la comprensión y el mapeo de los riesgos en evolución de los eventos extremos de incendios forestales. A medio plazo, el proyecto se basa en un ambicioso plan de comercialización y difusión a escala más allá de España, en línea con los objetivos de la UE en el espacio de incendios forestales en el marco de clima y energía de la UE 2030. En su conjunto, SALUS busca un nuevo cambio de paradigma no solo en la forma en que respondemos a los riesgos relacionados con los incendios forestales, sino también en cómo fortalecemos la resiliencia y aceleramos la recuperación frente a un clima cambiante.</p>



.embed-container {position: relative; padding-bottom: 80%; height: 0; max-width: 100%;} .embed-container iframe, .embed-container object, .embed-container iframe{position: absolute; top: 0; left: 0; width: 100%; height: 100%;} small{position: absolute; z-index: 40; bottom: 0; margin-bottom: -15px;}<div class="embed-container"></div>


<div class="wp-block-image">
<figure class="aligncenter size-full is-resized"><img loading="lazy" decoding="async" src="https://webs.uab.cat/hpca4se/wp-content/uploads/sites/299/2023/03/SALUS-1.jpg" alt="" class="wp-image-2524" width="384" height="74" srcset="https://webs.uab.cat/hpca4se/wp-content/uploads/sites/299/2023/03/SALUS-1.jpg 467w, https://webs.uab.cat/hpca4se/wp-content/uploads/sites/299/2023/03/SALUS-1-300x58.jpg 300w" sizes="auto, (max-width: 384px) 100vw, 384px" /></figure>
</div>

<p>Identificador del proyecto: CPP2021-008762 Entidad financiadora: Ministerio de Ciencia e Innovación Fechas de ejecución: de 01/12/2022 a 30/11/2025 Investigador principal: Ana Cortés Participantes: 6 (UAB), 2 TSR Los incenios forestales causaron cerca de 54.000 millones de Euros en Europa entre los años 2000 y 2017. España es uno de los países más afectados de Europa [&hellip;]</p>
