{"id":243,"date":"2009-05-25T13:07:54","date_gmt":"2009-05-25T11:07:54","guid":{"rendered":"https:\/\/webs.uab.cat\/hpca4se\/inici\/"},"modified":"2023-03-13T19:54:33","modified_gmt":"2023-03-13T17:54:33","slug":"inici","status":"publish","type":"page","link":"https:\/\/webs.uab.cat\/hpca4se\/","title":{"rendered":"Inici"},"content":{"rendered":"\n<figure class=\"wp-block-image\"><img decoding=\"async\" src=\"http:\/\/grupsderecerca.uab.cat\/hpca4se\/sites\/grupsderecerca.uab.cat.hpca4se\/files\/DSC08794.JPG\" alt=\"HPCA4SE\" \/><\/figure>\n\n\n\n<p>Des de HPCA4SE centrem el nostre inter\u00e8s en la recerca i desenvolupament en l&#8217;\u00e0mbit dels sistemes de computaci\u00f3 d&#8217;altes prestacions. Les nostres aplicacions estan orientades als camps cient\u00edfics i de l&#8217;enginyeria, i ens enfoquem tant a l\u00ednies d&#8217;investigaci\u00f3 b\u00e0sica com aplicada.<\/p>\n\n\n\n<p>Per aix\u00f2 els nostres investigadors treballen en l&#8217;estudi i utilitzaci\u00f3 de plataformes de c\u00f2mput avan\u00e7ades com processadors multy\/many core o GPUs, sistemes distribu\u00efts, supercomputadors, etc\u00e8tera. Els models i eines obtinguts resulten en una millora de la facilitat d&#8217;us i del rendiment d&#8217;aquests sistemes.<\/p>\n\n\n\n<p>Entre les nostres activitats tamb\u00e9 contemplem l&#8217;explotaci\u00f3 de sistemes de c\u00f2mput d&#8217;altes prestacions, mitjan\u00e7ant l&#8217;an\u00e0lisi, desenvolupament i sintonitzaci\u00f3, aplicada a diversos camps cient\u00edfics com la bioinform\u00e0tica, la simulaci\u00f3 de fen\u00f2mens naturals o components industrials, etc\u00e8tera.<\/p>\n\n\n\n<div class=\"wp-block-columns is-layout-flex wp-container-core-columns-is-layout-9d6595d7 wp-block-columns-is-layout-flex\">\n<div class=\"wp-block-column is-layout-flow wp-block-column-is-layout-flow\">\n<div class=\"wp-block-query is-layout-flow wp-block-query-is-layout-flow\">\n<h2 class=\"wp-block-heading\">Not\u00edcies<\/h2>\n\n\n<ul class=\"wp-block-post-template is-layout-flow wp-block-post-template-is-layout-flow\"><li class=\"wp-block-post post-2663 news type-news status-publish hentry\">\n<h2 class=\"wp-block-post-title\"><a href=\"https:\/\/webs.uab.cat\/hpca4se\/news\/reunio-projecte-factos\/\" target=\"_self\" >Reuni\u00f3 Projecte FACTOS<\/a><\/h2>\n\n\n\n<div class=\"wp-block-post-excerpt\"><p class=\"wp-block-post-excerpt__excerpt\">El dia 5 de desembre de 2025 es va organitzar la reuni\u00f3 de seguiment del projecte FACTOS. Durant la reuni\u00f3 van participar els diferents membres dels equips d&#8217;investigaci\u00f3 i de treball. Es van revisar les tasques i progressos realitzats en els diferents paquets de treball i es van plantejar possibles resultats i oportunitats per a&hellip; <\/p><\/div>\n\n\n<hr class=\"wp-block-separator has-css-opacity\" \/>\n\n\n<div class=\"wp-block-post-date\"><time datetime=\"2025-12-12T18:55:31+02:00\">12 de desembre de 2025<\/time><\/div>\n<\/li><li class=\"wp-block-post post-2652 news type-news status-publish hentry\">\n<h2 class=\"wp-block-post-title\"><a href=\"https:\/\/webs.uab.cat\/hpca4se\/news\/tesi-doctoral-veronica-vidal\/\" target=\"_self\" >Presentaci\u00f3 tesi doctoral Ver\u00f2nica Vidal<\/a><\/h2>\n\n\n\n<div class=\"wp-block-post-excerpt\"><p class=\"wp-block-post-excerpt__excerpt\">El passat divendres 20 de juny de 2025, l&#8217;Escola va acollir la defensa de la tesi doctoral titulada &#8220;Modeling the Impact of Green Infrastructures on Urban Air Quality&#8221;, presentada per Ver\u00f2nica Vidal Canedo dins del programa de Doctorat en Inform\u00e0tica de la Universitat Aut\u00f2noma de Barcelona (UAB). <\/p><\/div>\n\n\n<hr class=\"wp-block-separator has-css-opacity\" \/>\n\n\n<div class=\"wp-block-post-date\"><time datetime=\"2025-10-27T22:31:36+02:00\">27 d&#8217;octubre de 2025<\/time><\/div>\n<\/li><li class=\"wp-block-post post-2619 news type-news status-publish hentry\">\n<h2 class=\"wp-block-post-title\"><a href=\"https:\/\/webs.uab.cat\/hpca4se\/news\/nou-projecte-factos-2023\/\" target=\"_self\" >Nou projecte FACTOS-2023<\/a><\/h2>\n\n\n\n<div class=\"wp-block-post-excerpt\"><p class=\"wp-block-post-excerpt__excerpt\">Identificador Oficial: PID2023-146193OB-100Ministerio de Ciencia e Innovaci\u00f3n Investigadors principals: N\u00famero de investigadors participants: 22 Dates Projecte:de 01\/09\/2024 a 31\/08\/2027 <\/p><\/div>\n\n\n<hr class=\"wp-block-separator has-css-opacity\" \/>\n\n\n<div class=\"wp-block-post-date\"><time datetime=\"2025-10-24T16:49:20+02:00\">24 d&#8217;octubre de 2025<\/time><\/div>\n<\/li><\/ul><\/div>\n<\/div>\n<\/div>\n","protected":false},"excerpt":{"rendered":"<p>Des de HPCA4SE centrem el nostre inter\u00e8s en la recerca i desenvolupament en l&#8217;\u00e0mbit dels sistemes de computaci\u00f3 d&#8217;altes prestacions. Les nostres aplicacions estan orientades als camps cient\u00edfics i de l&#8217;enginyeria, i ens enfoquem tant a l\u00ednies d&#8217;investigaci\u00f3 b\u00e0sica com aplicada. Per aix\u00f2 els nostres investigadors treballen en l&#8217;estudi i utilitzaci\u00f3 de plataformes de c\u00f2mput [&hellip;]<\/p>\n","protected":false},"author":20,"featured_media":0,"parent":0,"menu_order":0,"comment_status":"closed","ping_status":"closed","template":"","meta":{"footnotes":""},"class_list":["post-243","page","type-page","status-publish","hentry"],"_links":{"self":[{"href":"https:\/\/webs.uab.cat\/hpca4se\/wp-json\/wp\/v2\/pages\/243","targetHints":{"allow":["GET"]}}],"collection":[{"href":"https:\/\/webs.uab.cat\/hpca4se\/wp-json\/wp\/v2\/pages"}],"about":[{"href":"https:\/\/webs.uab.cat\/hpca4se\/wp-json\/wp\/v2\/types\/page"}],"author":[{"embeddable":true,"href":"https:\/\/webs.uab.cat\/hpca4se\/wp-json\/wp\/v2\/users\/20"}],"replies":[{"embeddable":true,"href":"https:\/\/webs.uab.cat\/hpca4se\/wp-json\/wp\/v2\/comments?post=243"}],"version-history":[{"count":7,"href":"https:\/\/webs.uab.cat\/hpca4se\/wp-json\/wp\/v2\/pages\/243\/revisions"}],"predecessor-version":[{"id":2555,"href":"https:\/\/webs.uab.cat\/hpca4se\/wp-json\/wp\/v2\/pages\/243\/revisions\/2555"}],"wp:attachment":[{"href":"https:\/\/webs.uab.cat\/hpca4se\/wp-json\/wp\/v2\/media?parent=243"}],"curies":[{"name":"wp","href":"https:\/\/api.w.org\/{rel}","templated":true}]}}