{"id":217,"date":"2012-03-21T12:42:24","date_gmt":"2012-03-21T10:42:24","guid":{"rendered":"https:\/\/webs.uab.cat\/iars\/biblio\/la-transicion-de-los-jovenes-tutelados-la-vida-independiente-un-analisis-desde-el-punto-de-v\/"},"modified":"2012-03-21T12:42:24","modified_gmt":"2012-03-21T10:42:24","slug":"la-transicion-de-los-jovenes-tutelados-la-vida-independiente-un-analisis-desde-el-punto-de-v","status":"publish","type":"biblio","link":"https:\/\/webs.uab.cat\/iars\/es\/biblio\/la-transicion-de-los-jovenes-tutelados-la-vida-independiente-un-analisis-desde-el-punto-de-v\/","title":{"rendered":"La transici\u00f3n de los j\u00f3venes tutelados a la vida independiente. Un an\u00e1lisis desde el punto de vista de los implicados: j\u00f3venes y educadores"},"content":{"rendered":"","protected":false},"excerpt":{"rendered":"","protected":false},"author":20,"featured_media":0,"template":"","class_list":["post-217","biblio","type-biblio","status-publish","hentry"],"_links":{"self":[{"href":"https:\/\/webs.uab.cat\/iars\/es\/wp-json\/wp\/v2\/biblio\/217","targetHints":{"allow":["GET"]}}],"collection":[{"href":"https:\/\/webs.uab.cat\/iars\/es\/wp-json\/wp\/v2\/biblio"}],"about":[{"href":"https:\/\/webs.uab.cat\/iars\/es\/wp-json\/wp\/v2\/types\/biblio"}],"author":[{"embeddable":true,"href":"https:\/\/webs.uab.cat\/iars\/es\/wp-json\/wp\/v2\/users\/20"}],"wp:attachment":[{"href":"https:\/\/webs.uab.cat\/iars\/es\/wp-json\/wp\/v2\/media?parent=217"}],"curies":[{"name":"wp","href":"https:\/\/api.w.org\/{rel}","templated":true}]}}

La transición de los jóvenes tutelados a la vida independiente. Un análisis desde el punto de vista de los implicados: jóvenes y educadores
