{"id":201,"date":"2009-05-25T13:07:54","date_gmt":"2009-05-25T11:07:54","guid":{"rendered":"https:\/\/webs.uab.cat\/iars\/inicio\/"},"modified":"2024-03-12T20:49:19","modified_gmt":"2024-03-12T19:49:19","slug":"inicio","status":"publish","type":"page","link":"https:\/\/webs.uab.cat\/iars\/es\/","title":{"rendered":"Inicio"},"content":{"rendered":"<p style=\"margin: 0cm 0cm 18.0pt 0cm\"><span style=\"font-size: 13.5pt;font-family: 'Helvetica',sans-serif;color: #111111;letter-spacing: .45pt\">IARS es un grupo de investigaci\u00f3n interdisciplinar e interuniversitario que naci\u00f3 con la voluntad de contribuir desde la investigaci\u00f3n al desarrollo de la acci\u00f3n socioeducativa en el \u00e1mbito de la Infancia y la Adolescencia en Riesgo Social. El grupo est\u00e1 formado por acad\u00e9micos y profesionales investigadores que quieren aportar desde la investigaci\u00f3n datos que permitan a los profesionales y a los responsables pol\u00edticos desarrollar su labor bas\u00e1ndose en la evidencia emp\u00edrica, tal y como se est\u00e1 reclamando desde diferentes foros internacionales.<\/span><\/p>\n<p style=\"margin: 0cm 0cm 18.0pt 0cm\"><span style=\"font-size: 13.5pt;font-family: 'Helvetica',sans-serif;color: #111111;letter-spacing: .45pt\">Aunque en las \u00faltimas d\u00e9cadas se ha avanzado mucho en la atenci\u00f3n a nuestros ni\u00f1os y j\u00f3venes en riesgo, todav\u00eda hay muchos obst\u00e1culos que dificultan a estos j\u00f3venes una inserci\u00f3n social y laboral exitosa. Es por ello que la confluencia de los esfuerzos de todos los agentes sociales, profesionales, investigadores y gestores es m\u00e1s necesaria que nunca.<\/span><\/p>\n<p style=\"margin: 0cm\"><span style=\"font-size: 13.5pt;font-family: 'Helvetica',sans-serif;color: #111111;letter-spacing: .45pt\">En esta web encontrar\u00e9is informaci\u00f3n sobre nuestro grupo, las b\u00fasquedas realizadas y en curso, las publicaciones donde encontrar\u00e9is sus resultados y nuestros datos de contacto.<\/span><\/p>\n","protected":false},"excerpt":{"rendered":"<p>IARS es un grupo de investigaci\u00f3n interdisciplinar e interuniversitario que naci\u00f3 con la voluntad de contribuir desde la investigaci\u00f3n al desarrollo de la acci\u00f3n socioeducativa en el \u00e1mbito de la Infancia y la Adolescencia en Riesgo Social. El grupo est\u00e1 formado por acad\u00e9micos y profesionales investigadores que quieren aportar desde la investigaci\u00f3n datos que permitan [&hellip;]<\/p>\n","protected":false},"author":20,"featured_media":0,"parent":0,"menu_order":0,"comment_status":"closed","ping_status":"closed","template":"","meta":{"footnotes":""},"class_list":["post-201","page","type-page","status-publish","hentry"],"_links":{"self":[{"href":"https:\/\/webs.uab.cat\/iars\/es\/wp-json\/wp\/v2\/pages\/201","targetHints":{"allow":["GET"]}}],"collection":[{"href":"https:\/\/webs.uab.cat\/iars\/es\/wp-json\/wp\/v2\/pages"}],"about":[{"href":"https:\/\/webs.uab.cat\/iars\/es\/wp-json\/wp\/v2\/types\/page"}],"author":[{"embeddable":true,"href":"https:\/\/webs.uab.cat\/iars\/es\/wp-json\/wp\/v2\/users\/20"}],"replies":[{"embeddable":true,"href":"https:\/\/webs.uab.cat\/iars\/es\/wp-json\/wp\/v2\/comments?post=201"}],"version-history":[{"count":1,"href":"https:\/\/webs.uab.cat\/iars\/es\/wp-json\/wp\/v2\/pages\/201\/revisions"}],"predecessor-version":[{"id":843,"href":"https:\/\/webs.uab.cat\/iars\/es\/wp-json\/wp\/v2\/pages\/201\/revisions\/843"}],"wp:attachment":[{"href":"https:\/\/webs.uab.cat\/iars\/es\/wp-json\/wp\/v2\/media?parent=201"}],"curies":[{"name":"wp","href":"https:\/\/api.w.org\/{rel}","templated":true}]}}

<p style="margin: 0cm 0cm 18.0pt 0cm"><span style="font-size: 13.5pt;font-family: 'Helvetica',sans-serif;color: #111111;letter-spacing: .45pt">IARS es un grupo de investigación interdisciplinar e interuniversitario que nació con la voluntad de contribuir desde la investigación al desarrollo de la acción socioeducativa en el ámbito de la Infancia y la Adolescencia en Riesgo Social. El grupo está formado por académicos y profesionales investigadores que quieren aportar desde la investigación datos que permitan a los profesionales y a los responsables políticos desarrollar su labor basándose en la evidencia empírica, tal y como se está reclamando desde diferentes foros internacionales.</span></p>
<p style="margin: 0cm 0cm 18.0pt 0cm"><span style="font-size: 13.5pt;font-family: 'Helvetica',sans-serif;color: #111111;letter-spacing: .45pt">Aunque en las últimas décadas se ha avanzado mucho en la atención a nuestros niños y jóvenes en riesgo, todavía hay muchos obstáculos que dificultan a estos jóvenes una inserción social y laboral exitosa. Es por ello que la confluencia de los esfuerzos de todos los agentes sociales, profesionales, investigadores y gestores es más necesaria que nunca.</span></p>
<p style="margin: 0cm"><span style="font-size: 13.5pt;font-family: 'Helvetica',sans-serif;color: #111111;letter-spacing: .45pt">En esta web encontraréis información sobre nuestro grupo, las búsquedas realizadas y en curso, las publicaciones donde encontraréis sus resultados y nuestros datos de contacto.</span></p>

<p>IARS es un grupo de investigación interdisciplinar e interuniversitario que nació con la voluntad de contribuir desde la investigación al desarrollo de la acción socioeducativa en el ámbito de la Infancia y la Adolescencia en Riesgo Social. El grupo está formado por académicos y profesionales investigadores que quieren aportar desde la investigación datos que permitan [&hellip;]</p>
