{"id":186,"date":"2021-05-03T12:50:26","date_gmt":"2021-05-03T10:50:26","guid":{"rendered":"https:\/\/webs.uab.cat\/iars\/maternidad-adolescente-de-las-jovenes-tuteladas-en-cataluna\/"},"modified":"2021-05-03T12:50:26","modified_gmt":"2021-05-03T10:50:26","slug":"maternidad-adolescente-de-las-jovenes-tuteladas-en-cataluna","status":"publish","type":"page","link":"https:\/\/webs.uab.cat\/iars\/maternidad-adolescente-de-las-jovenes-tuteladas-en-cataluna\/","title":{"rendered":"Maternidad Adolescente de las j\u00f3venes tuteladas en Catalu\u00f1a"},"content":{"rendered":"<p><strong>Nair Elizabeth Z\u00e1rate Alva<\/strong><\/p>\n<p>Tesis defensada&nbsp;en 27\/09\/2013,&nbsp;Universitat&nbsp;Aut\u00f2noma de Barcelona<\/p>\n<p>&nbsp;<\/p>\n<p><strong>Directores<\/strong>: Josefina Sala y Laura Arnau<\/p>\n<p>&nbsp;<\/p>\n<p><strong>Paraules clau<\/strong>: c\u00e0rrec residencial, maternitat adolescent, adolesc\u00e8ncia.<\/p>\n<p>&nbsp;<\/p>\n<p><strong>Resum:<\/strong><\/p>\n<p dir=\"ltr\">Els joves tutelats experimenten moltes dificultats en la seva transici\u00f3 cap a la vida adulta. Un 30% de les joves tutelades es converteixen en mares adolescents fet que dificulta encara m\u00e9s el seu proc\u00e9s d\u2019autonomia. Les joves tutelades comencen les seves relacions sexuals abans que els seus pares i tenen m\u00e9s parelles sexuals, tot i que els educadors els hi donen complet acc\u00e9s a la informaci\u00f3 i als m\u00e8todes anticonceptius. Objectiu: l\u2019objectiu de l\u2019estudi \u00e9s analitzar els factors cognitius, afectius, contextuals i culturals que incideixen en la maternitat adolescent de les joves tuteladas a Catalunya. Aquesta problem\u00e0tica no \u00e9s nom\u00e9s exclusiva del nostre pa\u00eds, ja que estudis d\u2019altres pa\u00efsos tamb\u00e9 han informat d\u2019alts nivells de maternitat adolescents tutelades. M\u00e8todes: Es va construir i aplicar una entrevista semiestructurada, la qual va se validada pel Criteri de Jutges. Els grups d\u2019estudi estaven conformats per 18 adolescents tutelades, 18 mares adolescents tutelades, 18 adolescents d\u2019entorns desfavorables i 18 adolescents d\u2019entorns normalitzats, esdevenint un total de 72 joves entrevistades. Troballa: Entre els principals resultats, trobem que hi ha difer\u00e8ncies en les creences i expectatives envers la maternitat i fam\u00edlia. Les difer\u00e8ncies m\u00e9s importants trobades van ser les adolescents amb el seu projecte de vida, l\u2019\u00fas de m\u00e8todes anticonceptius i les idees envers la funci\u00f3 familiar.&nbsp; En el seu projecte de vida, les adolescents tutelades donen molta import\u00e0ncia a la maternitat i menys a la seva realitzaci\u00f3 professional. Les adolescents tutelades tamb\u00e9 informen m\u00e9s freq\u00fcentment haver experimentat abandonament i menys suport educatiu i afectiu per part de la seva fam\u00edlia. No obstant, quan parlen de les seves creences familiars, enfatitzen la funci\u00f3 de proporcionar recursos econ\u00f2mics i menys la de proporcionar afecte i educaci\u00f3. Conclusions i Recomanacions: La maternitat adolescent \u00e9s un problema important en els centres residencials. Els factors subjacents d\u2019aquests fen\u00f2mens s\u00f3n les car\u00e8ncies emocionals, les creences que presenten envers la maternitat i la poca projecci\u00f3 de vida a nivell professional. Els programes preventius per a aquestes adolescents han de considerar aquestes particularitats i centrar l\u2019atenci\u00f3 en creences de les joves, ja que seran mitjanas importants per ajudar a les adolescents a trobar altres maneres d\u2019omplir les seves car\u00e8ncies emocionals i realitzar-se com a persones.<\/p>\n<p>&nbsp;<\/p>\n","protected":false},"excerpt":{"rendered":"<p>Nair Elizabeth Z\u00e1rate Alva Tesis defensada&nbsp;en 27\/09\/2013,&nbsp;Universitat&nbsp;Aut\u00f2noma de Barcelona &nbsp; Directores: Josefina Sala y Laura Arnau &nbsp; Paraules clau: c\u00e0rrec residencial, maternitat adolescent, adolesc\u00e8ncia. &nbsp; Resum: Els joves tutelats experimenten moltes dificultats en la seva transici\u00f3 cap a la vida adulta. Un 30% de les joves tutelades es converteixen en mares adolescents fet que dificulta [&hellip;]<\/p>\n","protected":false},"author":20,"featured_media":0,"parent":0,"menu_order":0,"comment_status":"closed","ping_status":"closed","template":"","meta":{"footnotes":""},"class_list":["post-186","page","type-page","status-publish","hentry"],"_links":{"self":[{"href":"https:\/\/webs.uab.cat\/iars\/wp-json\/wp\/v2\/pages\/186","targetHints":{"allow":["GET"]}}],"collection":[{"href":"https:\/\/webs.uab.cat\/iars\/wp-json\/wp\/v2\/pages"}],"about":[{"href":"https:\/\/webs.uab.cat\/iars\/wp-json\/wp\/v2\/types\/page"}],"author":[{"embeddable":true,"href":"https:\/\/webs.uab.cat\/iars\/wp-json\/wp\/v2\/users\/20"}],"replies":[{"embeddable":true,"href":"https:\/\/webs.uab.cat\/iars\/wp-json\/wp\/v2\/comments?post=186"}],"version-history":[{"count":0,"href":"https:\/\/webs.uab.cat\/iars\/wp-json\/wp\/v2\/pages\/186\/revisions"}],"wp:attachment":[{"href":"https:\/\/webs.uab.cat\/iars\/wp-json\/wp\/v2\/media?parent=186"}],"curies":[{"name":"wp","href":"https:\/\/api.w.org\/{rel}","templated":true}]}}