{"id":85,"date":"2009-05-08T11:14:38","date_gmt":"2009-05-08T09:14:38","guid":{"rendered":"https:\/\/webs.uab.cat\/iceclassiques\/inici\/"},"modified":"2009-05-08T11:14:38","modified_gmt":"2009-05-08T09:14:38","slug":"inici","status":"publish","type":"page","link":"https:\/\/webs.uab.cat\/iceclassiques\/","title":{"rendered":"Inici"},"content":{"rendered":"<p>L&#8217;Equip Arg\u00f3 de Lleng\u00fces i Cultura Cl\u00e0ssiques de l&#8217;<a href=\"http:\/\/www.uab.cat\/web\/institut-de-ciencies-de-l-educacio-de-la-uab-1345711355746.html\">Institut de Ci\u00e8ncies de l&#8217;Educaci\u00f3<\/a> de la <a href=\"http:\/\/www.uab.cat\">Universitat Aut\u00f2noma de Barcelona<\/a>, nascut el curs 2017-2018, \u00e9s continuador de l&#8217;<a href=\"http:\/\/pagines.uab.cat\/iceclassiques\/equipice\">Equip de Formaci\u00f3 i Innovaci\u00f3 de Lleng\u00fces i Cultura Cl\u00e0ssiques<\/a> (2008-2017). Est\u00e0 format per professorat de llat\u00ed, grec i cultura cl\u00e0ssica de centres d&#8217;ensenyament secundari i de la UAB i pret\u00e9n enfortir les relacions entre la secund\u00e0ria i la UAB i establir espais de debat i de reflexi\u00f3 sobre l&#8217;aprenentatge del Llat\u00ed, del Grec i de la Cultura Cl\u00e0ssica en cada etapa educativa en relaci\u00f3.<\/p>\n<ul>\n<li>Organitzem <a href=\"http:\/\/pagines.uab.cat\/iceclassiques\/paideia\">Paideia. Trobada de did\u00e0ctica dels estudis cl\u00e0ssics<\/a>.<\/li>\n<li>Editem <em><a href=\"http:\/\/pagines.uab.cat\/methodos\">Methodos. Revista de did\u00e0ctica dels estudis cl\u00e0ssics<\/a>.<\/em><\/li>\n<li>Preparem activitats per a estudiants de secund\u00e0ria: <a href=\"http:\/\/blogs.uab.cat\/estudisclassics\/tag\/olimpiada\/\">Olimp\u00edada Cl\u00e0ssica<\/a> (per a 2n de Batxillerat) i Olimp\u00edada Jove (per a 4t d&#8217;ESO).<\/li>\n<li>Dissenyem i realitzem activitats de formaci\u00f3 per a professorat<em>: Colloquia Latina<\/em>.<\/li>\n<li>Participem en l&#8217;organitzaci\u00f3 de les Jornades de Did\u00e0ctica de les Lleng\u00fces Cl\u00e0ssiques impulsades pel Col\u00b7legi Oficial de Doctors i Llicenciats en Filosofia i Lletres i en Ci\u00e8ncies de Catalunya.<\/li>\n<li>Assessorem treballs de recerca de batxillerat en el marc del <a href=\"http:\/\/www.uab.cat\/web\/programa-argo\/programa-argo-estudiants\/estudiants\/com-funcionen-la-inscripcio-i-assignacio-dels-assessoraments-a-treballs-de-recerca-1345718647390.html\">programa Arg\u00f3<\/a>.<\/li>\n<\/ul>\n<p>Adre\u00e7a de contacte: argo.classiques.ice@uab.cat.<\/p>\n<p>Foto de cap\u00e7alera: Capvespre al cap S\u00fanion, <a href=\"http:\/\/www.flickr.com\/photos\/_lope\/2498203212\/\" target=\"_blank\" rel=\"noopener\">Aitor L\u00f3pez de Audikana<\/a> (CC).<\/p>\n<p>Twitter: @<a href=\"https:\/\/twitter.com\/methodosuab\/status\/1016625537291300865?s=21\">MethodosUAB<\/a><\/p>\n","protected":false},"excerpt":{"rendered":"<p>L&#8217;Equip Arg\u00f3 de Lleng\u00fces i Cultura Cl\u00e0ssiques de l&#8217;Institut de Ci\u00e8ncies de l&#8217;Educaci\u00f3 de la Universitat Aut\u00f2noma de Barcelona, nascut el curs 2017-2018, \u00e9s continuador de l&#8217;Equip de Formaci\u00f3 i Innovaci\u00f3 de Lleng\u00fces i Cultura Cl\u00e0ssiques (2008-2017). Est\u00e0 format per professorat de llat\u00ed, grec i cultura cl\u00e0ssica de centres d&#8217;ensenyament secundari i de la UAB [&hellip;]<\/p>\n","protected":false},"author":20,"featured_media":0,"parent":0,"menu_order":0,"comment_status":"closed","ping_status":"closed","template":"","meta":{"footnotes":""},"class_list":["post-85","page","type-page","status-publish","hentry"],"_links":{"self":[{"href":"https:\/\/webs.uab.cat\/iceclassiques\/wp-json\/wp\/v2\/pages\/85","targetHints":{"allow":["GET"]}}],"collection":[{"href":"https:\/\/webs.uab.cat\/iceclassiques\/wp-json\/wp\/v2\/pages"}],"about":[{"href":"https:\/\/webs.uab.cat\/iceclassiques\/wp-json\/wp\/v2\/types\/page"}],"author":[{"embeddable":true,"href":"https:\/\/webs.uab.cat\/iceclassiques\/wp-json\/wp\/v2\/users\/20"}],"replies":[{"embeddable":true,"href":"https:\/\/webs.uab.cat\/iceclassiques\/wp-json\/wp\/v2\/comments?post=85"}],"version-history":[{"count":0,"href":"https:\/\/webs.uab.cat\/iceclassiques\/wp-json\/wp\/v2\/pages\/85\/revisions"}],"wp:attachment":[{"href":"https:\/\/webs.uab.cat\/iceclassiques\/wp-json\/wp\/v2\/media?parent=85"}],"curies":[{"name":"wp","href":"https:\/\/api.w.org\/{rel}","templated":true}]}}