{"id":88,"date":"2009-05-08T11:23:04","date_gmt":"2009-05-08T09:23:04","guid":{"rendered":"https:\/\/webs.uab.cat\/iceclassiques\/qui-som\/"},"modified":"2009-05-08T11:23:04","modified_gmt":"2009-05-08T09:23:04","slug":"qui-som","status":"publish","type":"page","link":"https:\/\/webs.uab.cat\/iceclassiques\/qui-som\/","title":{"rendered":"Qui som"},"content":{"rendered":"<p><span>L&#8217;equip est\u00e0 format per professorat de llat\u00ed, grec i cultura cl\u00e0ssica a l&#8217;ensenyament secundari i superior:<\/span><\/p>\n<ul>\n<li><strong>Judit Benavides, <\/strong>professora de cl\u00e0ssiques a l&#8217;Institut Montserrat Roig, Terrassa.<\/li>\n<li><strong>Margalida Capell\u00e0<\/strong>, professora de cl\u00e0ssiques a l&#8217;Institut Premi\u00e0 de Mar.<\/li>\n<li><strong>Paco Carbajo<\/strong>, professor de cl\u00e0ssiques a l&#8217;Institut Lauro, les Franqueses del Vall\u00e8s.<\/li>\n<li><strong>C\u00e1ndida Ferrero<\/strong>, <span>professora agregada de filologia llatina a la Universitat Aut\u00f2noma de Barcelona<\/span>.<\/li>\n<li><strong>Joaquim Gest\u00ed<\/strong>, professor de cl\u00e0ssiques a l&#8217;Escola del Treball, Barcelona.<\/li>\n<li><span><strong>Sebasti\u00e0 Giralt<\/strong> (coordinador), professor agregat de filologia llatina a la Universitat Aut\u00f2noma de Barcelona. <\/span><\/li>\n<li><strong>Laura Lucas<\/strong>, professora de cl\u00e0ssiques a l&#8217;Institut Montserrat Roig, Barcelona.<\/li>\n<li><strong>Marta Oller<\/strong>, professora agregada de filologia grega <span>a la Universitat Aut\u00f2noma de Barcelona<\/span>.<\/li>\n<li><strong>Joan Pag\u00e8s<\/strong>, professor de cl\u00e0ssiques a l&#8217;Institut Manolo Hugu\u00e9, Caldes de Montbui.<\/li>\n<li><strong>Jordi P\u00e0mias<\/strong>, professor agregat de filologia grega <span>a la Universitat Aut\u00f2noma de Barcelona<\/span>.<\/li>\n<li><strong>Gemma Puigvert,<\/strong> professora titular de filologia llatina <span>a la Universitat Aut\u00f2noma de Barcelona<\/span>.<\/li>\n<li><strong>Daniel Ram\u00f3n<\/strong>, professor de cl\u00e0ssiques a l&#8217;Institut Ramon Casas i Carb\u00f3, Palau-solit\u00e0 i Plegamans.<\/li>\n<\/ul>\n","protected":false},"excerpt":{"rendered":"<p>L&#8217;equip est\u00e0 format per professorat de llat\u00ed, grec i cultura cl\u00e0ssica a l&#8217;ensenyament secundari i superior: Judit Benavides, professora de cl\u00e0ssiques a l&#8217;Institut Montserrat Roig, Terrassa. Margalida Capell\u00e0, professora de cl\u00e0ssiques a l&#8217;Institut Premi\u00e0 de Mar. Paco Carbajo, professor de cl\u00e0ssiques a l&#8217;Institut Lauro, les Franqueses del Vall\u00e8s. C\u00e1ndida Ferrero, professora agregada de filologia llatina [&hellip;]<\/p>\n","protected":false},"author":20,"featured_media":0,"parent":0,"menu_order":0,"comment_status":"closed","ping_status":"closed","template":"","meta":{"footnotes":""},"class_list":["post-88","page","type-page","status-publish","hentry"],"_links":{"self":[{"href":"https:\/\/webs.uab.cat\/iceclassiques\/wp-json\/wp\/v2\/pages\/88","targetHints":{"allow":["GET"]}}],"collection":[{"href":"https:\/\/webs.uab.cat\/iceclassiques\/wp-json\/wp\/v2\/pages"}],"about":[{"href":"https:\/\/webs.uab.cat\/iceclassiques\/wp-json\/wp\/v2\/types\/page"}],"author":[{"embeddable":true,"href":"https:\/\/webs.uab.cat\/iceclassiques\/wp-json\/wp\/v2\/users\/20"}],"replies":[{"embeddable":true,"href":"https:\/\/webs.uab.cat\/iceclassiques\/wp-json\/wp\/v2\/comments?post=88"}],"version-history":[{"count":0,"href":"https:\/\/webs.uab.cat\/iceclassiques\/wp-json\/wp\/v2\/pages\/88\/revisions"}],"wp:attachment":[{"href":"https:\/\/webs.uab.cat\/iceclassiques\/wp-json\/wp\/v2\/media?parent=88"}],"curies":[{"name":"wp","href":"https:\/\/api.w.org\/{rel}","templated":true}]}}