{"id":62,"date":"2023-09-17T10:46:02","date_gmt":"2023-09-17T08:46:02","guid":{"rendered":"https:\/\/webs.uab.cat\/icellegiriescriure-aprendre\/?page_id=62"},"modified":"2023-09-17T10:48:37","modified_gmt":"2023-09-17T08:48:37","slug":"montserrat-fons","status":"publish","type":"page","link":"https:\/\/webs.uab.cat\/icellegiriescriure-aprendre\/nosaltres\/montserrat-fons\/","title":{"rendered":"Montserrat Fons"},"content":{"rendered":"\n<p class=\"wp-block-paragraph\">Despr\u00e9s d\u2019uns anys de ser tutora de 2n curs de prim\u00e0ria i veient que alguns infants aconseguien una comprensi\u00f3 lectora extraordin\u00e0ria, mentre que d\u2019altres no hi havia manera que avancessin, em va comen\u00e7ar a interessar el proc\u00e9s d\u2019aquest aprenentatge. Vaig formar part del grup de Llengua escrita de Rosa Sensat, on vaig aprendre molt de grans mestres com Marta Mata, i vaig fer la meva tesi doctoral sobre aquest tema. Des d\u2019aleshores, i ja porto un recorregut de m\u00e9s de 33 anys, no ha deixat mai d\u2019apassionar-me la recerca i la doc\u00e8ncia sobre com cada infant esdev\u00e9 lector i escriptor.<\/p>\n\n\n\n<p class=\"wp-block-paragraph\">La coordinaci\u00f3 actual de l\u2019equip&nbsp;<em>ICE Aprendre a llegir i a escriure<\/em>&nbsp;\u00e9s per a mi un regal. \u00c9s un grup intergeneracional de mestres amb una gran vitalitat. A tots els hi brillen els ulls d\u2019emoci\u00f3 a cada pas que fa l\u2019infant per entendre el complicat m\u00f3n de les lletres.<\/p>\n","protected":false},"excerpt":{"rendered":"<p>Despr\u00e9s d\u2019uns anys de ser tutora de 2n curs de prim\u00e0ria i veient que alguns infants aconseguien una comprensi\u00f3 lectora extraordin\u00e0ria, mentre que d\u2019altres no hi havia manera que avancessin, em va comen\u00e7ar a interessar el proc\u00e9s d\u2019aquest aprenentatge. Vaig formar part del grup de Llengua escrita de Rosa Sensat, on vaig aprendre molt de [&hellip;]<\/p>\n","protected":false},"author":2663,"featured_media":23,"parent":19,"menu_order":1,"comment_status":"closed","ping_status":"closed","template":"","meta":{"footnotes":""},"class_list":["post-62","page","type-page","status-publish","has-post-thumbnail","hentry"],"_links":{"self":[{"href":"https:\/\/webs.uab.cat\/icellegiriescriure-aprendre\/wp-json\/wp\/v2\/pages\/62","targetHints":{"allow":["GET"]}}],"collection":[{"href":"https:\/\/webs.uab.cat\/icellegiriescriure-aprendre\/wp-json\/wp\/v2\/pages"}],"about":[{"href":"https:\/\/webs.uab.cat\/icellegiriescriure-aprendre\/wp-json\/wp\/v2\/types\/page"}],"author":[{"embeddable":true,"href":"https:\/\/webs.uab.cat\/icellegiriescriure-aprendre\/wp-json\/wp\/v2\/users\/2663"}],"replies":[{"embeddable":true,"href":"https:\/\/webs.uab.cat\/icellegiriescriure-aprendre\/wp-json\/wp\/v2\/comments?post=62"}],"version-history":[{"count":1,"href":"https:\/\/webs.uab.cat\/icellegiriescriure-aprendre\/wp-json\/wp\/v2\/pages\/62\/revisions"}],"predecessor-version":[{"id":63,"href":"https:\/\/webs.uab.cat\/icellegiriescriure-aprendre\/wp-json\/wp\/v2\/pages\/62\/revisions\/63"}],"up":[{"embeddable":true,"href":"https:\/\/webs.uab.cat\/icellegiriescriure-aprendre\/wp-json\/wp\/v2\/pages\/19"}],"wp:featuredmedia":[{"embeddable":true,"href":"https:\/\/webs.uab.cat\/icellegiriescriure-aprendre\/wp-json\/wp\/v2\/media\/23"}],"wp:attachment":[{"href":"https:\/\/webs.uab.cat\/icellegiriescriure-aprendre\/wp-json\/wp\/v2\/media?parent=62"}],"curies":[{"name":"wp","href":"https:\/\/api.w.org\/{rel}","templated":true}]}}

<p class="wp-block-paragraph">Després d’uns anys de ser tutora de 2n curs de primària i veient que alguns infants aconseguien una comprensió lectora extraordinària, mentre que d’altres no hi havia manera que avancessin, em va començar a interessar el procés d’aquest aprenentatge. Vaig formar part del grup de Llengua escrita de Rosa Sensat, on vaig aprendre molt de grans mestres com Marta Mata, i vaig fer la meva tesi doctoral sobre aquest tema. Des d’aleshores, i ja porto un recorregut de més de 33 anys, no ha deixat mai d’apassionar-me la recerca i la docència sobre com cada infant esdevé lector i escriptor.</p>



<p class="wp-block-paragraph">La coordinació actual de l’equip&nbsp;<em>ICE Aprendre a llegir i a escriure</em>&nbsp;és per a mi un regal. És un grup intergeneracional de mestres amb una gran vitalitat. A tots els hi brillen els ulls d’emoció a cada pas que fa l’infant per entendre el complicat món de les lletres.</p>

<p>Després d’uns anys de ser tutora de 2n curs de primària i veient que alguns infants aconseguien una comprensió lectora extraordinària, mentre que d’altres no hi havia manera que avancessin, em va començar a interessar el procés d’aquest aprenentatge. Vaig formar part del grup de Llengua escrita de Rosa Sensat, on vaig aprendre molt de [&hellip;]</p>
