{"id":80,"date":"2023-09-17T11:00:53","date_gmt":"2023-09-17T09:00:53","guid":{"rendered":"https:\/\/webs.uab.cat\/icellegiriescriure-aprendre\/?page_id=80"},"modified":"2023-11-26T22:22:58","modified_gmt":"2023-11-26T20:22:58","slug":"maria-gracia-arboix","status":"publish","type":"page","link":"https:\/\/webs.uab.cat\/icellegiriescriure-aprendre\/nosaltres\/maria-gracia-arboix\/","title":{"rendered":"Maria Gracia Arboix"},"content":{"rendered":"\n<p class=\"wp-block-paragraph\">El meu recorregut va comen\u00e7ar amb el Carlos i la Mancha i les seves&nbsp;<em>Voces en el parque&nbsp;<\/em>[1]. Des de llavors vaig iniciar&nbsp;<em>El viatge d\u2019Anno<\/em>[2]&nbsp;que em va portar a endinsar-me en el m\u00f3n de la LIJ i a descobrir una passi\u00f3.<\/p>\n\n\n\n<p class=\"wp-block-paragraph\">L\u2019aventura prossegu\u00ed quan em van presentar&nbsp;<em>L\u2019Erugueta Goluda<\/em>&nbsp;[3], que finalment es convert\u00ed en papallona i que, a m\u00e9s d\u2019acompanyar-me mentre feia el M\u00e0ster de Biblioteca Escolar i Promoci\u00f3 de la Lectura, em va ajudar a emprendre el vol i cursar el M\u00e0ster de Literatura per Infants i Joves.&nbsp;<\/p>\n\n\n\n<p class=\"wp-block-paragraph\">La d\u00e8ria per la literatura infantil seguia il\u00b7lusionant-me, per aix\u00f2 vaig decidir explorar totes les habitacions de&nbsp;<em>La Casa dels Ratolins<\/em>[4]&nbsp;i comen\u00e7ar a formar part del grup d\u2019Aprendre a Llegir i Escriure. El primer aprenentatge de la lectura i l\u2019escriptura era un \u00e0mbit amb el qual tenia ganes de seguir creixent i vaig sentir que participar del grup podia ser una gran experi\u00e8ncia.<\/p>\n\n\n\n<p class=\"wp-block-paragraph\">Actualment, despr\u00e9s d\u2019uns anys de ser-ne membre, me\u2019n sento plenament orgullosa i confirmo les meves hip\u00f2tesis sobre la gran aportaci\u00f3 que aquest grup fa en la meva formaci\u00f3 i experi\u00e8ncia professional i personal.<\/p>\n\n\n\n<p class=\"wp-block-paragraph\">[1]&nbsp;Browne, A.&nbsp;<em>Voces en el parque<\/em>. Fondo de Cultura Econ\u00f3mica<\/p>\n\n\n\n<p class=\"wp-block-paragraph\">[2]&nbsp;Anno, M.&nbsp;<em>El viatge d\u2019Anno<\/em>. Editorial Joventut<\/p>\n\n\n\n<p class=\"wp-block-paragraph\">[3]&nbsp;Carle, E.&nbsp;<em>L\u2019erugueta goluda<\/em>. K\u00f3kinos<\/p>\n\n\n\n<p class=\"wp-block-paragraph\">[4]&nbsp;Schaapman, K.&nbsp;<em>La casa dels ratolins<\/em>. Blackie Books<\/p>\n","protected":false},"excerpt":{"rendered":"<p>El meu recorregut va comen\u00e7ar amb el Carlos i la Mancha i les seves&nbsp;Voces en el parque&nbsp;[1]. Des de llavors vaig iniciar&nbsp;El viatge d\u2019Anno[2]&nbsp;que em va portar a endinsar-me en el m\u00f3n de la LIJ i a descobrir una passi\u00f3. L\u2019aventura prossegu\u00ed quan em van presentar&nbsp;L\u2019Erugueta Goluda&nbsp;[3], que finalment es convert\u00ed en papallona i que, [&hellip;]<\/p>\n","protected":false},"author":2663,"featured_media":157,"parent":19,"menu_order":1,"comment_status":"closed","ping_status":"closed","template":"","meta":{"footnotes":""},"class_list":["post-80","page","type-page","status-publish","has-post-thumbnail","hentry"],"_links":{"self":[{"href":"https:\/\/webs.uab.cat\/icellegiriescriure-aprendre\/wp-json\/wp\/v2\/pages\/80","targetHints":{"allow":["GET"]}}],"collection":[{"href":"https:\/\/webs.uab.cat\/icellegiriescriure-aprendre\/wp-json\/wp\/v2\/pages"}],"about":[{"href":"https:\/\/webs.uab.cat\/icellegiriescriure-aprendre\/wp-json\/wp\/v2\/types\/page"}],"author":[{"embeddable":true,"href":"https:\/\/webs.uab.cat\/icellegiriescriure-aprendre\/wp-json\/wp\/v2\/users\/2663"}],"replies":[{"embeddable":true,"href":"https:\/\/webs.uab.cat\/icellegiriescriure-aprendre\/wp-json\/wp\/v2\/comments?post=80"}],"version-history":[{"count":1,"href":"https:\/\/webs.uab.cat\/icellegiriescriure-aprendre\/wp-json\/wp\/v2\/pages\/80\/revisions"}],"predecessor-version":[{"id":81,"href":"https:\/\/webs.uab.cat\/icellegiriescriure-aprendre\/wp-json\/wp\/v2\/pages\/80\/revisions\/81"}],"up":[{"embeddable":true,"href":"https:\/\/webs.uab.cat\/icellegiriescriure-aprendre\/wp-json\/wp\/v2\/pages\/19"}],"wp:featuredmedia":[{"embeddable":true,"href":"https:\/\/webs.uab.cat\/icellegiriescriure-aprendre\/wp-json\/wp\/v2\/media\/157"}],"wp:attachment":[{"href":"https:\/\/webs.uab.cat\/icellegiriescriure-aprendre\/wp-json\/wp\/v2\/media?parent=80"}],"curies":[{"name":"wp","href":"https:\/\/api.w.org\/{rel}","templated":true}]}}

<p class="wp-block-paragraph">El meu recorregut va començar amb el Carlos i la Mancha i les seves&nbsp;<em>Voces en el parque&nbsp;</em>[1]. Des de llavors vaig iniciar&nbsp;<em>El viatge d’Anno</em>[2]&nbsp;que em va portar a endinsar-me en el món de la LIJ i a descobrir una passió.</p>



<p class="wp-block-paragraph">L’aventura prosseguí quan em van presentar&nbsp;<em>L’Erugueta Goluda</em>&nbsp;[3], que finalment es convertí en papallona i que, a més d’acompanyar-me mentre feia el Màster de Biblioteca Escolar i Promoció de la Lectura, em va ajudar a emprendre el vol i cursar el Màster de Literatura per Infants i Joves.&nbsp;</p>



<p class="wp-block-paragraph">La dèria per la literatura infantil seguia il·lusionant-me, per això vaig decidir explorar totes les habitacions de&nbsp;<em>La Casa dels Ratolins</em>[4]&nbsp;i començar a formar part del grup d’Aprendre a Llegir i Escriure. El primer aprenentatge de la lectura i l’escriptura era un àmbit amb el qual tenia ganes de seguir creixent i vaig sentir que participar del grup podia ser una gran experiència.</p>



<p class="wp-block-paragraph">Actualment, després d’uns anys de ser-ne membre, me’n sento plenament orgullosa i confirmo les meves hipòtesis sobre la gran aportació que aquest grup fa en la meva formació i experiència professional i personal.</p>



<p class="wp-block-paragraph">[1]&nbsp;Browne, A.&nbsp;<em>Voces en el parque</em>. Fondo de Cultura Económica</p>



<p class="wp-block-paragraph">[2]&nbsp;Anno, M.&nbsp;<em>El viatge d’Anno</em>. Editorial Joventut</p>



<p class="wp-block-paragraph">[3]&nbsp;Carle, E.&nbsp;<em>L’erugueta goluda</em>. Kókinos</p>



<p class="wp-block-paragraph">[4]&nbsp;Schaapman, K.&nbsp;<em>La casa dels ratolins</em>. Blackie Books</p>

<p>El meu recorregut va començar amb el Carlos i la Mancha i les seves&nbsp;Voces en el parque&nbsp;[1]. Des de llavors vaig iniciar&nbsp;El viatge d’Anno[2]&nbsp;que em va portar a endinsar-me en el món de la LIJ i a descobrir una passió. L’aventura prosseguí quan em van presentar&nbsp;L’Erugueta Goluda&nbsp;[3], que finalment es convertí en papallona i que, [&hellip;]</p>
