{"id":86,"date":"2023-09-17T11:03:55","date_gmt":"2023-09-17T09:03:55","guid":{"rendered":"https:\/\/webs.uab.cat\/icellegiriescriure-aprendre\/?page_id=86"},"modified":"2023-09-17T11:03:55","modified_gmt":"2023-09-17T09:03:55","slug":"ingrid-lopez-ventura","status":"publish","type":"page","link":"https:\/\/webs.uab.cat\/icellegiriescriure-aprendre\/nosaltres\/ingrid-lopez-ventura\/","title":{"rendered":"\u00cdngrid L\u00f3pez Ventura"},"content":{"rendered":"\n<p class=\"wp-block-paragraph\">L\u2019aprenentatge inicial de la lectura i l\u2019escriptura esdev\u00e9 un repte important per\u00a0 tots els infants. A nivell professional, i com a mestra d\u2019Educaci\u00f3 Infantil, \u00e9s essencial tenir eines per acompanyar aquest proc\u00e9s de manera significativa i atenent a les diferents necessitats. \u00c9s emocionant compartir aquesta experi\u00e8ncia amb els nenes i nenes, descobrint junts el fascinant m\u00f3n dels s\u00edmbols.<\/p>\n","protected":false},"excerpt":{"rendered":"<p>L\u2019aprenentatge inicial de la lectura i l\u2019escriptura esdev\u00e9 un repte important per\u00a0 tots els infants. A nivell professional, i com a mestra d\u2019Educaci\u00f3 Infantil, \u00e9s essencial tenir eines per acompanyar aquest proc\u00e9s de manera significativa i atenent a les diferents necessitats. \u00c9s emocionant compartir aquesta experi\u00e8ncia amb els nenes i nenes, descobrint junts el fascinant [&hellip;]<\/p>\n","protected":false},"author":2663,"featured_media":37,"parent":19,"menu_order":1,"comment_status":"closed","ping_status":"closed","template":"","meta":{"footnotes":""},"class_list":["post-86","page","type-page","status-publish","has-post-thumbnail","hentry"],"_links":{"self":[{"href":"https:\/\/webs.uab.cat\/icellegiriescriure-aprendre\/wp-json\/wp\/v2\/pages\/86","targetHints":{"allow":["GET"]}}],"collection":[{"href":"https:\/\/webs.uab.cat\/icellegiriescriure-aprendre\/wp-json\/wp\/v2\/pages"}],"about":[{"href":"https:\/\/webs.uab.cat\/icellegiriescriure-aprendre\/wp-json\/wp\/v2\/types\/page"}],"author":[{"embeddable":true,"href":"https:\/\/webs.uab.cat\/icellegiriescriure-aprendre\/wp-json\/wp\/v2\/users\/2663"}],"replies":[{"embeddable":true,"href":"https:\/\/webs.uab.cat\/icellegiriescriure-aprendre\/wp-json\/wp\/v2\/comments?post=86"}],"version-history":[{"count":1,"href":"https:\/\/webs.uab.cat\/icellegiriescriure-aprendre\/wp-json\/wp\/v2\/pages\/86\/revisions"}],"predecessor-version":[{"id":87,"href":"https:\/\/webs.uab.cat\/icellegiriescriure-aprendre\/wp-json\/wp\/v2\/pages\/86\/revisions\/87"}],"up":[{"embeddable":true,"href":"https:\/\/webs.uab.cat\/icellegiriescriure-aprendre\/wp-json\/wp\/v2\/pages\/19"}],"wp:featuredmedia":[{"embeddable":true,"href":"https:\/\/webs.uab.cat\/icellegiriescriure-aprendre\/wp-json\/wp\/v2\/media\/37"}],"wp:attachment":[{"href":"https:\/\/webs.uab.cat\/icellegiriescriure-aprendre\/wp-json\/wp\/v2\/media?parent=86"}],"curies":[{"name":"wp","href":"https:\/\/api.w.org\/{rel}","templated":true}]}}

Íngrid López Ventura

<p class="wp-block-paragraph">L’aprenentatge inicial de la lectura i l’escriptura esdevé un repte important per  tots els infants. A nivell professional, i com a mestra d’Educació Infantil, és essencial tenir eines per acompanyar aquest procés de manera significativa i atenent a les diferents necessitats. És emocionant compartir aquesta experiència amb els nenes i nenes, descobrint junts el fascinant món dels símbols.</p>

<p>L’aprenentatge inicial de la lectura i l’escriptura esdevé un repte important per  tots els infants. A nivell professional, i com a mestra d’Educació Infantil, és essencial tenir eines per acompanyar aquest procés de manera significativa i atenent a les diferents necessitats. És emocionant compartir aquesta experiència amb els nenes i nenes, descobrint junts el fascinant [&hellip;]</p>
