{"id":377,"date":"2019-01-25T16:29:54","date_gmt":"2019-01-25T15:29:54","guid":{"rendered":"https:\/\/webs.uab.cat\/ifmuc\/antecedentes\/"},"modified":"2024-10-25T11:10:34","modified_gmt":"2024-10-25T10:10:34","slug":"antecedentes","status":"publish","type":"page","link":"https:\/\/webs.uab.cat\/ifmuc\/es\/antecedentes\/","title":{"rendered":"Antecedentes"},"content":{"rendered":"\n<p>El proyecto IFMuC se inici\u00f3 en 2001 en el seno del Departamento de Arte y Musicolog\u00eda de la UAB, bajo la coordinaci\u00f3n del prof. Josep Maria Gregori i Cifr\u00e9, y es heredero de la labor y de las actuaciones aplicadas a la recuperaci\u00f3n del patrimonio musical de Catalu\u00f1a que iniciaron y desarrollaron el Centro de Documentaci\u00f3n Musical de la UAB y el Instituto de Musicolog\u00eda Josep Ricart i Matas de la UAB y la RACBASJ, bajo la direcci\u00f3n de Francesc Bonastre y Bertran.<a title=\"\" name=\"_ftnref1\" href=\"#_ftn1\"><sup>1<\/sup><\/a><\/p>\n\n\n\n<h2 class=\"wp-block-heading\"><strong>El Centro de Documentaci\u00f3n Musical de la UAB (1973-1979)<\/strong><\/h2>\n\n\n\n<p>El Centro de Documentaci\u00f3n Musical (CDM) fue creado en 1973 en el seno del Departamento de Arte de la UAB, gracias a la iniciativa de los profesores Francesc Bonastre y Antonio Mart\u00edn Moreno,<a title=\"\" href=\"#_ftn2\" name=\"_ftnref2\"><sup>2<\/sup><\/a> los que conjuntamente con los estudiantes del \u00c1rea de m\u00fasica del Departamento de Arte, propiciaron la formaci\u00f3n de un equipo de investigaci\u00f3n orientado hacia la catalogaci\u00f3n y el estudio de los fondos musicales de Catalu\u00f1a. Entre los a\u00f1os 1975 y 1978, formaron parte del equipo del CDM: Francesc Bonastre y Antonio Mart\u00edn Moreno, y los estudiantes Juan Bag\u00fc\u00e9s Mayra Hace, Josep Maria Gregori, Esther Griera, Carmen Rumeu, Maria Vila-Coro y Josep M. Vives.<\/p>\n\n\n\n<p>La primera labor investigadora de aquel equipo fue emprender la catalogaci\u00f3n y posterior microfilmaci\u00f3n del fondo musical de la catedral de Tarragona (1975-1981). El resto de intervenciones del CDM se centraron en el inicio de la catalogaci\u00f3n de los fondos musicales de Santa Maria del Pi (Barcelona), Santa Mar\u00eda de la Geltr\u00fa, Sant Esteve d&#8217;Olot, Santa Pau dels Arcs, Sant Joan de les Abadeses y Sant Pere i Sant pau de Canet de Mar (1976-1980).<a title=\"\" name=\"_ftnref3\" href=\"#_ftn3\"><sup>3<\/sup><\/a> Los trabajos del CDM abrieron nuevas l\u00edneas de investigaci\u00f3n en el terreno de la recuperaci\u00f3n del patrimonio musical catalan<a title=\"\" name=\"_ftnref4\" href=\"#_ftn4\"><sup>4<\/sup><\/a> y en el de la metodolog\u00eda de la catalogaci\u00f3n de manuscritos musicales.<a title=\"\" name=\"_ftnref5\" href=\"#_ftn5\"><sup>5<\/sup><\/a><\/p>\n\n\n\n<h2 class=\"wp-block-heading\"><strong>El Instituto de Musicolog\u00eda Josep Ricart i Matas de la UAB y la RACBASJ (1980-2016)<\/strong><\/h2>\n\n\n\n<p>La labor realizada por el CDM fue recogida y continuada por Instituto de Documentaci\u00f3n y de Investigaci\u00f3n Musicol\u00f3gicas Josep Ricart i Matas (IDIM), creado en 1980 con el concurso de la <a href=\"https:\/\/www.racba.org\/ca\/index.php\" target=\"_blank\" rel=\"noopener\"><strong>Real Academia Catalana de Bellas Artes de Sant Jordi (RACBASJ)<\/strong><\/a> y la UAB, previa orden ministerial del 6 de junio de 1979, bajo la direcci\u00f3n del profesor Francesc Bonastre y Bertran.<a title=\"\" name=\"_ftnref6\" href=\"#_ftn6\"><sup>6<\/sup><\/a> Durante la d\u00e9cada de los a\u00f1os 1980, el IDIM\u00a0se convirti\u00f3 en una instituci\u00f3n pionera en el conjunto del Estado Espa\u00f1ol y la \u00fanica dedicada de forma exclusiva al cultivo de la musicolog\u00eda catalana.<a title=\"\" name=\"_ftnref7\" href=\"#_ftn7\"><sup>7<\/sup><\/a><\/p>\n\n\n\n<p>En cuanto a la labor realizada en el campo de la archiv\u00edstica musical, la puesta en marcha de la IDIM&nbsp;permiti\u00f3 completar la microfilmaci\u00f3n del fondo de manuscritos musicales de la catedral de Tarragona y completar el proceso de fichaje y microfilmaci\u00f3n del fondo de Sant Pere i Sant Pau de Canet de Mar, que culmin\u00f3 en 1982.<\/p>\n\n\n\n<p>Durante diciembre de 1982 el IDIM&nbsp;organiz\u00f3 y acogi\u00f3 en su sede el I Simposio Nacional sobre Archiv\u00edstica y Documentaci\u00f3n Musical. Entre 1983 y 1984, mediante un convenio institucional entre el IDIM&nbsp;y la BC, y gracias a un proyecto de investigaci\u00f3n subvencionado, se procedi\u00f3 a efectuar la primera fase de la catalogaci\u00f3n del fondo musical Joan Carreras y Dagas de la Biblioteca de Catalu\u00f1a.<\/p>\n\n\n\n<p>Gracias a&nbsp;la ayuda de dos proyectos subvencionados por la CIRIT, se inici\u00f3 la catalogaci\u00f3n del fondo de Santa Mar\u00eda de Vilafranca del Pened\u00e8s (1986), conservado en el Museo del Vino (Vinseum), y se empez\u00f3 a trabajar, en una primera fase, en la colecci\u00f3n de manuscritos musicales de la catedral de Tortosa (1987).<a title=\"\" href=\"#_ftn8\" name=\"_ftnref8\"><sup>8<\/sup><\/a> Desde 2002, el IDIMAR cambi\u00f3 su antigua denominaci\u00f3n por la de Instituto de Musicolog\u00eda \u00abJosep Ricart i Matas\u00bb&nbsp;de la RACBASJ, con un convenio espec\u00edfico con la UAB. Desde aquel momento, las tareas de descripci\u00f3n de los fondos musicales que hab\u00eda desarrollado el antiguo IDIMAR fueron asumidas por el nuevo proyecto IFMuC, surgido del seno del Instituto y conectado con la docencia sobre patrimonio musical del Departamento de Arte y Musicolog\u00eda de la UAB.<\/p>\n\n\n\n<p>Un a\u00f1o antes del traspaso de su impulsor y director, Francesc Bonastre Bertran (1944-2017), el Instituto de Musicolog\u00eda \u00abJosep Ricart i Matas\u00bb fue clausurado por orden de la RACBASJ. Desde 2018 esta instituci\u00f3n alberga el fondo bibliogr\u00e1fico y documental del antiguo IDIM.<a title=\"\" name=\"_ftnref9\" href=\"#_ftn9\"><sup>9<\/sup><\/a><\/p>\n\n\n\n<h2 class=\"wp-block-heading\"><strong>Notas<\/strong><\/h2>\n\n\n\n<p><a href=\"https:\/\/webs.uab.cat\/ifmuc\/wp-admin\/post.php?post=377&amp;action=edit&amp;lang=es#_ftnref1\"><sup>1<\/sup><\/a>&nbsp;GREGORI I CIFR\u00c9, Josep Maria. \u201cFrancesc Bonastre i Bertran (1944-2017), impulsor de la recuperaci\u00f3 del Patrimoni Musical de Catalunya des de la Universitat Aut\u00f2noma de Barcelona\u201d, Revista Catalana de Musicologia, XIII (2020), p, 15-41.<\/p>\n\n\n\n<p><a href=\"https:\/\/webs.uab.cat\/ifmuc\/wp-admin\/post.php?post=377&amp;action=edit&amp;lang=es#_ftnref2\"><sup>2<\/sup><\/a>&nbsp;Profesor del Departamento de Arte de la UAB entre 1973 y 1978.<\/p>\n\n\n\n<p><a href=\"https:\/\/webs.uab.cat\/ifmuc\/wp-admin\/post.php?post=377&amp;action=edit&amp;lang=es#_ftnref3\"><sup>3<\/sup><\/a>&nbsp;BONASTRE, Francesc. \u00abLa labor de documentaci\u00f3n musical del IDIM&nbsp;de la UAB\u00bb,&nbsp;<em>Anuario Musical<\/em>, 49 (1994), p. 299-300.<\/p>\n\n\n\n<p><a href=\"https:\/\/webs.uab.cat\/ifmuc\/wp-admin\/post.php?post=377&amp;action=edit&amp;lang=es#_ftnref4\"><sup>4<\/sup><\/a>&nbsp;Una de las primeras investigaciones con las que Francesc Bonastre inauguraba sus contribuciones al estudio del barroco ( \u00abLa Capella Musical de la Seu de Tarragona a mitjan segle XVIII\u00bb,&nbsp;<em>Bolet\u00edn Arqueol\u00f3gico<\/em>&nbsp;(1976-77), Ep. IV, fasc . 133-140, p. 259-270) y la tesis de licenciatura de Josep Maria Gregori centrada en el estudio y la transcripci\u00f3n de la obra compositiva de un maestro de la catedral de Tarragona del siglo XVIII (<em>La producci\u00f3 musical conservada de Joan Cris\u00f2stom Ripoll\u00e8s (\u2020 1746): catalogaci\u00f3 i transcripci\u00f3<\/em>, UAB, junio de 1977).<\/p>\n\n\n\n<p><a href=\"https:\/\/webs.uab.cat\/ifmuc\/wp-admin\/post.php?post=377&amp;action=edit&amp;lang=es#_ftnref5\"><sup>5<\/sup><\/a>&nbsp;La metodolog\u00eda descriptiva utilizada en la confecci\u00f3n del primer cat\u00e1logo del fondo de la catedral de Tarragona (1977), sirvi\u00f3 de modelo para las ediciones de los primeros cat\u00e1logos que se publicaron en Espa\u00f1a durante la d\u00e9cada de los a\u00f1os 1980.<\/p>\n\n\n\n<p><a href=\"https:\/\/webs.uab.cat\/ifmuc\/wp-admin\/post.php?post=377&amp;action=edit&amp;lang=es#_ftnref6\"><sup>6<\/sup><\/a>&nbsp;BONASTRE, Francesc. \u00abL\u2019Institut de Documentaci\u00f3 i d\u2019Investigaci\u00f3 Musicol\u00f2giques Josep Ricart i Matas\u201d,&nbsp;<em>Estudis oferts a Josep Ricart i Matas en la commemoraci\u00f3 del centenari del seu naixement (1893-1993)<\/em>. Barcelona: Real Academia Catalana de Bellas Artes de Sant Jordi, 1993, p. 85-91.<\/p>\n\n\n\n<p><a href=\"https:\/\/webs.uab.cat\/ifmuc\/wp-admin\/post.php?post=377&amp;action=edit&amp;lang=es#_ftnref7\"><sup>7<\/sup><\/a>&nbsp;El ICCMU, Instituto Complutense de Ciencias Musicales, se cre\u00f3 en 1989.<\/p>\n\n\n\n<p><a href=\"https:\/\/webs.uab.cat\/ifmuc\/wp-admin\/post.php?post=377&amp;action=edit&amp;lang=es#_ftnref8\"><sup>8<\/sup><\/a>&nbsp;GREGORI, Josep Maria. \u00abLa catalogaci\u00f3 dels arxius musicals de Catalunya, una de les l\u00ednies de recerca de l\u2019IDIM de la UAB\u201d,&nbsp;<em>I Congr\u00e9s de M\u00fasica a Catalunya<\/em>. Barcelona: Consell Catal\u00e0 de la M\u00fasica, 1994, p. 863-865.<\/p>\n\n\n\n<p><a href=\"https:\/\/webs.uab.cat\/ifmuc\/wp-admin\/post.php?post=377&amp;action=edit&amp;lang=es#_ftnref9\"><sup>9<\/sup><\/a>&nbsp;MILLET I LORAS, Maria Dolors. \u00abLa biblioteca del Institut de Documentaci\u00f3 i d\u2019Investigaci\u00f3 Musicol\u00f2giques \u00abJosep Ricart i Matas\u00bb\u00bb, AEDOM.&nbsp;<em>Bolet\u00edn de la Asociaci\u00f3n Espa\u00f1ola de Documentaci\u00f3n Musical<\/em>, vol. 5, n\u00fam. 1 (1998), p. 83-87<\/p>\n","protected":false},"excerpt":{"rendered":"<p>El proyecto IFMuC se inici\u00f3 en 2001 en el seno del Departamento de Arte y Musicolog\u00eda de la UAB, bajo la coordinaci\u00f3n del prof. Josep Maria Gregori i Cifr\u00e9, y es heredero de la labor y de las actuaciones aplicadas a la recuperaci\u00f3n del patrimonio musical de Catalu\u00f1a que iniciaron y desarrollaron el Centro de [&hellip;]<\/p>\n","protected":false},"author":126,"featured_media":0,"parent":0,"menu_order":0,"comment_status":"closed","ping_status":"closed","template":"","meta":{"footnotes":""},"class_list":["post-377","page","type-page","status-publish","hentry"],"_links":{"self":[{"href":"https:\/\/webs.uab.cat\/ifmuc\/es\/wp-json\/wp\/v2\/pages\/377","targetHints":{"allow":["GET"]}}],"collection":[{"href":"https:\/\/webs.uab.cat\/ifmuc\/es\/wp-json\/wp\/v2\/pages"}],"about":[{"href":"https:\/\/webs.uab.cat\/ifmuc\/es\/wp-json\/wp\/v2\/types\/page"}],"author":[{"embeddable":true,"href":"https:\/\/webs.uab.cat\/ifmuc\/es\/wp-json\/wp\/v2\/users\/126"}],"replies":[{"embeddable":true,"href":"https:\/\/webs.uab.cat\/ifmuc\/es\/wp-json\/wp\/v2\/comments?post=377"}],"version-history":[{"count":9,"href":"https:\/\/webs.uab.cat\/ifmuc\/es\/wp-json\/wp\/v2\/pages\/377\/revisions"}],"predecessor-version":[{"id":1267,"href":"https:\/\/webs.uab.cat\/ifmuc\/es\/wp-json\/wp\/v2\/pages\/377\/revisions\/1267"}],"wp:attachment":[{"href":"https:\/\/webs.uab.cat\/ifmuc\/es\/wp-json\/wp\/v2\/media?parent=377"}],"curies":[{"name":"wp","href":"https:\/\/api.w.org\/{rel}","templated":true}]}}

<p>El proyecto IFMuC se inició en 2001 en el seno del Departamento de Arte y Musicología de la UAB, bajo la coordinación del prof. Josep Maria Gregori i Cifré, y es heredero de la labor y de las actuaciones aplicadas a la recuperación del patrimonio musical de Cataluña que iniciaron y desarrollaron el Centro de Documentación Musical de la UAB y el Instituto de Musicología Josep Ricart i Matas de la UAB y la RACBASJ, bajo la dirección de Francesc Bonastre y Bertran.<a title="" name="_ftnref1" href="#_ftn1"><sup>1</sup></a></p>



<h2 class="wp-block-heading"><strong>El Centro de Documentación Musical de la UAB (1973-1979)</strong></h2>



<p>El Centro de Documentación Musical (CDM) fue creado en 1973 en el seno del Departamento de Arte de la UAB, gracias a la iniciativa de los profesores Francesc Bonastre y Antonio Martín Moreno,<a title="" href="#_ftn2" name="_ftnref2"><sup>2</sup></a> los que conjuntamente con los estudiantes del Área de música del Departamento de Arte, propiciaron la formación de un equipo de investigación orientado hacia la catalogación y el estudio de los fondos musicales de Cataluña. Entre los años 1975 y 1978, formaron parte del equipo del CDM: Francesc Bonastre y Antonio Martín Moreno, y los estudiantes Juan Bagüés Mayra Hace, Josep Maria Gregori, Esther Griera, Carmen Rumeu, Maria Vila-Coro y Josep M. Vives.</p>



<p>La primera labor investigadora de aquel equipo fue emprender la catalogación y posterior microfilmación del fondo musical de la catedral de Tarragona (1975-1981). El resto de intervenciones del CDM se centraron en el inicio de la catalogación de los fondos musicales de Santa Maria del Pi (Barcelona), Santa María de la Geltrú, Sant Esteve d&#8217;Olot, Santa Pau dels Arcs, Sant Joan de les Abadeses y Sant Pere i Sant pau de Canet de Mar (1976-1980).<a title="" name="_ftnref3" href="#_ftn3"><sup>3</sup></a> Los trabajos del CDM abrieron nuevas líneas de investigación en el terreno de la recuperación del patrimonio musical catalan<a title="" name="_ftnref4" href="#_ftn4"><sup>4</sup></a> y en el de la metodología de la catalogación de manuscritos musicales.<a title="" name="_ftnref5" href="#_ftn5"><sup>5</sup></a></p>



<h2 class="wp-block-heading"><strong>El Instituto de Musicología Josep Ricart i Matas de la UAB y la RACBASJ (1980-2016)</strong></h2>



<p>La labor realizada por el CDM fue recogida y continuada por Instituto de Documentación y de Investigación Musicológicas Josep Ricart i Matas (IDIM), creado en 1980 con el concurso de la <a href="https://www.racba.org/ca/index.php" target="_blank" rel="noopener"><strong>Real Academia Catalana de Bellas Artes de Sant Jordi (RACBASJ)</strong></a> y la UAB, previa orden ministerial del 6 de junio de 1979, bajo la dirección del profesor Francesc Bonastre y Bertran.<a title="" name="_ftnref6" href="#_ftn6"><sup>6</sup></a> Durante la década de los años 1980, el IDIM se convirtió en una institución pionera en el conjunto del Estado Español y la única dedicada de forma exclusiva al cultivo de la musicología catalana.<a title="" name="_ftnref7" href="#_ftn7"><sup>7</sup></a></p>



<p>En cuanto a la labor realizada en el campo de la archivística musical, la puesta en marcha de la IDIM&nbsp;permitió completar la microfilmación del fondo de manuscritos musicales de la catedral de Tarragona y completar el proceso de fichaje y microfilmación del fondo de Sant Pere i Sant Pau de Canet de Mar, que culminó en 1982.</p>



<p>Durante diciembre de 1982 el IDIM&nbsp;organizó y acogió en su sede el I Simposio Nacional sobre Archivística y Documentación Musical. Entre 1983 y 1984, mediante un convenio institucional entre el IDIM&nbsp;y la BC, y gracias a un proyecto de investigación subvencionado, se procedió a efectuar la primera fase de la catalogación del fondo musical Joan Carreras y Dagas de la Biblioteca de Cataluña.</p>



<p>Gracias a&nbsp;la ayuda de dos proyectos subvencionados por la CIRIT, se inició la catalogación del fondo de Santa María de Vilafranca del Penedès (1986), conservado en el Museo del Vino (Vinseum), y se empezó a trabajar, en una primera fase, en la colección de manuscritos musicales de la catedral de Tortosa (1987).<a title="" href="#_ftn8" name="_ftnref8"><sup>8</sup></a> Desde 2002, el IDIMAR cambió su antigua denominación por la de Instituto de Musicología «Josep Ricart i Matas»&nbsp;de la RACBASJ, con un convenio específico con la UAB. Desde aquel momento, las tareas de descripción de los fondos musicales que había desarrollado el antiguo IDIMAR fueron asumidas por el nuevo proyecto IFMuC, surgido del seno del Instituto y conectado con la docencia sobre patrimonio musical del Departamento de Arte y Musicología de la UAB.</p>



<p>Un año antes del traspaso de su impulsor y director, Francesc Bonastre Bertran (1944-2017), el Instituto de Musicología «Josep Ricart i Matas» fue clausurado por orden de la RACBASJ. Desde 2018 esta institución alberga el fondo bibliográfico y documental del antiguo IDIM.<a title="" name="_ftnref9" href="#_ftn9"><sup>9</sup></a></p>



<h2 class="wp-block-heading"><strong>Notas</strong></h2>



<p><a href="https://webs.uab.cat/ifmuc/wp-admin/post.php?post=377&amp;action=edit&amp;lang=es#_ftnref1"><sup>1</sup></a>&nbsp;GREGORI I CIFRÉ, Josep Maria. “Francesc Bonastre i Bertran (1944-2017), impulsor de la recuperació del Patrimoni Musical de Catalunya des de la Universitat Autònoma de Barcelona”, Revista Catalana de Musicologia, XIII (2020), p, 15-41.</p>



<p><a href="https://webs.uab.cat/ifmuc/wp-admin/post.php?post=377&amp;action=edit&amp;lang=es#_ftnref2"><sup>2</sup></a>&nbsp;Profesor del Departamento de Arte de la UAB entre 1973 y 1978.</p>



<p><a href="https://webs.uab.cat/ifmuc/wp-admin/post.php?post=377&amp;action=edit&amp;lang=es#_ftnref3"><sup>3</sup></a>&nbsp;BONASTRE, Francesc. «La labor de documentación musical del IDIM&nbsp;de la UAB»,&nbsp;<em>Anuario Musical</em>, 49 (1994), p. 299-300.</p>



<p><a href="https://webs.uab.cat/ifmuc/wp-admin/post.php?post=377&amp;action=edit&amp;lang=es#_ftnref4"><sup>4</sup></a>&nbsp;Una de las primeras investigaciones con las que Francesc Bonastre inauguraba sus contribuciones al estudio del barroco ( «La Capella Musical de la Seu de Tarragona a mitjan segle XVIII»,&nbsp;<em>Boletín Arqueológico</em>&nbsp;(1976-77), Ep. IV, fasc . 133-140, p. 259-270) y la tesis de licenciatura de Josep Maria Gregori centrada en el estudio y la transcripción de la obra compositiva de un maestro de la catedral de Tarragona del siglo XVIII (<em>La producció musical conservada de Joan Crisòstom Ripollès († 1746): catalogació i transcripció</em>, UAB, junio de 1977).</p>



<p><a href="https://webs.uab.cat/ifmuc/wp-admin/post.php?post=377&amp;action=edit&amp;lang=es#_ftnref5"><sup>5</sup></a>&nbsp;La metodología descriptiva utilizada en la confección del primer catálogo del fondo de la catedral de Tarragona (1977), sirvió de modelo para las ediciones de los primeros catálogos que se publicaron en España durante la década de los años 1980.</p>



<p><a href="https://webs.uab.cat/ifmuc/wp-admin/post.php?post=377&amp;action=edit&amp;lang=es#_ftnref6"><sup>6</sup></a>&nbsp;BONASTRE, Francesc. «L’Institut de Documentació i d’Investigació Musicològiques Josep Ricart i Matas”,&nbsp;<em>Estudis oferts a Josep Ricart i Matas en la commemoració del centenari del seu naixement (1893-1993)</em>. Barcelona: Real Academia Catalana de Bellas Artes de Sant Jordi, 1993, p. 85-91.</p>



<p><a href="https://webs.uab.cat/ifmuc/wp-admin/post.php?post=377&amp;action=edit&amp;lang=es#_ftnref7"><sup>7</sup></a>&nbsp;El ICCMU, Instituto Complutense de Ciencias Musicales, se creó en 1989.</p>



<p><a href="https://webs.uab.cat/ifmuc/wp-admin/post.php?post=377&amp;action=edit&amp;lang=es#_ftnref8"><sup>8</sup></a>&nbsp;GREGORI, Josep Maria. «La catalogació dels arxius musicals de Catalunya, una de les línies de recerca de l’IDIM de la UAB”,&nbsp;<em>I Congrés de Música a Catalunya</em>. Barcelona: Consell Català de la Música, 1994, p. 863-865.</p>



<p><a href="https://webs.uab.cat/ifmuc/wp-admin/post.php?post=377&amp;action=edit&amp;lang=es#_ftnref9"><sup>9</sup></a>&nbsp;MILLET I LORAS, Maria Dolors. «La biblioteca del Institut de Documentació i d’Investigació Musicològiques «Josep Ricart i Matas»», AEDOM.&nbsp;<em>Boletín de la Asociación Española de Documentación Musical</em>, vol. 5, núm. 1 (1998), p. 83-87</p>

<p>El proyecto IFMuC se inició en 2001 en el seno del Departamento de Arte y Musicología de la UAB, bajo la coordinación del prof. Josep Maria Gregori i Cifré, y es heredero de la labor y de las actuaciones aplicadas a la recuperación del patrimonio musical de Cataluña que iniciaron y desarrollaron el Centro de [&hellip;]</p>
