{"id":375,"date":"2019-01-25T16:29:54","date_gmt":"2019-01-25T14:29:54","guid":{"rendered":"https:\/\/webs.uab.cat\/ifmuc\/antecedents\/"},"modified":"2024-10-25T11:10:34","modified_gmt":"2024-10-25T10:10:34","slug":"antecedents","status":"publish","type":"page","link":"https:\/\/webs.uab.cat\/ifmuc\/antecedents\/","title":{"rendered":"Antecedents"},"content":{"rendered":"\n<p>El projecte IFMuC es va endegar el 2001 en el si del Departament d\u2019Art i Musicologia de la UAB, sota la coordinaci\u00f3 del prof. Josep Maria Gregori i Cifr\u00e9, i \u00e9s hereu de la labor i de les actuacions aplicades a la recuperaci\u00f3 del patrimoni musical de Catalunya que van iniciar i desenvolupar el Centre de Documentaci\u00f3 Musical de la UAB i l\u2019Institut de Musicologia Josep Ricart i Matas de la UAB i la RACBASJ, sota la direcci\u00f3 de Francesc Bonastre i Bertran.<a title=\"\" name=\"_ftnref1\" href=\"#_ftn1\"><sup>1<\/sup><\/a><\/p>\n\n\n\n<h2 class=\"wp-block-heading\"><strong>El Centre de Documentaci\u00f3 Musical de la UAB (1973-1979)<\/strong><\/h2>\n\n\n\n<p>El Centre de Documentaci\u00f3 Musical (CDM) va ser creat el 1973 en el si del Departament d\u2019Art de la UAB, gr\u00e0cies a la iniciativa dels professors Francesc Bonastre i Antonio Mart\u00edn Moreno,<a title=\"\" href=\"#_ftn2\" name=\"_ftnref2\"><sup>2<\/sup><\/a> els quals conjuntament amb els estudiants de l\u2019\u00c0rea de M\u00fasica del Departament d\u2019Art, van propiciar la formaci\u00f3 d\u2019un equip d\u2019investigaci\u00f3 orientat cap a la catalogaci\u00f3 i l\u2019estudi dels fons musicals de Catalunya. Entre els anys 1975 i 1978, van formar part de l\u2019equip del CDM: Francesc Bonastre i Antonio Mart\u00edn Moreno, i els estudiants Joan Bag\u00fc\u00e9s Mayra Fa, Josep Maria Gregori, Esther Griera, Carme Rumeu, Maria Vila-Coro i Josep M. Vives.<\/p>\n\n\n\n<p>La primera labor investigadora d\u2019aquell equip va ser emprendre la catalogaci\u00f3 i posterior microfilmaci\u00f3 del fons musical de la catedral de Tarragona (1975-1981). La resta d\u2019intervencions del CDM es van centrar en l\u2019inici de la catalogaci\u00f3 dels fons musicals de Santa Maria del Pi (Barcelona), Santa Maria de la Geltr\u00fa, Sant Esteve d\u2019Olot, Santa Pau dels Arcs, Sant Joan de les Abadesses i Sant Pere i Sant pau de Canet de Mar (1976-1980).<a title=\"\" name=\"_ftnref3\" href=\"#_ftn3\"><sup>3<\/sup><\/a> Els treballs del CDM van obrir noves l\u00ednies de recerca en el terreny de la recuperaci\u00f3 del patrimoni musical catal\u00e0<a title=\"\" name=\"_ftnref4\" href=\"#_ftn4\"><sup>4<\/sup><\/a> i en el de la metodologia de la catalogaci\u00f3 de manuscrits musicals.<a title=\"\" name=\"_ftnref5\" href=\"#_ftn4\"><sup>5<\/sup><\/a><\/p>\n\n\n\n<h2 class=\"wp-block-heading\"><strong>L\u2019Institut de Musicologia Josep Ricart i Matas de la UAB i la RACBASJ (1980-2016)<\/strong><\/h2>\n\n\n\n<p>La labor realitzada pel CDM va ser recollida i continuada per Institut de Documentaci\u00f3 i d\u2019Investigaci\u00f3 Musicol\u00f2giques Josep Ricart i Matas (IDIM), creat el 1980 amb el concurs de la <strong><a href=\"https:\/\/www.racba.org\/ca\/index.php\" target=\"_blank\" rel=\"noopener\">Reial Acad\u00e8mia Catalana de Belles Arts de Sant Jordi<\/a><\/strong> (RACBASJ) i la UAB, pr\u00e8via ordre ministerial del 6 de juny de 1979, sota la direcci\u00f3 del professor Francesc Bonastre i Bertran.<a title=\"\" name=\"_ftnref6\" href=\"#_ftn6\"><sup>6<\/sup><\/a> Durant la d\u00e8cada dels anys 1980, l\u2019IDIM esdevingu\u00e9 una instituci\u00f3 pionera en el conjunt de l\u2019Estat Espanyol i l\u2019\u00fanica dedicada de forma exclusiva al conreu de la musicologia catalana.<a title=\"\" name=\"_ftnref7\" href=\"#_ftn7\"><sup>7<\/sup><\/a><\/p>\n\n\n\n<p>Pel que fa a la labor realitzada en el camp de l\u2019arxiv\u00edstica musical, la posada en marxa de l\u2019IDIM va permetre completar la microfilmaci\u00f3 del fons de manuscrits musicals de la catedral de Tarragona i completar el proc\u00e9s de fitxatge i microfilmaci\u00f3 del fons de Sant Pere i Sant Pau de Canet de Mar, que culmin\u00e0 el 1982.<\/p>\n\n\n\n<p>Durant el desembre de 1982 l\u2019IDIM va organitzar i acollir a la seva seu el <em>I Simposio Nacional sobre Archiv\u00edstica y Documentaci\u00f3n Musical<\/em>. Entre 1983 i 1984, mitjan\u00e7ant un conveni institucional entre l\u2019IDIM i la BC, i gr\u00e0cies a un projecte d\u2019investigaci\u00f3 subvencionat, es proced\u00ed a efectuar la primera fase de la catalogaci\u00f3 del fons musical Joan Carreras i Dagas de la Biblioteca de Catalunya.<\/p>\n\n\n\n<p>Amb l\u2019ajut de dos projectes subvencionats per la CIRIT, es va iniciar la catalogaci\u00f3 del fons de Santa Maria de Vilafranca del Pened\u00e8s (1986), conservat al Museu del Vi (Vinseum), i es comen\u00e7\u00e0 a treballar, en una primera fase, en la col\u00b7lecci\u00f3 de manuscrits musicals de la catedral de Tortosa (1987).<a title=\"\" href=\"#_ftn8\" name=\"_ftnref8\"><sup>8<\/sup><\/a> Des de 2002, l\u2019IDIM va canviar la seva antiga denominaci\u00f3 per la d\u2019Institut de Musicologia \u201cJosep Ricart i Matas\u201d de la RACBASJ, amb un conveni espec\u00edfic amb la UAB. Des d\u2019aquell moment, les tasques de descripci\u00f3 dels fons musicals que havia desenvolupat l\u2019antic IDIM van ser assumides pel nou projecte IFMuC, sorgit del si de l\u2019Institut i connectat amb la doc\u00e8ncia sobre patrimoni musical del Departament d\u2019Art i Musicologia de la UAB.<\/p>\n\n\n\n<p>Un any abans del trasp\u00e0s del seu impulsor i director, Francesc Bonastre i Bertran (1944-2017), l\u2019Institut de Musicologia \u201cJosep Ricart i Matas\u201d va ser clausurat per ordre de la RACBASJ. Des de 2018 aquesta instituci\u00f3 alberga el fons bibliogr\u00e0fic i documental de l\u2019antic IDIM.<a title=\"\" name=\"_ftnref9\" href=\"#_ftn9\"><sup>9<\/sup><\/a><\/p>\n\n\n\n<h2 class=\"wp-block-heading\"><strong>Notes<\/strong><\/h2>\n\n\n\n<p><a href=\"https:\/\/webs.uab.cat\/ifmuc\/wp-admin\/post.php?post=375&amp;action=edit&amp;lang=ca#_ftnref1\"><sup>1<\/sup><\/a>&nbsp;GREGORI I CIFR\u00c9, Josep Maria. \u201cFrancesc Bonastre i Bertran (1944-2017), impulsor de la recuperaci\u00f3 del Patrimoni Musical de Catalunya des de la Universitat Aut\u00f2noma de Barcelona\u201d, Revista Catalana de Musicologia, XIII (2020), p, 15-41.<\/p>\n\n\n\n<p><a href=\"https:\/\/webs.uab.cat\/ifmuc\/wp-admin\/post.php?post=375&amp;action=edit&amp;lang=ca#_ftnref2\"><sup>2<\/sup><\/a>&nbsp;Professor del Departament d\u2019Art de la UAB entre 1973 i 1978.<\/p>\n\n\n\n<p><a href=\"https:\/\/webs.uab.cat\/ifmuc\/wp-admin\/post.php?post=375&amp;action=edit&amp;lang=ca#_ftnref3\"><sup>3<\/sup><\/a>&nbsp;BONASTRE, Francesc. \u201cLa labor de documentaci\u00f3n musical del IDIM de la UAB\u201d,&nbsp;<em>Anuario Musical<\/em>, 49 (1994), p. 299-300.<\/p>\n\n\n\n<p><a href=\"https:\/\/webs.uab.cat\/ifmuc\/wp-admin\/post.php?post=375&amp;action=edit&amp;lang=ca#_ftnref4\"><sup>4<\/sup><\/a>&nbsp;Una de las primeres recerques amb les que Francesc Bonastre inaugurava les seves contribucions a l\u2019estudi del barroc (\u201cLa Capella Musical de la Seu de Tarragona a mitjan segle XVIII\u201d,&nbsp;<em>Bolet\u00edn Arqueol\u00f3gico<\/em>&nbsp;(1976-77), \u00e9p. IV, fasc. 133-140, p. 259-270) i la tesi de llicenciatura de Josep Maria Gregori centrada en l\u2019estudi i la transcripci\u00f3 de l\u2019obra compositiva d\u2019un mestre de la catedral de Tarragona del segle XVIII (<em>La producci\u00f3 musical conservada de Joan Cris\u00f2stom Ripoll\u00e8s (\u2020 1746): catalogaci\u00f3 i transcripci\u00f3<\/em>, UAB, juny de 1977).<\/p>\n\n\n\n<p><a href=\"https:\/\/webs.uab.cat\/ifmuc\/wp-admin\/post.php?post=375&amp;action=edit&amp;lang=ca#_ftnref5\"><sup>5<\/sup><\/a>&nbsp;La metodologia descriptiva emprada en la confecci\u00f3 del primer cat\u00e0leg del fons de la catedral de Tarragona (1977), serv\u00ed de model per a les edicions dels primers cat\u00e0legs que es van publicar a Espanya durant la d\u00e8cada dels anys 1980.<\/p>\n\n\n\n<p><a href=\"https:\/\/webs.uab.cat\/ifmuc\/wp-admin\/post.php?post=375&amp;action=edit&amp;lang=ca#_ftnref6\"><sup>6<\/sup><\/a>&nbsp;BONASTRE, Francesc. \u201cL\u2019Institut de Documentaci\u00f3 i d\u2019Investigaci\u00f3 Musicol\u00f2giques Josep Ricart i Matas\u201d,&nbsp;<em>Estudis oferts a Josep Ricart i Matas en la commemoraci\u00f3 del centenari del seu naixement (1893-1993).<\/em>&nbsp;Barcelona: Reial Acad\u00e8mia Catalana de Belles Arts de Sant Jordi, 1993, p. 85-91.<\/p>\n\n\n\n<p><a href=\"https:\/\/webs.uab.cat\/ifmuc\/wp-admin\/post.php?post=375&amp;action=edit&amp;lang=ca#_ftnref7\"><sup>7<\/sup><\/a>&nbsp;L\u2019ICCMU, Instituto Complutense de Ciencias Musicales, es va crear el 1989.<\/p>\n\n\n\n<p><a href=\"https:\/\/webs.uab.cat\/ifmuc\/wp-admin\/post.php?post=375&amp;action=edit&amp;lang=ca#_ftnref8\"><sup>8<\/sup><\/a>&nbsp;GREGORI, Josep Maria. \u201cLa catalogaci\u00f3 dels arxius musicals de Catalunya, una de les l\u00ednies de recerca de l\u2019IDIM de la UAB\u201d,&nbsp;<em>I Congr\u00e9s de M\u00fasica a Catalunya<\/em>. Barcelona: Consell Catal\u00e0 de la M\u00fasica, 1994, p. 863-865.<\/p>\n\n\n\n<p><a href=\"https:\/\/webs.uab.cat\/ifmuc\/wp-admin\/post.php?post=375&amp;action=edit&amp;lang=ca#_ftnref9\"><sup>9<\/sup><\/a>&nbsp;MILLET I LORAS, Maria Dolors. \u201cLa biblioteca del Institut de Documentaci\u00f3 i d\u2019Investigaci\u00f3 Musicol\u00f2giques \u00abJosep Ricart i Matas\u00bb\u201d,&nbsp;<em>AEDOM. Bolet\u00edn de la Asociaci\u00f3nEspa\u00f1ola de Documentaci\u00f3n Musical<\/em>, vol. 5, n\u00fam. 1 (1998), p. 83-87.<\/p>\n","protected":false},"excerpt":{"rendered":"<p>El projecte IFMuC es va endegar el 2001 en el si del Departament d\u2019Art i Musicologia de la UAB, sota la coordinaci\u00f3 del prof. Josep Maria Gregori i Cifr\u00e9, i \u00e9s hereu de la labor i de les actuacions aplicades a la recuperaci\u00f3 del patrimoni musical de Catalunya que van iniciar i desenvolupar el Centre [&hellip;]<\/p>\n","protected":false},"author":126,"featured_media":0,"parent":0,"menu_order":0,"comment_status":"closed","ping_status":"closed","template":"","meta":{"footnotes":""},"class_list":["post-375","page","type-page","status-publish","hentry"],"_links":{"self":[{"href":"https:\/\/webs.uab.cat\/ifmuc\/wp-json\/wp\/v2\/pages\/375","targetHints":{"allow":["GET"]}}],"collection":[{"href":"https:\/\/webs.uab.cat\/ifmuc\/wp-json\/wp\/v2\/pages"}],"about":[{"href":"https:\/\/webs.uab.cat\/ifmuc\/wp-json\/wp\/v2\/types\/page"}],"author":[{"embeddable":true,"href":"https:\/\/webs.uab.cat\/ifmuc\/wp-json\/wp\/v2\/users\/126"}],"replies":[{"embeddable":true,"href":"https:\/\/webs.uab.cat\/ifmuc\/wp-json\/wp\/v2\/comments?post=375"}],"version-history":[{"count":8,"href":"https:\/\/webs.uab.cat\/ifmuc\/wp-json\/wp\/v2\/pages\/375\/revisions"}],"predecessor-version":[{"id":1266,"href":"https:\/\/webs.uab.cat\/ifmuc\/wp-json\/wp\/v2\/pages\/375\/revisions\/1266"}],"wp:attachment":[{"href":"https:\/\/webs.uab.cat\/ifmuc\/wp-json\/wp\/v2\/media?parent=375"}],"curies":[{"name":"wp","href":"https:\/\/api.w.org\/{rel}","templated":true}]}}