{"id":376,"date":"2019-01-25T18:24:12","date_gmt":"2019-01-25T16:24:12","guid":{"rendered":"https:\/\/webs.uab.cat\/ifmuc\/viquiprojecte\/"},"modified":"2023-03-10T14:55:55","modified_gmt":"2023-03-10T12:55:55","slug":"viquiprojecte","status":"publish","type":"page","link":"https:\/\/webs.uab.cat\/ifmuc\/viquiprojecte\/","title":{"rendered":"Viquiprojecte"},"content":{"rendered":"\n<h2 class=\"wp-block-heading\"><strong>Context<\/strong><\/h2>\n\n\n\n<p>Per tal de fomentar els treballs de difusi\u00f3 de la recerca musicol\u00f2gica aplicada a la recuperaci\u00f3 de les dades historiogr\u00e0fiques i musicals dels compositors catalans, es proposa als estudiants de l&#8217;assignatura de Patrimoni Musical del Grau de Musicologia de la UAB, col\u00b7laborar amb la&nbsp;<a title=\"Viquip\u00e8dia\" href=\"https:\/\/ca.wikipedia.org\/wiki\/Viquip%C3%A8dia\" target=\"_blank\" rel=\"noopener\">Viquip\u00e8dia<\/a> mitjan\u00e7ant la redacci\u00f3 de nous ep\u00edgrafs sobre m\u00fasics catalans.<\/p>\n\n\n\n<h2 class=\"wp-block-heading\"><strong>Objectius<\/strong><\/h2>\n\n\n\n<ol class=\"wp-block-list\"><li class=\"rtejustify\">Preparaci\u00f3 de materials bio-bibliogr\u00e0fics sobre compositors catalans in\u00e8dits per incorporar nous articles de refer\u00e8ncia a la Viquip\u00e8dia, a partir de les fonts de documentaci\u00f3 hist\u00f2rica i repertori compositiu contingudes en els&nbsp;<a href=\"\/ifmuc\/catalegs\" rel=\"nofollow\">cat\u00e0legs IFMuC<\/a><\/li><li class=\"rtejustify\">Revisi\u00f3 i actualitzac\u00edo d&#8217;articles de refer\u00e8ncia sobre compositors catalans i temes relacionats amb el patrimoni musical catal\u00e0.<\/li><\/ol>\n\n\n\n<p>&nbsp;<\/p>\n\n\n\n<p>Visiteu la p\u00e0gina del projecte a:\u00a0https:\/\/ca.wikipedia.org\/wiki\/Viquiprojecte:IFMuC<\/p>\n\n\n<div class=\"wp-block-image\">\n<figure class=\"aligncenter is-resized\"><a href=\"https:\/\/ca.wikipedia.org\/wiki\/Viquiprojecte:IFMuC\" target=\"_blank\" rel=\"noopener\"><img loading=\"lazy\" decoding=\"async\" src=\"https:\/\/webs.uab.cat\/ifmuc2\/wp-content\/uploads\/sites\/253\/2022\/06\/viquifmuc2.jpg\" alt=\"\" class=\"wp-image-392\" width=\"245\" height=\"70\" title=\"Viquiprojecte IFMuC\" \/><\/a><\/figure>\n<\/div>\n\n\n<p class=\"has-text-align-center\"><\/p>\n","protected":false},"excerpt":{"rendered":"<p>Context Per tal de fomentar els treballs de difusi\u00f3 de la recerca musicol\u00f2gica aplicada a la recuperaci\u00f3 de les dades historiogr\u00e0fiques i musicals dels compositors catalans, es proposa als estudiants de l&#8217;assignatura de Patrimoni Musical del Grau de Musicologia de la UAB, col\u00b7laborar amb la&nbsp;Viquip\u00e8dia mitjan\u00e7ant la redacci\u00f3 de nous ep\u00edgrafs sobre m\u00fasics catalans. Objectius [&hellip;]<\/p>\n","protected":false},"author":20,"featured_media":0,"parent":0,"menu_order":0,"comment_status":"closed","ping_status":"closed","template":"","meta":{"footnotes":""},"class_list":["post-376","page","type-page","status-publish","hentry"],"_links":{"self":[{"href":"https:\/\/webs.uab.cat\/ifmuc\/wp-json\/wp\/v2\/pages\/376","targetHints":{"allow":["GET"]}}],"collection":[{"href":"https:\/\/webs.uab.cat\/ifmuc\/wp-json\/wp\/v2\/pages"}],"about":[{"href":"https:\/\/webs.uab.cat\/ifmuc\/wp-json\/wp\/v2\/types\/page"}],"author":[{"embeddable":true,"href":"https:\/\/webs.uab.cat\/ifmuc\/wp-json\/wp\/v2\/users\/20"}],"replies":[{"embeddable":true,"href":"https:\/\/webs.uab.cat\/ifmuc\/wp-json\/wp\/v2\/comments?post=376"}],"version-history":[{"count":3,"href":"https:\/\/webs.uab.cat\/ifmuc\/wp-json\/wp\/v2\/pages\/376\/revisions"}],"predecessor-version":[{"id":787,"href":"https:\/\/webs.uab.cat\/ifmuc\/wp-json\/wp\/v2\/pages\/376\/revisions\/787"}],"wp:attachment":[{"href":"https:\/\/webs.uab.cat\/ifmuc\/wp-json\/wp\/v2\/media?parent=376"}],"curies":[{"name":"wp","href":"https:\/\/api.w.org\/{rel}","templated":true}]}}