{"id":115,"date":"2017-06-06T13:55:38","date_gmt":"2017-06-06T13:55:38","guid":{"rendered":"https:\/\/webs.uab.cat\/impressio\/escanejar-i-desar-pen-drive\/"},"modified":"2022-08-08T09:37:28","modified_gmt":"2022-08-08T09:37:28","slug":"escanejar-i-desar-pen-drive","status":"publish","type":"page","link":"https:\/\/webs.uab.cat\/impressio\/escanejar-i-desar-pen-drive\/","title":{"rendered":"Escanejar i Desar Pen Drive"},"content":{"rendered":"<p>1. Pr\u00e9mer el bot\u00f3 Llegir i desar.<\/p>\n<p><img loading=\"lazy\" decoding=\"async\" class=\" size-full wp-image-107\" alt=\"\" src=\"https:\/\/webs.uab.cat\/impressio\/wp-content\/uploads\/sites\/137\/2017\/06\/pen1.png\" width=\"300\" height=\"208\" srcset=\"https:\/\/webs.uab.cat\/impressio\/wp-content\/uploads\/sites\/137\/2017\/06\/pen1.png 445w, https:\/\/webs.uab.cat\/impressio\/wp-content\/uploads\/sites\/137\/2017\/06\/pen1-300x208.png 300w\" sizes=\"auto, (max-width: 300px) 100vw, 300px\" \/><\/p>\n<p><br clear=\"ALL\"><br \/>\n2. Pr\u00e9mer l\u2019opci\u00f3 Dispositiu de mem\u00f2ria.<\/p>\n<p><img loading=\"lazy\" decoding=\"async\" class=\" size-full wp-image-108\" alt=\"\" src=\"https:\/\/webs.uab.cat\/impressio\/wp-content\/uploads\/sites\/137\/2017\/06\/pen2.png\" width=\"300\" height=\"209\"><\/p>\n<p>3. Introduir el Pen Drive i seleccionar la icona marcada a la imatge<\/p>\n<p><a href=\"#INDEX\"><strong><img loading=\"lazy\" decoding=\"async\" class=\" size-full wp-image-109\" alt=\"\" src=\"https:\/\/webs.uab.cat\/impressio\/wp-content\/uploads\/sites\/137\/2017\/06\/pen3.png\" width=\"300\" height=\"226\"><\/strong><\/a><br clear=\"ALL\"><br \/>\n4. Especificar la ruta i pr\u00e9mer Llegir<\/p>\n<p><img loading=\"lazy\" decoding=\"async\" class=\" size-full wp-image-110\" alt=\"\" src=\"https:\/\/webs.uab.cat\/impressio\/wp-content\/uploads\/sites\/137\/2017\/06\/pen4.png\" width=\"300\" height=\"222\"><br clear=\"ALL\"><br \/>\n5. Modificar l\u2019acabat.<\/p>\n<p><img loading=\"lazy\" decoding=\"async\" class=\" size-full wp-image-111\" alt=\"\" src=\"https:\/\/webs.uab.cat\/impressio\/wp-content\/uploads\/sites\/137\/2017\/06\/pen5.png\" width=\"300\" height=\"208\">&nbsp;&nbsp;&nbsp; <img loading=\"lazy\" decoding=\"async\" class=\" size-full wp-image-112\" alt=\"\" src=\"https:\/\/webs.uab.cat\/impressio\/wp-content\/uploads\/sites\/137\/2017\/06\/pen6.png\" width=\"284\" height=\"206\">&nbsp;&nbsp;&nbsp; <img loading=\"lazy\" decoding=\"async\" class=\" size-full wp-image-113\" alt=\"\" src=\"https:\/\/webs.uab.cat\/impressio\/wp-content\/uploads\/sites\/137\/2017\/06\/pen7.png\" width=\"285\" height=\"218\"><\/p>\n<p>&nbsp;<\/p>\n<p>6. Pr\u00e9mer bot\u00f3 verd<\/p>\n<p>7. Per treure el Pen Drive, pr\u00e9mer el bot\u00f3 marcat a la imatge i tot seguit treure i acceptar<\/p>\n<p><img loading=\"lazy\" decoding=\"async\" class=\" size-full wp-image-114\" alt=\"\" src=\"https:\/\/webs.uab.cat\/impressio\/wp-content\/uploads\/sites\/137\/2017\/06\/pen8.png\" width=\"300\" height=\"230\"><\/p>\n<p>&nbsp;<\/p>\n","protected":false},"excerpt":{"rendered":"<p>1. Pr\u00e9mer el bot\u00f3 Llegir i desar. 2. Pr\u00e9mer l\u2019opci\u00f3 Dispositiu de mem\u00f2ria. 3. Introduir el Pen Drive i seleccionar la icona marcada a la imatge 4. Especificar la ruta i pr\u00e9mer Llegir 5. Modificar l\u2019acabat. &nbsp;&nbsp;&nbsp; &nbsp;&nbsp;&nbsp; &nbsp; 6. Pr\u00e9mer bot\u00f3 verd 7. Per treure el Pen Drive, pr\u00e9mer el bot\u00f3 marcat a la [&hellip;]<\/p>\n","protected":false},"author":20,"featured_media":0,"parent":0,"menu_order":0,"comment_status":"closed","ping_status":"closed","template":"","meta":{"footnotes":""},"class_list":["post-115","page","type-page","status-publish","hentry"],"_links":{"self":[{"href":"https:\/\/webs.uab.cat\/impressio\/wp-json\/wp\/v2\/pages\/115","targetHints":{"allow":["GET"]}}],"collection":[{"href":"https:\/\/webs.uab.cat\/impressio\/wp-json\/wp\/v2\/pages"}],"about":[{"href":"https:\/\/webs.uab.cat\/impressio\/wp-json\/wp\/v2\/types\/page"}],"author":[{"embeddable":true,"href":"https:\/\/webs.uab.cat\/impressio\/wp-json\/wp\/v2\/users\/20"}],"replies":[{"embeddable":true,"href":"https:\/\/webs.uab.cat\/impressio\/wp-json\/wp\/v2\/comments?post=115"}],"version-history":[{"count":1,"href":"https:\/\/webs.uab.cat\/impressio\/wp-json\/wp\/v2\/pages\/115\/revisions"}],"predecessor-version":[{"id":217,"href":"https:\/\/webs.uab.cat\/impressio\/wp-json\/wp\/v2\/pages\/115\/revisions\/217"}],"wp:attachment":[{"href":"https:\/\/webs.uab.cat\/impressio\/wp-json\/wp\/v2\/media?parent=115"}],"curies":[{"name":"wp","href":"https:\/\/api.w.org\/{rel}","templated":true}]}}