{"id":65,"date":"2017-06-01T09:05:31","date_gmt":"2017-06-01T09:05:31","guid":{"rendered":"https:\/\/webs.uab.cat\/impressio\/pas-pas-extern\/"},"modified":"2022-08-08T09:41:04","modified_gmt":"2022-08-08T09:41:04","slug":"pas-pas-extern","status":"publish","type":"page","link":"https:\/\/webs.uab.cat\/impressio\/pas-pas-extern\/","title":{"rendered":"PAS A PAS EXTERN"},"content":{"rendered":"\n<p>Com a personal no vinculat a la UAB teniu la possibilitat de:<\/p>\n\n\n\n<ul class=\"wp-block-list\"><li>fer copies, impressions i m\u00e9s serveis de reprografia als Serveis Assistits<\/li><li>acc\u00e9s a l\u2019escaneig en alguns equips multi funci\u00f3 distribu\u00efts pel Campus&nbsp;<\/li><\/ul>\n\n\n\n<h2 class=\"wp-block-heading\">1.\u00a0\u00a0\u00a0\u00a0\u00a0\u00a0 <strong>SERVEI ASSISTIT<\/strong><\/h2>\n\n\n\n<p>\u00c9s un servei que est\u00e0 a disposici\u00f3 de qualsevol persona, independentment de que estigui vinculada a la UAB o no. La ubicaci\u00f3 i els horaris d\u2019atenci\u00f3 els podeu trobar <a href=\"https:\/\/webs.uab.cat\/impressio\/servei-assistit\/\" data-type=\"page\" data-id=\"80\">aqu\u00ed<\/a>.<\/p>\n\n\n\n<p>&nbsp;<\/p>\n\n\n\n<p><strong>Al Servei Assistit podr\u00e0s fer:<\/strong><\/p>\n\n\n\n<p>\u2022 C\u00f2pies\/impressions blanc i negre i color en formats A3\/A4.<\/p>\n\n\n\n<p>\u2022 C\u00f2pies\/impressions en diferents tipus de paper: des de 80grs-100grs. fins a cartolines de 120grs, 160grs.<\/p>\n\n\n\n<p>\u2022 Impressi\u00f3 en gran format: color i blanc i negre<\/p>\n\n\n\n<p>\u2022 Cartelleria per a congressos, exposicions, aparadors, etc.<\/p>\n\n\n\n<p>\u2022 Digitalitzaci\u00f3 de documents o projectes: A4\/A3.<\/p>\n\n\n\n<p>\u2022 Esc\u00e0ner blanc i negre i color gran format: pl\u00e0nols, p\u00f2sters, fotografies, fins a mida A0<\/p>\n\n\n\n<p>\u2022 Enquadernaci\u00f3 espiral\/met\u00e0l\u00b7lica.<\/p>\n\n\n\n<p>\u2022 Venda de material b\u00e0sic d\u2019oficina.<\/p>\n\n\n\n<p>&nbsp;<\/p>\n\n\n\n<h2 class=\"wp-block-heading\">2.\u00a0\u00a0\u00a0\u00a0\u00a0\u00a0 <strong>ACC\u00c9S A L\u2019ESCANEIG<\/strong><\/h2>\n\n\n\n<p>Qualsevol persona sense identificaci\u00f3 UAB podr\u00e0 fer servir el servei d\u2019escaneig, totalment gratu\u00eft.<\/p>\n\n\n\n<ul class=\"wp-block-list\"><li> <table width=\"809\" cellspacing=\"0\" cellpadding=\"0\" border=\"0\"><tbody><tr><td colspan=\"3\" width=\"809\" height=\"40\"><em><strong>Equips que admeten usuaris sense identificaci\u00f3 UAB<\/strong><\/em><\/td> <\/tr> <tr> <td colspan=\"3\" height=\"21\">\u00a0<\/td> <\/tr> <tr> <td class=\"rtecenter\" width=\"278\" height=\"21\"><strong>Centre<\/strong><\/td> <td class=\"rtecenter\" width=\"367\"><strong>Ubicaci\u00f3 dels equips d&#8217;auto-servei<\/strong><\/td> <td class=\"rtecenter\" width=\"164\"><strong>Tipus de m\u00e0quina<\/strong><\/td> <\/tr> <tr> <td rowspan=\"2\" width=\"278\" height=\"48\">Campus de Sabadell<\/td> <td width=\"367\">Planta 0, entrada passad\u00eds S2<\/td> <td width=\"164\">Color (Fins A3)\u00a0 <span>\u00a0<\/span><\/td> <\/tr> <tr> <td width=\"367\" height=\"26\">Planta 0, Biblioteca<\/td> <td width=\"164\">Blanc i negre\u00a0\u00a0\u00a0\u00a0\u00a0\u00a0<\/td> <\/tr> <tr> <td rowspan=\"2\" width=\"278\" height=\"41\">Biblioteca de Comunicaci\u00f3 i Hemeroteca General<\/td> <td width=\"367\">Planta 4<\/td> <td width=\"164\">Color (Fins A3)\u00a0\u00a0\u00a0<\/td> <\/tr> <tr> <td width=\"367\" height=\"21\">\u00a0<\/td> <td width=\"164\">\u00a0<\/td> <\/tr> <tr> <td width=\"278\" height=\"21\">Biblioteca de Socials<\/td> <td width=\"367\">Planta -2<\/td> <td width=\"164\">Color (Fins A3)\u00a0\u00a0\u00a0<\/td> <\/tr> <tr> <td rowspan=\"2\" width=\"278\" height=\"41\">Biblioteca d\u2019Humanitats<\/td> <td width=\"367\">Planta 1, porta L\/114<\/td> <td width=\"164\">Color (Fins A3)\u00a0\u00a0\u00a0<\/td> <\/tr> <tr> <td width=\"367\" height=\"21\">Planta 2, porta L\/241<\/td> <td width=\"164\">Blanc i negre\u00a0\u00a0\u00a0\u00a0\u00a0\u00a0<\/td> <\/tr> <tr> <td width=\"278\" height=\"21\">Facultat de Ci\u00e8ncies i de Bioci\u00e8ncies<\/td> <td width=\"367\">Biblioteca, planta 0<\/td> <td width=\"164\">Blanc i negre\u00a0\u00a0\u00a0\u00a0\u00a0\u00a0<\/td> <\/tr> <tr> <td width=\"278\" height=\"26\">Facultat de Lletres i de Psicologia<\/td> <td width=\"367\">Sala de revistes, planta 1<\/td> <td width=\"164\">Color (Fins A3)\u00a0\u00a0\u00a0<\/td> <\/tr> <tr> <td width=\"278\" height=\"26\">Facultat de Medicina<\/td> <td width=\"367\">Biblioteca, planta 0<\/td> <td width=\"164\">Color (Fins A3)\u00a0\u00a0\u00a0<\/td> <\/tr> <tr> <td width=\"278\" height=\"26\">Unitat Docent Germans Trias i Pujol<\/td> <td width=\"367\">Planta 0<\/td> <td width=\"164\">Color (Fins A3)\u00a0\u00a0\u00a0<\/td> <\/tr> <tr> <td width=\"278\" height=\"26\">Unitat Docent Parc Taul\u00ed<\/td> <td width=\"367\">Panta 0<\/td> <td width=\"164\">Color (Fins A3)\u00a0\u00a0\u00a0<\/td> <\/tr> <tr> <td width=\"278\" height=\"26\">Unitat Docent Vall d&#8217;Hebron<\/td> <td width=\"367\">Palnta 0<\/td> <td width=\"164\">Color (Fins A3)\u00a0\u00a0\u00a0<\/td> <\/tr> <tr> <td width=\"278\" height=\"21\">Facultat de Veterin\u00e0ria<\/td> <td width=\"367\">Biblioteca, planta -1<\/td> <td width=\"164\">Color (Fins A3)\u00a0\u00a0\u00a0<\/td> <\/tr> <\/tbody> <\/table> <\/li><\/ul>\n\n\n\n<p>El pas a pas per a poder escanejar sense identificaci\u00f3 el trobareu al costat de la m\u00e0quina.<\/p>\n\n\n\n<p>&nbsp;<\/p>\n","protected":false},"excerpt":{"rendered":"<p>Com a personal no vinculat a la UAB teniu la possibilitat de: fer copies, impressions i m\u00e9s serveis de reprografia als Serveis Assistits acc\u00e9s a l\u2019escaneig en alguns equips multi funci\u00f3 distribu\u00efts pel Campus&nbsp; 1.\u00a0\u00a0\u00a0\u00a0\u00a0\u00a0 SERVEI ASSISTIT \u00c9s un servei que est\u00e0 a disposici\u00f3 de qualsevol persona, independentment de que estigui vinculada a la UAB [&hellip;]<\/p>\n","protected":false},"author":20,"featured_media":0,"parent":0,"menu_order":0,"comment_status":"closed","ping_status":"closed","template":"","meta":{"footnotes":""},"class_list":["post-65","page","type-page","status-publish","hentry"],"_links":{"self":[{"href":"https:\/\/webs.uab.cat\/impressio\/wp-json\/wp\/v2\/pages\/65","targetHints":{"allow":["GET"]}}],"collection":[{"href":"https:\/\/webs.uab.cat\/impressio\/wp-json\/wp\/v2\/pages"}],"about":[{"href":"https:\/\/webs.uab.cat\/impressio\/wp-json\/wp\/v2\/types\/page"}],"author":[{"embeddable":true,"href":"https:\/\/webs.uab.cat\/impressio\/wp-json\/wp\/v2\/users\/20"}],"replies":[{"embeddable":true,"href":"https:\/\/webs.uab.cat\/impressio\/wp-json\/wp\/v2\/comments?post=65"}],"version-history":[{"count":1,"href":"https:\/\/webs.uab.cat\/impressio\/wp-json\/wp\/v2\/pages\/65\/revisions"}],"predecessor-version":[{"id":224,"href":"https:\/\/webs.uab.cat\/impressio\/wp-json\/wp\/v2\/pages\/65\/revisions\/224"}],"wp:attachment":[{"href":"https:\/\/webs.uab.cat\/impressio\/wp-json\/wp\/v2\/media?parent=65"}],"curies":[{"name":"wp","href":"https:\/\/api.w.org\/{rel}","templated":true}]}}