{"id":72,"date":"2017-06-02T12:09:46","date_gmt":"2017-06-02T12:09:46","guid":{"rendered":"https:\/\/webs.uab.cat\/impressio\/servei-de-destruccio-de-documents\/"},"modified":"2017-06-02T12:09:46","modified_gmt":"2017-06-02T12:09:46","slug":"servei-de-destruccio-de-documents","status":"publish","type":"page","link":"https:\/\/webs.uab.cat\/impressio\/servei-de-destruccio-de-documents\/","title":{"rendered":"Servei de Destrucci\u00f3 de Documents"},"content":{"rendered":"<p>Amb l\u2019objectiu de refor\u00e7ar el servei, es posa en marxa un <strong><u>nou procediment <\/u><\/strong>dirigit al personal de la UAB, &nbsp;per a sol\u00b7licitar la destrucci\u00f3 de documents,.<\/p>\n<p>L\u2019usuari que necessita el servei ha d\u2019enviar un correu electr\u00f2nic a <a href=\"mailto:ocivica@canon.es\">ocivica@canon.es<\/a> tot indicant el n\u00famero de caixes i el lloc de recollida.<\/p>\n<p>Una persona contactar\u00e0 amb l\u2019usuari per acordar el dia de recollida<\/p>\n<p><em>IMPORTANT: Amb l\u2019objectiu de facilitar el transport dels documents a destruir, aquests han d\u2019estar dintre de caixes amb mides iguals o similars a les de paper DinA4. Tenint en compte que \u00e9s millor fer dues caixes petites que una gran..<\/em><\/p>\n","protected":false},"excerpt":{"rendered":"<p>Amb l\u2019objectiu de refor\u00e7ar el servei, es posa en marxa un nou procediment dirigit al personal de la UAB, &nbsp;per a sol\u00b7licitar la destrucci\u00f3 de documents,. L\u2019usuari que necessita el servei ha d\u2019enviar un correu electr\u00f2nic a ocivica@canon.es tot indicant el n\u00famero de caixes i el lloc de recollida. Una persona contactar\u00e0 amb l\u2019usuari per [&hellip;]<\/p>\n","protected":false},"author":20,"featured_media":0,"parent":0,"menu_order":0,"comment_status":"closed","ping_status":"closed","template":"","meta":{"footnotes":""},"class_list":["post-72","page","type-page","status-publish","hentry"],"_links":{"self":[{"href":"https:\/\/webs.uab.cat\/impressio\/wp-json\/wp\/v2\/pages\/72","targetHints":{"allow":["GET"]}}],"collection":[{"href":"https:\/\/webs.uab.cat\/impressio\/wp-json\/wp\/v2\/pages"}],"about":[{"href":"https:\/\/webs.uab.cat\/impressio\/wp-json\/wp\/v2\/types\/page"}],"author":[{"embeddable":true,"href":"https:\/\/webs.uab.cat\/impressio\/wp-json\/wp\/v2\/users\/20"}],"replies":[{"embeddable":true,"href":"https:\/\/webs.uab.cat\/impressio\/wp-json\/wp\/v2\/comments?post=72"}],"version-history":[{"count":0,"href":"https:\/\/webs.uab.cat\/impressio\/wp-json\/wp\/v2\/pages\/72\/revisions"}],"wp:attachment":[{"href":"https:\/\/webs.uab.cat\/impressio\/wp-json\/wp\/v2\/media?parent=72"}],"curies":[{"name":"wp","href":"https:\/\/api.w.org\/{rel}","templated":true}]}}