{"id":80,"date":"2017-06-02T12:43:16","date_gmt":"2017-06-02T12:43:16","guid":{"rendered":"https:\/\/webs.uab.cat\/impressio\/servei-assistit\/"},"modified":"2025-09-10T09:47:17","modified_gmt":"2025-09-10T09:47:17","slug":"servei-assistit","status":"publish","type":"page","link":"https:\/\/webs.uab.cat\/impressio\/servei-assistit\/","title":{"rendered":"Servei Assistit"},"content":{"rendered":"<p>\u00c9s un servei que est\u00e0 a disposici\u00f3 de qualsevol persona, independentment de que estigui vinculada a la UAB o no. La ubicaci\u00f3 i els horaris son aquests:<\/p>\n<p><strong>Ubicaci\u00f3: <\/strong>Pla\u00e7a C\u00edvica<\/p>\n<p><strong>Horari\u00a0<\/strong><\/p>\n<p>Dilluns a divendres feiners 8:30 a 18:00 hores.<\/p>\n<h5 style=\"text-align: left\"><span style=\"color: revert;letter-spacing: 0.05rem\">Al Servei Assistit podr\u00e0s fer:<\/span><\/h5>\n<p class=\"normalnospace\">\u2022 C\u00f2pies\/impressions blanc i negre i color en formats A3\/A4.<\/p>\n<p class=\"normalnospace\">\u2022 C\u00f2pies\/impressions en diferents tipus de paper: des de 80grs-100grs. fins a cartolines de 120grs, 160grs.<\/p>\n<p class=\"normalnospace\">\u2022 Impressi\u00f3 en gran format: color i blanc i negre<\/p>\n<p class=\"normalnospace\">\u2022 Cartelleria per a congressos, exposicions, aparadors, etc.<\/p>\n<p class=\"normalnospace\">\u2022 Digitalitzaci\u00f3 de documents o projectes: A4\/A3.<\/p>\n<p class=\"normalnospace\">\u2022 Esc\u00e0ner blanc i negre i color gran format: pl\u00e0nols, p\u00f2sters, fotografies, fins a mida A0<\/p>\n<p class=\"normalnospace\">\u2022 Enquadernaci\u00f3 espiral\/met\u00e0l\u00b7lica.<\/p>\n<p class=\"normalnospace\">\u2022 Venda de material b\u00e0sic d\u2019oficina.<\/p>\n<p><strong>Les tarifes d\u2019impressi\u00f3 al Servei Assistit s\u00f3n:<\/strong><\/p>\n<ul>\n<li>C\u00f2pies en blanc i negre una cara \u2013 0,051\u20ac<\/li>\n<li>C\u00f2pies en blanc i negre doble cara- 0,049\u20ac<\/li>\n<li>C\u00f2pies en color cada cara \u2013 0,20\u20ac<\/li>\n<li>C\u00f2pies en color mas de 100 &#8211; 0,17\u20ac<\/li>\n<\/ul>\n","protected":false},"excerpt":{"rendered":"<p>\u00c9s un servei que est\u00e0 a disposici\u00f3 de qualsevol persona, independentment de que estigui vinculada a la UAB o no. La ubicaci\u00f3 i els horaris son aquests: Ubicaci\u00f3: Pla\u00e7a C\u00edvica Horari\u00a0 Dilluns a divendres feiners 8:30 a 18:00 hores. Al Servei Assistit podr\u00e0s fer: \u2022 C\u00f2pies\/impressions blanc i negre i color en formats A3\/A4. \u2022 [&hellip;]<\/p>\n","protected":false},"author":20,"featured_media":0,"parent":0,"menu_order":0,"comment_status":"closed","ping_status":"closed","template":"","meta":{"footnotes":""},"class_list":["post-80","page","type-page","status-publish","hentry"],"_links":{"self":[{"href":"https:\/\/webs.uab.cat\/impressio\/wp-json\/wp\/v2\/pages\/80","targetHints":{"allow":["GET"]}}],"collection":[{"href":"https:\/\/webs.uab.cat\/impressio\/wp-json\/wp\/v2\/pages"}],"about":[{"href":"https:\/\/webs.uab.cat\/impressio\/wp-json\/wp\/v2\/types\/page"}],"author":[{"embeddable":true,"href":"https:\/\/webs.uab.cat\/impressio\/wp-json\/wp\/v2\/users\/20"}],"replies":[{"embeddable":true,"href":"https:\/\/webs.uab.cat\/impressio\/wp-json\/wp\/v2\/comments?post=80"}],"version-history":[{"count":26,"href":"https:\/\/webs.uab.cat\/impressio\/wp-json\/wp\/v2\/pages\/80\/revisions"}],"predecessor-version":[{"id":455,"href":"https:\/\/webs.uab.cat\/impressio\/wp-json\/wp\/v2\/pages\/80\/revisions\/455"}],"wp:attachment":[{"href":"https:\/\/webs.uab.cat\/impressio\/wp-json\/wp\/v2\/media?parent=80"}],"curies":[{"name":"wp","href":"https:\/\/api.w.org\/{rel}","templated":true}]}}