{"id":20,"date":"2023-10-25T11:55:01","date_gmt":"2023-10-25T09:55:01","guid":{"rendered":"https:\/\/webs.uab.cat\/incasi2\/?page_id=20"},"modified":"2023-12-19T13:19:37","modified_gmt":"2023-12-19T11:19:37","slug":"stages","status":"publish","type":"page","link":"https:\/\/webs.uab.cat\/incasi?page_id=20","title":{"rendered":"Etapas"},"content":{"rendered":"\n<p>Para alcanzar los objetivos del proyecto se organizan en 5 Work Packages estructurados en 3 etapas secuenciales durante todo el per\u00edodo de realizaci\u00f3n: de noviembre de 2023 a octubre de 2027:<\/p>\n\n\n<div class=\"wp-block-image\">\n<figure class=\"aligncenter size-full\"><img loading=\"lazy\" decoding=\"async\" width=\"1017\" height=\"579\" src=\"https:\/\/webs.uab.cat\/incasi\/wp-content\/uploads\/sites\/500\/2023\/12\/Etapas.png\" alt=\"\" class=\"wp-image-225\" srcset=\"https:\/\/webs.uab.cat\/incasi\/wp-content\/uploads\/sites\/500\/2023\/12\/Etapas.png 1017w, https:\/\/webs.uab.cat\/incasi\/wp-content\/uploads\/sites\/500\/2023\/12\/Etapas-300x171.png 300w, https:\/\/webs.uab.cat\/incasi\/wp-content\/uploads\/sites\/500\/2023\/12\/Etapas-768x437.png 768w\" sizes=\"auto, (max-width: 1017px) 100vw, 1017px\" \/><\/figure>\n<\/div>\n\n\n<div class=\"wp-block-columns is-layout-flex wp-container-core-columns-is-layout-9d6595d7 wp-block-columns-is-layout-flex\">\n<div class=\"wp-block-column is-layout-flow wp-block-column-is-layout-flow\" style=\"flex-basis:33.33%\">\n<figure class=\"wp-block-image size-full\"><img loading=\"lazy\" decoding=\"async\" width=\"588\" height=\"958\" src=\"https:\/\/webs.uab.cat\/incasi\/wp-content\/uploads\/sites\/500\/2023\/12\/diseno2.jpg\" alt=\"\" class=\"wp-image-232\" srcset=\"https:\/\/webs.uab.cat\/incasi\/wp-content\/uploads\/sites\/500\/2023\/12\/diseno2.jpg 588w, https:\/\/webs.uab.cat\/incasi\/wp-content\/uploads\/sites\/500\/2023\/12\/diseno2-184x300.jpg 184w\" sizes=\"auto, (max-width: 588px) 100vw, 588px\" \/><\/figure>\n\n\n\n<p>Image by storyset<\/p>\n<\/div>\n\n\n\n<div class=\"wp-block-column is-layout-flow wp-block-column-is-layout-flow\" style=\"flex-basis:66.66%\">\n<p>Etapa 1: <strong>Dise\u00f1o innovador<\/strong> (a\u00f1o 1). Se destina a una evaluaci\u00f3n de las investigaciones previas y el posterior dise\u00f1o de los <em>conceptos integradores<\/em> innovadores en las 6 l\u00edneas de investigaci\u00f3n consideradas en el contexto del modelo te\u00f3rico-metodol\u00f3gico AMOSIT y desarrolladas por los 6 Grupos de Investigaci\u00f3n Tem\u00e1ticos (TRG). Durante el primer a\u00f1o tambi\u00e9n se dise\u00f1ar\u00e1 el Living Lab INCASI correspondiente al segundo paquete de trabajo. Asimismo, se dise\u00f1ar\u00e1n y organizar\u00e1n los cursos de formaci\u00f3n para iniciarlos a partir de mitad del primer a\u00f1o. El paquete de trabajo de difusi\u00f3n y comunicaci\u00f3n tambi\u00e9n ser\u00e1 dise\u00f1ado en este primer a\u00f1o y comenzar\u00e1 a implementarse junto con el plan de publicaciones.<\/p>\n<\/div>\n<\/div>\n\n\n\n<div class=\"wp-block-columns is-layout-flex wp-container-core-columns-is-layout-9d6595d7 wp-block-columns-is-layout-flex\">\n<div class=\"wp-block-column is-layout-flow wp-block-column-is-layout-flow\" style=\"flex-basis:66.66%\">\n<p>Etapa 2: <strong>Construcci\u00f3n<\/strong> (a\u00f1os 2 y 3). Se trata de construir los conceptos integradores innovadores y operacionalizarlos en las 6 l\u00edneas de investigaci\u00f3n. En esta etapa central del proyecto se configurar\u00e1n y construir\u00e1n los diferentes elementos del Living Lab. Paralelamente se desarrollar\u00e1n actividades de formaci\u00f3n, as\u00ed como actividades de comunicaci\u00f3n y difusi\u00f3n, incluidas las publicaciones.<\/p>\n<\/div>\n\n\n\n<div class=\"wp-block-column is-layout-flow wp-block-column-is-layout-flow\" style=\"flex-basis:33.33%\">\n<figure class=\"wp-block-image size-full\"><img loading=\"lazy\" decoding=\"async\" width=\"608\" height=\"845\" src=\"https:\/\/webs.uab.cat\/incasi\/wp-content\/uploads\/sites\/500\/2023\/12\/Construccion2.jpg\" alt=\"\" class=\"wp-image-238\" srcset=\"https:\/\/webs.uab.cat\/incasi\/wp-content\/uploads\/sites\/500\/2023\/12\/Construccion2.jpg 608w, https:\/\/webs.uab.cat\/incasi\/wp-content\/uploads\/sites\/500\/2023\/12\/Construccion2-216x300.jpg 216w\" sizes=\"auto, (max-width: 608px) 100vw, 608px\" \/><\/figure>\n<\/div>\n<\/div>\n\n\n\n<div class=\"wp-block-columns is-layout-flex wp-container-core-columns-is-layout-9d6595d7 wp-block-columns-is-layout-flex\">\n<div class=\"wp-block-column is-layout-flow wp-block-column-is-layout-flow\" style=\"flex-basis:33.33%\">\n<figure class=\"wp-block-image size-large\"><img loading=\"lazy\" decoding=\"async\" width=\"1024\" height=\"1024\" src=\"https:\/\/webs.uab.cat\/incasi\/wp-content\/uploads\/sites\/500\/2023\/12\/integracion-1024x1024.jpg\" alt=\"\" class=\"wp-image-242\" srcset=\"https:\/\/webs.uab.cat\/incasi\/wp-content\/uploads\/sites\/500\/2023\/12\/integracion-1024x1024.jpg 1024w, https:\/\/webs.uab.cat\/incasi\/wp-content\/uploads\/sites\/500\/2023\/12\/integracion-300x300.jpg 300w, https:\/\/webs.uab.cat\/incasi\/wp-content\/uploads\/sites\/500\/2023\/12\/integracion-150x150.jpg 150w, https:\/\/webs.uab.cat\/incasi\/wp-content\/uploads\/sites\/500\/2023\/12\/integracion-768x769.jpg 768w, https:\/\/webs.uab.cat\/incasi\/wp-content\/uploads\/sites\/500\/2023\/12\/integracion-1200x1201.jpg 1200w, https:\/\/webs.uab.cat\/incasi\/wp-content\/uploads\/sites\/500\/2023\/12\/integracion.jpg 1279w\" sizes=\"auto, (max-width: 1024px) 100vw, 1024px\" \/><\/figure>\n<\/div>\n\n\n\n<div class=\"wp-block-column is-layout-flow wp-block-column-is-layout-flow\" style=\"flex-basis:66.66%\">\n<p>Etapa 3: <strong>Integraci\u00f3n <\/strong>(a\u00f1o 4). Esta etapa involucra el objetivo final de la investigaci\u00f3n encaminada a la integraci\u00f3n y validaci\u00f3n de las medidas sint\u00e9ticas multidimensionales del \u00edndice DYSIC aplicadas en los pa\u00edses europeos y latinoamericanos y caribe\u00f1os del proyecto. Esta etapa final incluye la planificaci\u00f3n del trabajo futuro de la red, la publicaci\u00f3n de todos los materiales relacionados con los informes sobre desigualdad, el mapa interactivo de desigualdades, as\u00ed como las recomendaciones de pol\u00edticas p\u00fablicas involucradas en el Living Lab INCASI, los cursos finales de capacitaci\u00f3n, las actividades finales de comunicaci\u00f3n y difusi\u00f3n del proyecto, y publicaciones, incluido un libro final del proyecto.<\/p>\n<\/div>\n<\/div>\n\n\n\n<p>El Work Package 5 se dedica a la <strong>gesti\u00f3n del proyecto<\/strong>, es decir, a la organizaci\u00f3n y coordinaci\u00f3n durante todo el proyecto INCASI2 para asegurar el cumplimiento de sus objetivos.<\/p>\n\n\n\n<p>Durante el desarrollo del proyecto se organizar\u00e1n 9 reuniones: la reuni\u00f3n de lanzamiento, 3 reuniones de los equipos de investigaci\u00f3n sectoriales, junto con la reuni\u00f3n conjunta de la \u00faltima etapa, y 4 reuniones globales: las tres primeras, principalmente con los miembros. de la red, este \u00faltimo adoptar\u00e1 el formato de foro con la participaci\u00f3n de diferentes agentes interesados en la tem\u00e1tica.<\/p>\n","protected":false},"excerpt":{"rendered":"<p>Para alcanzar los objetivos del proyecto se organizan en 5 Work Packages estructurados en 3 etapas secuenciales durante todo el per\u00edodo de realizaci\u00f3n: de noviembre de 2023 a octubre de 2027: Image by storyset Etapa 1: Dise\u00f1o innovador (a\u00f1o 1). Se destina a una evaluaci\u00f3n de las investigaciones previas y el posterior dise\u00f1o de los [&hellip;]<\/p>\n","protected":false},"author":1385,"featured_media":0,"parent":0,"menu_order":0,"comment_status":"closed","ping_status":"closed","template":"","meta":{"footnotes":""},"class_list":["post-20","page","type-page","status-publish","hentry"],"_links":{"self":[{"href":"https:\/\/webs.uab.cat\/incasi\/index.php?rest_route=\/wp\/v2\/pages\/20","targetHints":{"allow":["GET"]}}],"collection":[{"href":"https:\/\/webs.uab.cat\/incasi\/index.php?rest_route=\/wp\/v2\/pages"}],"about":[{"href":"https:\/\/webs.uab.cat\/incasi\/index.php?rest_route=\/wp\/v2\/types\/page"}],"author":[{"embeddable":true,"href":"https:\/\/webs.uab.cat\/incasi\/index.php?rest_route=\/wp\/v2\/users\/1385"}],"replies":[{"embeddable":true,"href":"https:\/\/webs.uab.cat\/incasi\/index.php?rest_route=%2Fwp%2Fv2%2Fcomments&post=20"}],"version-history":[{"count":12,"href":"https:\/\/webs.uab.cat\/incasi\/index.php?rest_route=\/wp\/v2\/pages\/20\/revisions"}],"predecessor-version":[{"id":243,"href":"https:\/\/webs.uab.cat\/incasi\/index.php?rest_route=\/wp\/v2\/pages\/20\/revisions\/243"}],"wp:attachment":[{"href":"https:\/\/webs.uab.cat\/incasi\/index.php?rest_route=%2Fwp%2Fv2%2Fmedia&parent=20"}],"curies":[{"name":"wp","href":"https:\/\/api.w.org\/{rel}","templated":true}]}}