{"id":3300,"date":"2025-02-24T13:40:09","date_gmt":"2025-02-24T11:40:09","guid":{"rendered":"https:\/\/webs.uab.cat\/incasi?page_id=3300"},"modified":"2025-02-24T13:40:09","modified_gmt":"2025-02-24T11:40:09","slug":"manuel-angel-rio-ruiz","status":"publish","type":"page","link":"https:\/\/webs.uab.cat\/incasi?page_id=3300","title":{"rendered":"Manuel Angel R\u00edo Ruiz"},"content":{"rendered":"\n<div class=\"wp-block-media-text alignwide is-stacked-on-mobile background-color: black; has-verd-tropic-color has-verd-tropic-transparent-background-color has-text-color has-background has-link-color wp-elements-0e0c19c21dd4a628ac365700cbd89b3a\" style=\"grid-template-columns:24% auto\"><figure class=\"wp-block-media-text__media\"><img loading=\"lazy\" decoding=\"async\" width=\"400\" height=\"400\" src=\"https:\/\/webs.uab.cat\/incasi\/wp-content\/uploads\/sites\/500\/2025\/02\/manolo-rios.jpg\" alt=\"\" class=\"wp-image-3302 size-full\" srcset=\"https:\/\/webs.uab.cat\/incasi\/wp-content\/uploads\/sites\/500\/2025\/02\/manolo-rios.jpg 400w, https:\/\/webs.uab.cat\/incasi\/wp-content\/uploads\/sites\/500\/2025\/02\/manolo-rios-200x200.jpg 200w\" sizes=\"auto, (max-width: 400px) 100vw, 400px\" \/><\/figure><div class=\"wp-block-media-text__content\">\n<blockquote class=\"wp-block-quote is-layout-flow wp-block-quote-is-layout-flow\">\n<p>Manuel \u00c1ngel R\u00edo Ruiz es profesor titular en el Departamento de Sociolog\u00eda en la Universidad de Sevilla. Fue premio extraordinario de Doctorado por una tesis sobre movilizaciones antigitanas en Espa\u00f1a. Ha sido beneficiario de ayudas para estancias de investigaci\u00f3n de larga duraci\u00f3n como la desarrollada en la UAB durante 2023 y 2024 en el marco del Programa Europeo de Recualifiaci\u00f3n del Profesorado. Es miembro de la Comisi\u00f3n Acad\u00e9mica del Programa de Doctorado en Ciencias Econ\u00f3micas, Empresariales y Ciencias Sociales de la Universidad de Sevilla. Actualmente tiene reconocidos tres sexenios de investigaci\u00f3n por la CNEI (ANECA). Es miembro y fue director entre 2011 y 2018 del grupo de investigaci\u00f3n oficial Dominaci\u00f3n y Desigualdades Sociales, en cuya p\u00e1gina web (<a href=\"https:\/\/entramadossociales.org\/perfil\/manolo-rio-ruiz\/\" target=\"_blank\" rel=\"noreferrer noopener\">https:\/\/entramadossociales.org\/perfil\/manolo-rio-ruiz\/<\/a>) puede consultarse su producci\u00f3n cient\u00edfica enmarcada en dos l\u00edneas de investigaci\u00f3n: desigualdad de oportunidades educativas y etnicismo en la Espa\u00f1a contempor\u00e1nea. M\u00e1s detalles de sus actividades y resultados de investigaci\u00f3n en las citadas l\u00edneas pueden consultarse en:&nbsp;&nbsp;<\/p>\n\n\n\n<p><a href=\"https:\/\/idus.us.es\/author-profiles\/author?id=3545\">https:\/\/idus.us.es\/author-profiles\/author?id=3545<\/a><\/p>\n\n\n\n<p><a href=\"https:\/\/prisma.us.es\/publicacion\/234258\">https:\/\/prisma.us.es\/publicacion\/234258<\/a><\/p>\n\n\n\n<p>Perfil en\u202f<strong>ORCID<\/strong>: 0000-0001-6956-9869&nbsp;<\/p>\n<\/blockquote>\n<\/div><\/div>\n\n\n\n<p><\/p>\n","protected":false},"excerpt":{"rendered":"","protected":false},"author":2884,"featured_media":0,"parent":0,"menu_order":0,"comment_status":"closed","ping_status":"closed","template":"","meta":{"footnotes":""},"class_list":["post-3300","page","type-page","status-publish","hentry"],"_links":{"self":[{"href":"https:\/\/webs.uab.cat\/incasi\/index.php?rest_route=\/wp\/v2\/pages\/3300","targetHints":{"allow":["GET"]}}],"collection":[{"href":"https:\/\/webs.uab.cat\/incasi\/index.php?rest_route=\/wp\/v2\/pages"}],"about":[{"href":"https:\/\/webs.uab.cat\/incasi\/index.php?rest_route=\/wp\/v2\/types\/page"}],"author":[{"embeddable":true,"href":"https:\/\/webs.uab.cat\/incasi\/index.php?rest_route=\/wp\/v2\/users\/2884"}],"replies":[{"embeddable":true,"href":"https:\/\/webs.uab.cat\/incasi\/index.php?rest_route=%2Fwp%2Fv2%2Fcomments&post=3300"}],"version-history":[{"count":3,"href":"https:\/\/webs.uab.cat\/incasi\/index.php?rest_route=\/wp\/v2\/pages\/3300\/revisions"}],"predecessor-version":[{"id":3305,"href":"https:\/\/webs.uab.cat\/incasi\/index.php?rest_route=\/wp\/v2\/pages\/3300\/revisions\/3305"}],"wp:attachment":[{"href":"https:\/\/webs.uab.cat\/incasi\/index.php?rest_route=%2Fwp%2Fv2%2Fmedia&parent=3300"}],"curies":[{"name":"wp","href":"https:\/\/api.w.org\/{rel}","templated":true}]}}