{"id":66,"date":"2023-10-25T12:02:55","date_gmt":"2023-10-25T10:02:55","guid":{"rendered":"https:\/\/webs.uab.cat\/incasi2\/?page_id=66"},"modified":"2025-10-29T10:50:40","modified_gmt":"2025-10-29T08:50:40","slug":"incasi-working-paper-series","status":"publish","type":"page","link":"https:\/\/webs.uab.cat\/incasi?page_id=66","title":{"rendered":"INCASI Working Paper Series"},"content":{"rendered":"\n<p>La red INCASI publica una serie de Working Papers relacionados con los temas de nuestras principales l\u00edneas de investigaci\u00f3n, tanto de naturaleza te\u00f3rica, metodol\u00f3gica o t\u00e9cnica.<\/p>\n\n\n\n<p><strong>INCASI Working Paper Series&nbsp;<\/strong>(<strong>IWPS<\/strong>) tiene como objetivo recopilar y difundir el trabajo realizado por los miembros de la red en el contexto de nuestro proyecto de investigaci\u00f3n. Las diferentes contribuciones son trabajos parciales que ayudan en la construcci\u00f3n del marco te\u00f3rico y metodol\u00f3gico del llamado Modelo AMOSIT: Modelo Anal\u00edtico sobre Desigualdades Sociales y Trayectorias.<\/p>\n\n\n\n<p>Esta serie se publica electr\u00f3nicamente a trav\u00e9s de nuestro sitio web y del Dep\u00f3sito Digital de Documentos (DDD) de la UAB. IWPS son textos que corresponden a contribuciones espec\u00edficas o versiones previas de una publicaci\u00f3n en forma de art\u00edculo acad\u00e9mico, cap\u00edtulo de libro o rese\u00f1a. Los documentos publicados en este sitio pueden ser espec\u00edficos para la serie, estar en progreso o en proceso de presentaci\u00f3n en otros sitios. Hasta el IWPS n\u00famero 11 corresponden a trabajos realizados en INCASI1, desde el n\u00famero 12, forma parte de INCASI2.<\/p>\n\n\n\n<p><strong>Revisi\u00f3n por pares<\/strong><br>El contenido de los documentos es responsabilidad individual de los autores\/as, los documentos son ofrecidos por el autor\/a para esta web en inter\u00e9s de nuestro proyecto. Los documentos de trabajo son arbitrados&nbsp;por pares con evaluadores de la Comisi\u00f3n Acad\u00e9mica de la red INCASI, compuesta por los investigadores\/as principales de cada universidad: Pedro L\u00f3pez-Rold\u00e1n, Sandra Fachelli, M\u00e0rius Dom\u00ednguez, Ildefonso Marqu\u00e9s, Laura Oso, Jos\u00e9 Saturnino Mart\u00ednez, Patrick Elf, Anitta Kynsilehto, Olga Salido, Simone Sarti, Vincenzo Fortunato, Julie Jarty, Maarten Keune, Ettore Recchi, Jorge Veizaga, Eduardo Ch\u00e1vez Molina, Leticia Mu\u00f1iz Terra, Patricia Sorribas, Marcelo Boado, Mar\u00eda del Carmen Zabala, Cecilia Bustos, Emmanuelle Barozet, Graziela Perosa, Carlos Costa Ribeiro y Patricio Sol\u00eds.<\/p>\n\n\n\n<figure class=\"wp-block-table\"><table><tbody><tr><td colspan=\"2\"><strong>Licencia de los IWPS<\/strong><\/td><\/tr><\/tbody><\/table><\/figure>\n\n\n\n<p>INCASI Working Paper Series(IWPS) es una publicaci\u00f3n en l\u00ednea bajo la licencia de Creative Commons. Cualquier persona es libre de copiar, distribuir o comunicar p\u00fablicamente el trabajo, de acuerdo con las siguientes condiciones:&nbsp;<em>Atribuci\u00f3n<\/em>,&nbsp;<em>No comercial<\/em>&nbsp;y&nbsp;<em>No derivativas<\/em>. No hay restricciones adicionales. No se pueden aplicar t\u00e9rminos legales o medidas tecnol\u00f3gicas que restrinjan hacer lo que legalmente permite la licencia.&nbsp;<\/p>\n\n\n\n<p>Los&nbsp;<em>papers<\/em>&nbsp;se envian a trav\u00e9s de la coordinaci\u00f3n de INCASI (<a href=\"mailto:pr.incasi@uab.es?subject=Propuesta%20IWPS\">pr.incasi@uab.es<\/a>) siguiendo el formato de una&nbsp;<a href=\"https:\/\/webs.uab.cat\/incasi\/wp-content\/uploads\/sites\/500\/2024\/07\/IWPS-Template2.docx\" target=\"_blank\" rel=\"noreferrer noopener\">plantilla en MS-Word<\/a>.<\/p>\n\n\n\n<p><strong>N\u00fameros publicados:<\/strong><\/p>\n\n\n\n<ol class=\"wp-block-list\">\n<li>L\u00f3pez-Rold\u00e1n, P.; Fachelli, S. (2017).&nbsp;<strong>Social Inequalities in Europe and Latin America. An Analysis Model Based on Life, Occupational and Educational Trajectories Research<\/strong>.&nbsp;<em>INCASI Working Paper Series<\/em>, No. 1.&nbsp;<a href=\"https:\/\/ddd.uab.cat\/record\/181855\" target=\"_blank\" rel=\"noreferrer noopener\">https:\/\/ddd.uab.cat\/record\/181855<\/a><\/li>\n\n\n\n<li>Vacchiano, M.; Merino, J. (2018).&nbsp;<strong>Introducci\u00f3n a la l\u00f3gica multinivel: un an\u00e1lisis longitudinal con SPSS y R<\/strong>.&nbsp;<em>INCASI Working Paper Series<\/em>, No. 2.&nbsp;<a href=\"https:\/\/ddd.uab.cat\/record\/188612\" target=\"_blank\" rel=\"noreferrer noopener\">https:\/\/ddd.uab.cat\/record\/188612<\/a><\/li>\n\n\n\n<li>Ballesteros, M. (2018).&nbsp;<strong>Promedio de los efectos marginales e interacciones en las regresiones log\u00edsticas binarias<\/strong>.&nbsp;<em>INCASI Working Paper Series<\/em>, No. 3.&nbsp;<a href=\"https:\/\/ddd.uab.cat\/record\/189811\">https:\/\/ddd.uab.cat\/record\/189811<\/a><\/li>\n\n\n\n<li>Yepes, L. (2018).&nbsp;<strong>La operativizaci\u00f3n del concepto de trayectoria con TraMineR. Una introducci\u00f3n al an\u00e1lisis de secuencias y al Optimal Matching<\/strong>.&nbsp;<em>INCASI Working Paper Series<\/em>, No. 4.&nbsp;<a href=\"https:\/\/ddd.uab.cat\/record\/199390\" target=\"_blank\" rel=\"noreferrer noopener\">https:\/\/ddd.uab.cat\/record\/199390<\/a><\/li>\n\n\n\n<li>Poy, S.; Sep\u00falveda, L. (2018).&nbsp;<strong>Inequality and Poverty Reduction and the Limits of Social Protection Systems: The Case of Argentina during the Stage of Economic Expansion 2003-2014<\/strong>.&nbsp;<em>INCASI Working Paper Series<\/em>, No. 5.&nbsp;<a href=\"https:\/\/ddd.uab.cat\/record\/199391\" target=\"_blank\" rel=\"noreferrer noopener\">https:\/\/ddd.uab.cat\/record\/199391<\/a><\/li>\n\n\n\n<li>Donza, E. (2019). Im<strong>putaciones de la no respuesta en las variables de ingreso. Encuesta Permanente de Hogares del Gran Buenos Aires, 1990-2010<\/strong>.&nbsp;<em>INCASI Working Paper Series<\/em>, No. 6.&nbsp;<a href=\"http:\/\/incasi%20working%20paper%20series,%20no.%205.\/\" target=\"_blank\" rel=\"noreferrer noopener\">https:\/\/ddd.uab.cat\/record\/204786<\/a><\/li>\n\n\n\n<li>Fachelli, S.; L\u00f3pez-Rold\u00e1n, P. (2019).&nbsp;<strong>Vecino m\u00e1s cercano en el espacio social: un m\u00e9todo de imputaci\u00f3n factorial<\/strong>.&nbsp;<em>INCASI Working Paper Series<\/em>, No. 7.&nbsp;<a href=\"https:\/\/ddd.uab.cat\/record\/204787\" target=\"_blank\" rel=\"noreferrer noopener\">https:\/\/ddd.uab.cat\/record\/204787<\/a><\/li>\n\n\n\n<li>Fern\u00e1ndez Meli\u00e1n, M. C.; Rodriguez de la Fuente, J. J. (2019).&nbsp;<strong>Aproximaciones a la imputaci\u00f3n de ingresos desde los estudios de an\u00e1lisis de clase. Una propuesta a partir del uso de t\u00e9cnicas de an\u00e1lisis factorial<\/strong>.&nbsp;<em>INCASI Working Paper Series<\/em>, No. 8.&nbsp;<a href=\"https:\/\/ddd.uab.cat\/record\/204785\" target=\"_blank\" rel=\"noreferrer noopener\">https:\/\/ddd.uab.cat\/record\/204785<\/a><\/li>\n\n\n\n<li>Estany, A. (2019).&nbsp;<strong>Innovaci\u00f3n y conceptos integradores en la pr\u00e1ctica cient\u00edfica<\/strong>.&nbsp;<em>INCASI Working Paper Series<\/em>, No. 9.&nbsp;<a href=\"https:\/\/ddd.uab.cat\/record\/212718\" target=\"_blank\" rel=\"noreferrer noopener\">https:\/\/ddd.uab.cat\/record\/212718<\/a><\/li>\n\n\n\n<li>Scarponetti, P. (2020).&nbsp;<strong>Pol\u00edticas sociales en el siglo XXI. Notas anal\u00edticas para observaciones comparativas entre Uruguay, Chile y Argentina<\/strong>.&nbsp;<em>INCASI Working Paper Series<\/em>, No. 10.&nbsp;<a href=\"https:\/\/ddd.uab.cat\/record\/248719\" target=\"_blank\" rel=\"noreferrer noopener\">https:\/\/ddd.uab.cat\/record\/248719<\/a><\/li>\n\n\n\n<li>Fachelli, S.; L\u00f3pez-Rold\u00e1n, P.; Meiller, A. (2020). <strong>Indicadores b\u00e1sicos del sistema universitario argentino<\/strong>. <em>INCASI Working papers, N\u00ba 11.<\/em> <a href=\"https:\/\/ddd.uab.cat\/record\/248937\">https:\/\/ddd.uab.cat\/record\/248937<\/a> <\/li>\n\n\n\n<li>Trincheri, T M.; G\u00f3mez, M C. (2024). <strong>Relaci\u00f3n entre el ingreso de las mujeres y su trabajo dom\u00e9stico. Un an\u00e1lisis para las parejas argentinas<\/strong>. <em>INCASI Working Paper Series N\u00ba 12<\/em>. <a href=\"https:\/\/ddd.uab.cat\/record\/299315\">https:\/\/ddd.uab.cat\/record\/299315<\/a> <\/li>\n\n\n\n<li>Ch\u00e1vez, E., Sosa, M. y Rodr\u00edguez de la Fuente, J. (2025). <strong>Perfiles de la pobreza. Propuestas para su abordaje en la Argentina reciente.<\/strong> <em>INCASI Working Paper Series N\u00ba 13<\/em>. <a href=\"https:\/\/ddd.uab.cat\/record\/305982\">https:\/\/ddd.uab.cat\/record\/305982<\/a><\/li>\n\n\n\n<li>Boado, Marcelo y Vanoli, Sof\u00eda (2025). <strong>Manual del programa LEM de Jeroen Vermunt (1997). Selecci\u00f3n de apartados. <\/strong><em>INCASI Working Paper Series N\u00ba 1<\/em>4. <a href=\"https:\/\/ddd.uab.cat\/record\/309267\">https:\/\/ddd.uab.cat\/record\/309267<\/a><\/li>\n\n\n\n<li>Semenza, Renata y Novelli, Luca (2025). <strong>Unjust Transition . Work and inequalities in the ecological transition. <\/strong><em>INCASI Working Paper Series N\u00ba 1<\/em>5. <br><a href=\"https:\/\/ddd.uab.cat\/record\/313100\">https:\/\/ddd.uab.cat\/record\/313100<\/a> <\/li>\n\n\n\n<li>Rodr\u00edguez Rocha, Eduardo (2025). <strong>Formas de acompa\u00f1amiento escolar de la di\u00e1spora haitiana en la ciudad C\u00f3rdoba. <\/strong><em>INCASI Working Paper Series N\u00ba 1<\/em>6. <br><a href=\"https:\/\/ddd.uab.cat\/record\/318430?ln=ca\">https:\/\/ddd.uab.cat\/record\/318430<\/a><\/li>\n\n\n\n<li>Barri, Juan y Fachelli, Sandra (2025). <strong>Ciencias Sociales, m\u00e9todos computacionales e inteligencias generativas\u00a02025. <\/strong><em>INCASI Working Paper Series N\u00ba 1<\/em>7. <a href=\"https:\/\/ddd.uab.cat\/record\/320987\">https:\/\/ddd.uab.cat\/record\/320987<\/a><\/li>\n<\/ol>\n\n\n\n<p><\/p>\n","protected":false},"excerpt":{"rendered":"<p>La red INCASI publica una serie de Working Papers relacionados con los temas de nuestras principales l\u00edneas de investigaci\u00f3n, tanto de naturaleza te\u00f3rica, metodol\u00f3gica o t\u00e9cnica. INCASI Working Paper Series&nbsp;(IWPS) tiene como objetivo recopilar y difundir el trabajo realizado por los miembros de la red en el contexto de nuestro proyecto de investigaci\u00f3n. Las diferentes [&hellip;]<\/p>\n","protected":false},"author":1385,"featured_media":0,"parent":0,"menu_order":0,"comment_status":"closed","ping_status":"closed","template":"","meta":{"footnotes":""},"class_list":["post-66","page","type-page","status-publish","hentry"],"_links":{"self":[{"href":"https:\/\/webs.uab.cat\/incasi\/index.php?rest_route=\/wp\/v2\/pages\/66","targetHints":{"allow":["GET"]}}],"collection":[{"href":"https:\/\/webs.uab.cat\/incasi\/index.php?rest_route=\/wp\/v2\/pages"}],"about":[{"href":"https:\/\/webs.uab.cat\/incasi\/index.php?rest_route=\/wp\/v2\/types\/page"}],"author":[{"embeddable":true,"href":"https:\/\/webs.uab.cat\/incasi\/index.php?rest_route=\/wp\/v2\/users\/1385"}],"replies":[{"embeddable":true,"href":"https:\/\/webs.uab.cat\/incasi\/index.php?rest_route=%2Fwp%2Fv2%2Fcomments&post=66"}],"version-history":[{"count":15,"href":"https:\/\/webs.uab.cat\/incasi\/index.php?rest_route=\/wp\/v2\/pages\/66\/revisions"}],"predecessor-version":[{"id":4443,"href":"https:\/\/webs.uab.cat\/incasi\/index.php?rest_route=\/wp\/v2\/pages\/66\/revisions\/4443"}],"wp:attachment":[{"href":"https:\/\/webs.uab.cat\/incasi\/index.php?rest_route=%2Fwp%2Fv2%2Fmedia&parent=66"}],"curies":[{"name":"wp","href":"https:\/\/api.w.org\/{rel}","templated":true}]}}