{"id":673,"date":"2024-10-04T11:39:04","date_gmt":"2024-10-04T09:39:04","guid":{"rendered":"https:\/\/webs.uab.cat\/incasi\/?page_id=673"},"modified":"2024-10-04T11:39:20","modified_gmt":"2024-10-04T09:39:20","slug":"universidade-do-estado-do-rio-de-janeiro","status":"publish","type":"page","link":"https:\/\/webs.uab.cat\/incasi?page_id=673","title":{"rendered":"Universidade do Estado do Rio de Janeiro"},"content":{"rendered":"\n<div class=\"wp-block-media-text alignwide is-stacked-on-mobile background-color: black; has-blanc-coco-color has-verd-tropic-transparent-background-color has-text-color has-background has-link-color wp-elements-d1bfdd652d45930b624b49f5abe92cec\" style=\"grid-template-columns:28% auto\"><figure class=\"wp-block-media-text__media\"><img loading=\"lazy\" decoding=\"async\" width=\"761\" height=\"1024\" src=\"https:\/\/webs.uab.cat\/incasi\/wp-content\/uploads\/sites\/500\/2024\/10\/Imagen-de-WhatsApp-2024-10-03-a-las-17.17.58_b6be5849-e1728034560834-761x1024.jpg\" alt=\"\" class=\"wp-image-1885 size-full\" srcset=\"https:\/\/webs.uab.cat\/incasi\/wp-content\/uploads\/sites\/500\/2024\/10\/Imagen-de-WhatsApp-2024-10-03-a-las-17.17.58_b6be5849-e1728034560834-761x1024.jpg 761w, https:\/\/webs.uab.cat\/incasi\/wp-content\/uploads\/sites\/500\/2024\/10\/Imagen-de-WhatsApp-2024-10-03-a-las-17.17.58_b6be5849-e1728034560834-297x400.jpg 297w, https:\/\/webs.uab.cat\/incasi\/wp-content\/uploads\/sites\/500\/2024\/10\/Imagen-de-WhatsApp-2024-10-03-a-las-17.17.58_b6be5849-e1728034560834-768x1034.jpg 768w, https:\/\/webs.uab.cat\/incasi\/wp-content\/uploads\/sites\/500\/2024\/10\/Imagen-de-WhatsApp-2024-10-03-a-las-17.17.58_b6be5849-e1728034560834.jpg 800w\" sizes=\"auto, (max-width: 761px) 100vw, 761px\" \/><\/figure><div class=\"wp-block-media-text__content\">\n<p class=\"has-text-align-left has-marro-stradivari-color has-text-color has-link-color has-large-font-size wp-elements-92ed3a1c8279bd67082625665cffe723\"><strong><em>Carlos Costa Ribeiro<\/em><\/strong><\/p>\n\n\n\n<blockquote class=\"wp-block-quote has-verd-tropic-color has-text-color has-link-color wp-elements-3bd8e9e1f19d07f7237de416916bfb6d is-layout-flow wp-block-quote-is-layout-flow\">\n<p>Profesor e investigador del IESP &#8211; UERJ, instituci\u00f3n continuadora de la tradici\u00f3n investigadora del IUPERJ. Carlos es Doctor en Sociolog\u00eda por la Universidad de Columbia. Fue investigador invitado en el Center for Advanced Studies in the Behavioral Sciences (CASBS) de la Universidad de Stanford. Su principal tema de investigaci\u00f3n son los determinantes de la desigualdad de oportunidades econ\u00f3micas a lo largo de los ciclos vitales y entre generaciones. Para ello, ha estudiado temas como la movilidad social intergeneracional, la desigualdad de oportunidades educativas, las clases sociales, las desigualdades raciales, los mercados matrimoniales, las transiciones a la edad adulta, la delincuencia y la justicia. Recientemente ha publicado dos libros: \u00abClass Structure and Social Mobility in Brazil\u00bb (2007), y \u00abInequality of Opportunities in Brazil\u00bb (2009).<\/p>\n<cite><a href=\"mailto:carloscr@iesp.uerj.br\">carloscr@iesp.uerj.br<\/a><br><a href=\"http:\/\/lattes.cnpq.br\/3406587636425427\" target=\"_blank\" rel=\"noreferrer noopener\">Lattes<\/a><br><a href=\"https:\/\/orcid.org\/0000-0002-9031-4665\" target=\"_blank\" rel=\"noreferrer noopener\">Orcid<\/a><\/cite><\/blockquote>\n<\/div><\/div>\n","protected":false},"excerpt":{"rendered":"","protected":false},"author":2884,"featured_media":0,"parent":0,"menu_order":0,"comment_status":"closed","ping_status":"closed","template":"","meta":{"footnotes":""},"class_list":["post-673","page","type-page","status-publish","hentry"],"_links":{"self":[{"href":"https:\/\/webs.uab.cat\/incasi\/index.php?rest_route=\/wp\/v2\/pages\/673","targetHints":{"allow":["GET"]}}],"collection":[{"href":"https:\/\/webs.uab.cat\/incasi\/index.php?rest_route=\/wp\/v2\/pages"}],"about":[{"href":"https:\/\/webs.uab.cat\/incasi\/index.php?rest_route=\/wp\/v2\/types\/page"}],"author":[{"embeddable":true,"href":"https:\/\/webs.uab.cat\/incasi\/index.php?rest_route=\/wp\/v2\/users\/2884"}],"replies":[{"embeddable":true,"href":"https:\/\/webs.uab.cat\/incasi\/index.php?rest_route=%2Fwp%2Fv2%2Fcomments&post=673"}],"version-history":[{"count":3,"href":"https:\/\/webs.uab.cat\/incasi\/index.php?rest_route=\/wp\/v2\/pages\/673\/revisions"}],"predecessor-version":[{"id":1888,"href":"https:\/\/webs.uab.cat\/incasi\/index.php?rest_route=\/wp\/v2\/pages\/673\/revisions\/1888"}],"wp:attachment":[{"href":"https:\/\/webs.uab.cat\/incasi\/index.php?rest_route=%2Fwp%2Fv2%2Fmedia&parent=673"}],"curies":[{"name":"wp","href":"https:\/\/api.w.org\/{rel}","templated":true}]}}