{"id":2895,"date":"2019-09-13T14:49:40","date_gmt":"2019-09-13T14:49:40","guid":{"rendered":"https:\/\/webs.uab.cat\/incasi\/persones\/maria-emilia-sanchez-2\/"},"modified":"2022-12-20T13:44:43","modified_gmt":"2022-12-20T13:44:43","slug":"maria-emilia-sanchez-2","status":"publish","type":"persones","link":"https:\/\/webs.uab.cat\/incasi1\/en\/persones\/maria-emilia-sanchez-2\/","title":{"rendered":"Mar\u00eda Emilia S\u00e1nchez"},"content":{"rendered":"\n<p class=\"wp-block-paragraph\">Degree in Economics from the Universidad Cat\u00f3lica Argentina. PhD student in Facultad de Ciencias Econ\u00f3micas, Universidad Cat\u00f3lica Argentina with fellowship from CONICET-UCA. Works in the Barometer of the Social Debt of Children of the Argentine Social Debt Observatory (O.D.S.A.). Collaborating team member of the research project \u201cChild poverty in Argentina (2010-2019). A multidimensional approach in perspective of human rights.\u201d PICTO-FONCyT 2017- 0061. Responsable researcher: PhD. Ianina Tu\u00f1\u00f3n. Assistant Professor of the Quantitative Data Methodology at Universidad Cat\u00f3lica Argentina.<\/p>\n","protected":false},"excerpt":{"rendered":"<p>Degree in Economics from the Universidad Cat\u00f3lica Argentina. PhD student in Facultad de Ciencias Econ\u00f3micas, Universidad Cat\u00f3lica Argentina with fellowship from CONICET-UCA. Works in the Barometer of the Social Debt of Children of the Argentine Social Debt Observatory (O.D.S.A.). Collaborating team member of the research project \u201cChild poverty in Argentina (2010-2019). A multidimensional approach in [&hellip;]<\/p>\n","protected":false},"author":44,"featured_media":0,"template":"","class_list":["post-2895","persones","type-persones","status-publish","hentry"],"_links":{"self":[{"href":"https:\/\/webs.uab.cat\/incasi1\/en\/wp-json\/wp\/v2\/persones\/2895","targetHints":{"allow":["GET"]}}],"collection":[{"href":"https:\/\/webs.uab.cat\/incasi1\/en\/wp-json\/wp\/v2\/persones"}],"about":[{"href":"https:\/\/webs.uab.cat\/incasi1\/en\/wp-json\/wp\/v2\/types\/persones"}],"author":[{"embeddable":true,"href":"https:\/\/webs.uab.cat\/incasi1\/en\/wp-json\/wp\/v2\/users\/44"}],"wp:attachment":[{"href":"https:\/\/webs.uab.cat\/incasi1\/en\/wp-json\/wp\/v2\/media?parent=2895"}],"curies":[{"name":"wp","href":"https:\/\/api.w.org\/{rel}","templated":true}]}}

María Emilia Sánchez

<p class="wp-block-paragraph">Degree in Economics from the Universidad Católica Argentina. PhD student in Facultad de Ciencias Económicas, Universidad Católica Argentina with fellowship from CONICET-UCA. Works in the Barometer of the Social Debt of Children of the Argentine Social Debt Observatory (O.D.S.A.). Collaborating team member of the research project “Child poverty in Argentina (2010-2019). A multidimensional approach in perspective of human rights.” PICTO-FONCyT 2017- 0061. Responsable researcher: PhD. Ianina Tuñón. Assistant Professor of the Quantitative Data Methodology at Universidad Católica Argentina.</p>

<p>Degree in Economics from the Universidad Católica Argentina. PhD student in Facultad de Ciencias Económicas, Universidad Católica Argentina with fellowship from CONICET-UCA. Works in the Barometer of the Social Debt of Children of the Argentine Social Debt Observatory (O.D.S.A.). Collaborating team member of the research project “Child poverty in Argentina (2010-2019). A multidimensional approach in [&hellip;]</p>
