{"id":1936,"date":"2016-05-09T17:53:15","date_gmt":"2016-05-09T17:53:15","guid":{"rendered":"https:\/\/webs.uab.cat\/incasi\/grupos-de-investigacion-tematicos\/"},"modified":"2016-05-09T17:53:15","modified_gmt":"2016-05-09T17:53:15","slug":"grupos-de-investigacion-tematicos","status":"publish","type":"page","link":"https:\/\/webs.uab.cat\/incasi1\/grupos-de-investigacion-tematicos\/","title":{"rendered":"Grupos de investigaci\u00f3n tem\u00e1ticos"},"content":{"rendered":"<p>El proyecto de an\u00e1lisis comparado de las desigualdades sociales se organiza a trav\u00e9s de 11 ejes tem\u00e1ticos que configuran a su vez otros tantos grupos de investigaci\u00f3n tem\u00e1ticos que son coordinados por diversos investigadores principales responsables de las universidades beneficiarias europeas y socias latinoamericanas.<\/p>\n<p style=\"text-align:center\"><img loading=\"lazy\" decoding=\"async\" alt=\"\" height=\"497\" src=\"http:\/\/incasi.uab.cat\/sites\/incasi.uab.cat\/files\/TRG-esp_0.jpg\" width=\"1033\" \/><\/p>\n","protected":false},"excerpt":{"rendered":"<p>El proyecto de an\u00e1lisis comparado de las desigualdades sociales se organiza a trav\u00e9s de 11 ejes tem\u00e1ticos que configuran a su vez otros tantos grupos de investigaci\u00f3n tem\u00e1ticos que son coordinados por diversos investigadores principales responsables de las universidades beneficiarias europeas y socias latinoamericanas.<\/p>\n","protected":false},"author":44,"featured_media":0,"parent":0,"menu_order":0,"comment_status":"closed","ping_status":"closed","template":"","meta":{"footnotes":""},"class_list":["post-1936","page","type-page","status-publish","hentry"],"_links":{"self":[{"href":"https:\/\/webs.uab.cat\/incasi1\/wp-json\/wp\/v2\/pages\/1936","targetHints":{"allow":["GET"]}}],"collection":[{"href":"https:\/\/webs.uab.cat\/incasi1\/wp-json\/wp\/v2\/pages"}],"about":[{"href":"https:\/\/webs.uab.cat\/incasi1\/wp-json\/wp\/v2\/types\/page"}],"author":[{"embeddable":true,"href":"https:\/\/webs.uab.cat\/incasi1\/wp-json\/wp\/v2\/users\/44"}],"replies":[{"embeddable":true,"href":"https:\/\/webs.uab.cat\/incasi1\/wp-json\/wp\/v2\/comments?post=1936"}],"version-history":[{"count":0,"href":"https:\/\/webs.uab.cat\/incasi1\/wp-json\/wp\/v2\/pages\/1936\/revisions"}],"wp:attachment":[{"href":"https:\/\/webs.uab.cat\/incasi1\/wp-json\/wp\/v2\/media?parent=1936"}],"curies":[{"name":"wp","href":"https:\/\/api.w.org\/{rel}","templated":true}]}}

Grupos de investigación temáticos

<p>El proyecto de análisis comparado de las desigualdades sociales se organiza a través de 11 ejes temáticos que configuran a su vez otros tantos grupos de investigación temáticos que son coordinados por diversos investigadores principales responsables de las universidades beneficiarias europeas y socias latinoamericanas.</p>
<p style="text-align:center"><img loading="lazy" decoding="async" alt="" height="497" src="http://incasi.uab.cat/sites/incasi.uab.cat/files/TRG-esp_0.jpg" width="1033" /></p>

<p>El proyecto de análisis comparado de las desigualdades sociales se organiza a través de 11 ejes temáticos que configuran a su vez otros tantos grupos de investigación temáticos que son coordinados por diversos investigadores principales responsables de las universidades beneficiarias europeas y socias latinoamericanas.</p>
