{"id":1939,"date":"2016-05-09T18:25:17","date_gmt":"2016-05-09T18:25:17","guid":{"rendered":"https:\/\/webs.uab.cat\/incasi\/organigrama\/"},"modified":"2022-12-19T19:18:31","modified_gmt":"2022-12-19T19:18:31","slug":"organigrama","status":"publish","type":"page","link":"https:\/\/webs.uab.cat\/incasi1\/organigrama\/","title":{"rendered":"Organigrama"},"content":{"rendered":"\n<p>Con el fin de garantizar una gesti\u00f3n eficiente del proyecto de acuerdo con las actividades programadas en los Work Packages, se dise\u00f1a la estructura de la organizaci\u00f3n y de la gesti\u00f3n econ\u00f3mica con dos din\u00e1micas:<\/p>\n\n\n\n<ol class=\"wp-block-list\"><li class=\"rtejustify\">Una centralizada a partir universidad coordinadora (el Instituto de Estudios del Trabajo, IET, de la Universitat Aut\u00f2noma de Barcelona) que asume el liderazgo del proyecto y asegura la homogeneidad de la actividad de la red, a trav\u00e9s de la actuaci\u00f3n del Coordinador Principal y de la Task Manager.<\/li><li class=\"rtejustify\">Otra participativa y deliberativa entre iguales a partir de la Comisi\u00f3n Acad\u00e9mica (AC), como \u00f3rgano m\u00e1ximo responsable de la direcci\u00f3n y gesti\u00f3n del desarrollo cient\u00edfico del Proyecto&nbsp;INCASI, y los Grupos de Investigaci\u00f3n Tem\u00e1ticos (TRG), subgrupos de proyecto general dedicados espec\u00edficamente a la investigaci\u00f3n en cada eje tem\u00e1tico y pilar transversal, 11 en total.<\/li><\/ol>\n\n\n\n<figure class=\"wp-block-image\"><img loading=\"lazy\" decoding=\"async\" width=\"1134\" height=\"598\" src=\"https:\/\/webs.uab.cat\/incasi\/wp-content\/uploads\/sites\/308\/2016\/05\/Organisation.png\" alt=\"Organisation\" class=\"wp-image-1937\" srcset=\"https:\/\/webs.uab.cat\/incasi1\/wp-content\/uploads\/sites\/308\/2016\/05\/Organisation.png 1134w, https:\/\/webs.uab.cat\/incasi1\/wp-content\/uploads\/sites\/308\/2016\/05\/Organisation-300x158.png 300w, https:\/\/webs.uab.cat\/incasi1\/wp-content\/uploads\/sites\/308\/2016\/05\/Organisation-1024x540.png 1024w, https:\/\/webs.uab.cat\/incasi1\/wp-content\/uploads\/sites\/308\/2016\/05\/Organisation-768x405.png 768w\" sizes=\"auto, (max-width: 1134px) 100vw, 1134px\" \/><\/figure>\n\n\n\n<p class=\"has-text-align-center\"><\/p>\n","protected":false},"excerpt":{"rendered":"<p>Con el fin de garantizar una gesti\u00f3n eficiente del proyecto de acuerdo con las actividades programadas en los Work Packages, se dise\u00f1a la estructura de la organizaci\u00f3n y de la gesti\u00f3n econ\u00f3mica con dos din\u00e1micas: Una centralizada a partir universidad coordinadora (el Instituto de Estudios del Trabajo, IET, de la Universitat Aut\u00f2noma de Barcelona) que [&hellip;]<\/p>\n","protected":false},"author":44,"featured_media":0,"parent":0,"menu_order":0,"comment_status":"closed","ping_status":"closed","template":"","meta":{"footnotes":""},"class_list":["post-1939","page","type-page","status-publish","hentry"],"_links":{"self":[{"href":"https:\/\/webs.uab.cat\/incasi1\/wp-json\/wp\/v2\/pages\/1939","targetHints":{"allow":["GET"]}}],"collection":[{"href":"https:\/\/webs.uab.cat\/incasi1\/wp-json\/wp\/v2\/pages"}],"about":[{"href":"https:\/\/webs.uab.cat\/incasi1\/wp-json\/wp\/v2\/types\/page"}],"author":[{"embeddable":true,"href":"https:\/\/webs.uab.cat\/incasi1\/wp-json\/wp\/v2\/users\/44"}],"replies":[{"embeddable":true,"href":"https:\/\/webs.uab.cat\/incasi1\/wp-json\/wp\/v2\/comments?post=1939"}],"version-history":[{"count":1,"href":"https:\/\/webs.uab.cat\/incasi1\/wp-json\/wp\/v2\/pages\/1939\/revisions"}],"predecessor-version":[{"id":5800,"href":"https:\/\/webs.uab.cat\/incasi1\/wp-json\/wp\/v2\/pages\/1939\/revisions\/5800"}],"wp:attachment":[{"href":"https:\/\/webs.uab.cat\/incasi1\/wp-json\/wp\/v2\/media?parent=1939"}],"curies":[{"name":"wp","href":"https:\/\/api.w.org\/{rel}","templated":true}]}}