{"id":1944,"date":"2016-05-22T01:14:49","date_gmt":"2016-05-22T01:14:49","guid":{"rendered":"https:\/\/webs.uab.cat\/incasi\/secondments\/"},"modified":"2022-12-19T19:19:38","modified_gmt":"2022-12-19T19:19:38","slug":"secondments","status":"publish","type":"page","link":"https:\/\/webs.uab.cat\/incasi1\/secondments\/","title":{"rendered":"Secondments"},"content":{"rendered":"\n<p>Los secondments son estancias de investigaci\u00f3n de corta duraci\u00f3n, de un m\u00ednimo de un mes, que realizan los investigadores\/as europeos en el centro de investigaci\u00f3n de una universidad latinoamericana, o bien los investigadores\/as latinoamericanos en el centro de investigaci\u00f3n de una universidad europea. Los intercambios se realizan en funci\u00f3n de la afinidad tem\u00e1tica de los grupos de investigaci\u00f3n de la red. En total el proyecto contempla 521 meses de estancias cuya distribuci\u00f3n aparece en la tabla siguiente:<\/p>\n\n\n\n<figure class=\"wp-block-image alignwide\"><img loading=\"lazy\" decoding=\"async\" width=\"1200\" height=\"681\" src=\"https:\/\/webs.uab.cat\/incasi\/wp-content\/uploads\/sites\/308\/2016\/05\/estancias_exp_0.png\" alt=\"estancias_exp_0.png\" class=\"wp-image-1942\" srcset=\"https:\/\/webs.uab.cat\/incasi1\/wp-content\/uploads\/sites\/308\/2016\/05\/estancias_exp_0.png 1200w, https:\/\/webs.uab.cat\/incasi1\/wp-content\/uploads\/sites\/308\/2016\/05\/estancias_exp_0-300x170.png 300w, https:\/\/webs.uab.cat\/incasi1\/wp-content\/uploads\/sites\/308\/2016\/05\/estancias_exp_0-1024x581.png 1024w, https:\/\/webs.uab.cat\/incasi1\/wp-content\/uploads\/sites\/308\/2016\/05\/estancias_exp_0-768x436.png 768w\" sizes=\"auto, (max-width: 1200px) 100vw, 1200px\" \/><\/figure>\n","protected":false},"excerpt":{"rendered":"<p>Los secondments son estancias de investigaci\u00f3n de corta duraci\u00f3n, de un m\u00ednimo de un mes, que realizan los investigadores\/as europeos en el centro de investigaci\u00f3n de una universidad latinoamericana, o bien los investigadores\/as latinoamericanos en el centro de investigaci\u00f3n de una universidad europea. Los intercambios se realizan en funci\u00f3n de la afinidad tem\u00e1tica de los [&hellip;]<\/p>\n","protected":false},"author":44,"featured_media":0,"parent":0,"menu_order":0,"comment_status":"closed","ping_status":"closed","template":"","meta":{"footnotes":""},"class_list":["post-1944","page","type-page","status-publish","hentry"],"_links":{"self":[{"href":"https:\/\/webs.uab.cat\/incasi1\/wp-json\/wp\/v2\/pages\/1944","targetHints":{"allow":["GET"]}}],"collection":[{"href":"https:\/\/webs.uab.cat\/incasi1\/wp-json\/wp\/v2\/pages"}],"about":[{"href":"https:\/\/webs.uab.cat\/incasi1\/wp-json\/wp\/v2\/types\/page"}],"author":[{"embeddable":true,"href":"https:\/\/webs.uab.cat\/incasi1\/wp-json\/wp\/v2\/users\/44"}],"replies":[{"embeddable":true,"href":"https:\/\/webs.uab.cat\/incasi1\/wp-json\/wp\/v2\/comments?post=1944"}],"version-history":[{"count":1,"href":"https:\/\/webs.uab.cat\/incasi1\/wp-json\/wp\/v2\/pages\/1944\/revisions"}],"predecessor-version":[{"id":5801,"href":"https:\/\/webs.uab.cat\/incasi1\/wp-json\/wp\/v2\/pages\/1944\/revisions\/5801"}],"wp:attachment":[{"href":"https:\/\/webs.uab.cat\/incasi1\/wp-json\/wp\/v2\/media?parent=1944"}],"curies":[{"name":"wp","href":"https:\/\/api.w.org\/{rel}","templated":true}]}}