{"id":1945,"date":"2016-05-22T01:15:42","date_gmt":"2016-05-22T01:15:42","guid":{"rendered":"https:\/\/webs.uab.cat\/incasi\/workshops\/"},"modified":"2016-05-22T01:15:42","modified_gmt":"2016-05-22T01:15:42","slug":"workshops","status":"publish","type":"page","link":"https:\/\/webs.uab.cat\/incasi1\/workshops\/","title":{"rendered":"Workshops"},"content":{"rendered":"<p class=\"rtejustify\">Anualmente se celebran reuniones de trabajo locales, en Europa entre los beneficiarios europeos y en Am\u00e9rica Latina entre los socios latinoamericanos destinadas a crear un espacio de reflexi\u00f3n conjunta en relaci\u00f3n a cada una de las etapas del proyecto (Work Packages): compilaci\u00f3n, construcci\u00f3n, innovaci\u00f3n y proyecci\u00f3n. Adicionalmente estos encuentros se complementan con actividades de formaci\u00f3n y gesti\u00f3n. Las reuniones locales sirven adem\u00e1s para preparar la reuni\u00f3n global de cada paquete de trabajo con todos los miembros de la red junto con otros investigadores y especialistas invitados.<\/p>\n<ul>\n<li><strong>Primer Workshop en Europa (Kick off Meeting). Barcelona, 28, 29 y 30 de enero de 2016<\/strong><\/li>\n<\/ul>\n<p><img loading=\"lazy\" decoding=\"async\" alt=\"\" height=\"452\" src=\"http:\/\/incasi.uab.cat\/sites\/incasi.uab.cat\/files\/INCASI%20Kick%20off%20meeting.jpg\" width=\"803\" \/><\/p>\n<ul>\n<li><strong>Primer Workshop en Am\u00e9rica Latina. Buenos Aires, 3 y 4 de marzo 2016<\/strong><\/li>\n<\/ul>\n<p><img loading=\"lazy\" decoding=\"async\" alt=\"\" height=\"455\" src=\"http:\/\/incasi.uab.cat\/sites\/incasi.uab.cat\/files\/INCASI%201er%20Work%20Shop%20LA.jpg\" width=\"808\" \/><\/p>\n<ul>\n<li><strong>Segundo Local Workshop en Am\u00e9rica Latina. La Plata (Argentina), 29 y 30 de mayo del 2017<\/strong><\/li>\n<\/ul>\n<p><img loading=\"lazy\" decoding=\"async\" alt=\"\" height=\"461\" src=\"http:\/\/incasi.uab.cat\/sites\/incasi.uab.cat\/files\/LW%20LA%201.JPG \" width=\"814\" \/><\/p>\n<ul>\n<li><strong>Segundo Local Workshop en&nbsp;Europa. La Laguna, Tenerife, 6 y 7 de julio de 2017<\/strong><\/li>\n<\/ul>\n<p><strong>\u200b<img loading=\"lazy\" decoding=\"async\" alt=\"\" height=\"599\" src=\"http:\/\/incasi.uab.cat\/sites\/incasi.uab.cat\/files\/Workshop%20Europa%202%20%286%20y%207-7-17%29.jpg\" width=\"811\" \/><\/strong><\/p>\n<ul>\n<li><strong>Tercer Local Worshop Am\u00e9rica Latina y Europa. Toronto, Canad\u00e1, 15 &#8211; 21 de julio de 2018<\/strong><\/li>\n<\/ul>\n<p><strong><img decoding=\"async\" alt=\"\" src=\"array(   (object) array(       'vid' =&gt; '1626',       'uid' =&gt; '31',       'title' =&gt; 'Tercer Local Worshop Toronto - INCASI (15a21\/07\/2018)',       'log' =&gt; '',       'status' =&gt; '0',       'comment' =&gt; '2',       'promote' =&gt; '0',       'sticky' =&gt; '0',       'vuuid' =&gt; '12d70d2d-520a-46ba-aabb-13fbdd3e1986',       'nid' =&gt; '1626',       'type' =&gt; 'im_genes_para_la_galer_a',       'language' =&gt; 'und',       'created' =&gt; '1533028315',       'changed' =&gt; '1533028315',       'tnid' =&gt; '0',       'translate' =&gt; '0',       'uuid' =&gt; '7f4509c1-167e-4261-80c2-a1e2835a8e6e',       'revision_timestamp' =&gt; '1533028315',       'revision_uid' =&gt; '31',       'body' =&gt; array(),       'field_imagen' =&gt; array(         'und' =&gt; array(           array(             'fid' =&gt; '951',             'uid' =&gt; '31',             'filename' =&gt; 'foto local.JPG',             'uri' =&gt; 'public:\/\/foto local_0.JPG',             'filemime' =&gt; 'image\/jpeg',             'filesize' =&gt; '104294',             'status' =&gt; '1',             'timestamp' =&gt; '1533028315',             'type' =&gt; 'image',             'uuid' =&gt; '37fc34a9-2f7d-4185-9af7-305a748f513e',             'field_file_image_alt_text' =&gt; array(),             'field_file_image_title_text' =&gt; array(),             'rdf_mapping' =&gt; array(),             'metadata' =&gt; array(               'height' =&gt; 621,               'width' =&gt; 1109,             ),             'height' =&gt; '621',             'width' =&gt; '1109',             'alt' =&gt; '',             'title' =&gt; '',           ),         ),       ),       'field_gale_fecha_acontecimiento' =&gt; array(         'und' =&gt; array(           array(             'value' =&gt; '2018-07-31T00:00:00',             'timezone' =&gt; 'Europe\/Madrid',             'timezone_db' =&gt; 'Europe\/Madrid',             'date_type' =&gt; 'date',           ),         ),       ),       'field_link_a_noticia' =&gt; array(),       'rdf_mapping' =&gt; array(         'rdftype' =&gt; array(           'sioc:Item',           'foaf:Document',         ),         'title' =&gt; array(           'predicates' =&gt; array(             'dc:title',           ),         ),         'created' =&gt; array(           'predicates' =&gt; array(             'dc:date',             'dc:created',           ),           'datatype' =&gt; 'xsd:dateTime',           'callback' =&gt; 'date_iso8601',         ),         'changed' =&gt; array(           'predicates' =&gt; array(             'dc:modified',           ),           'datatype' =&gt; 'xsd:dateTime',           'callback' =&gt; 'date_iso8601',         ),         'body' =&gt; array(           'predicates' =&gt; array(             'content:encoded',           ),         ),         'uid' =&gt; array(           'predicates' =&gt; array(             'sioc:has_creator',           ),           'type' =&gt; 'rel',         ),         'name' =&gt; array(           'predicates' =&gt; array(             'foaf:name',           ),         ),         'comment_count' =&gt; array(           'predicates' =&gt; array(             'sioc:num_replies',           ),           'datatype' =&gt; 'xsd:integer',         ),         'last_activity' =&gt; array(           'predicates' =&gt; array(             'sioc:last_activity_date',           ),           'datatype' =&gt; 'xsd:dateTime',           'callback' =&gt; 'date_iso8601',         ),       ),       'cid' =&gt; '0',       'last_comment_timestamp' =&gt; '1533028315',       'last_comment_name' =&gt; NULL,       'last_comment_uid' =&gt; '31',       'comment_count' =&gt; '0',       'name' =&gt; 'dfernandez',       'picture' =&gt; '0',       'data' =&gt; 'a:6:{s:16:&quot;ckeditor_default&quot;;s:1:&quot;t&quot;;s:20:&quot;ckeditor_show_toggle&quot;;s:1:&quot;t&quot;;s:14:&quot;ckeditor_width&quot;;s:4:&quot;100%&quot;;s:13:&quot;ckeditor_lang&quot;;s:2:&quot;es&quot;;s:18:&quot;ckeditor_auto_lang&quot;;s:1:&quot;t&quot;;s:7:&quot;contact&quot;;i:1;}',       'path' =&gt; FALSE,       'menu' =&gt; NULL,       'node_export_drupal_version' =&gt; '7',     ), )\" \/><\/strong><img loading=\"lazy\" decoding=\"async\" alt=\"\" height=\"452\" src=\"http:\/\/incasi.uab.cat\/sites\/incasi.uab.cat\/files\/foto%20local.JPG\" width=\"808\" \/><\/p>\n<ul>\n<li><img decoding=\"async\" alt=\"\" src=\"http:\/\/incasi.uab.cat\/es\/node\/1626\" \/><strong>Cuarto Local Workshop en Am\u00e9rica Latina. Santiago de Chile, Chile, 9 &#8211; 10 de mayo de 2019<\/strong><\/li>\n<\/ul>\n<p><strong><img loading=\"lazy\" decoding=\"async\" alt=\"\" height=\"455\" src=\"http:\/\/incasi.uab.cat\/sites\/incasi.uab.cat\/files\/Foto%20Santiago.jpg\" width=\"807\" \/><\/strong><\/p>\n<ul>\n<li><strong>Cuarto Local Workshop Europa, Valencia, 1 &#8211; 2 de julio de 2019<\/strong><\/li>\n<\/ul>\n<p><img loading=\"lazy\" decoding=\"async\" alt=\"\" height=\"452\" src=\"http:\/\/incasi.uab.cat\/sites\/incasi.uab.cat\/files\/FOTO%20OFICIAL_0.jpg\" width=\"807\" \/><\/p>\n","protected":false},"excerpt":{"rendered":"<p>Anualmente se celebran reuniones de trabajo locales, en Europa entre los beneficiarios europeos y en Am\u00e9rica Latina entre los socios latinoamericanos destinadas a crear un espacio de reflexi\u00f3n conjunta en relaci\u00f3n a cada una de las etapas del proyecto (Work Packages): compilaci\u00f3n, construcci\u00f3n, innovaci\u00f3n y proyecci\u00f3n. Adicionalmente estos encuentros se complementan con actividades de formaci\u00f3n [&hellip;]<\/p>\n","protected":false},"author":44,"featured_media":0,"parent":0,"menu_order":0,"comment_status":"closed","ping_status":"closed","template":"","meta":{"footnotes":""},"class_list":["post-1945","page","type-page","status-publish","hentry"],"_links":{"self":[{"href":"https:\/\/webs.uab.cat\/incasi1\/wp-json\/wp\/v2\/pages\/1945","targetHints":{"allow":["GET"]}}],"collection":[{"href":"https:\/\/webs.uab.cat\/incasi1\/wp-json\/wp\/v2\/pages"}],"about":[{"href":"https:\/\/webs.uab.cat\/incasi1\/wp-json\/wp\/v2\/types\/page"}],"author":[{"embeddable":true,"href":"https:\/\/webs.uab.cat\/incasi1\/wp-json\/wp\/v2\/users\/44"}],"replies":[{"embeddable":true,"href":"https:\/\/webs.uab.cat\/incasi1\/wp-json\/wp\/v2\/comments?post=1945"}],"version-history":[{"count":0,"href":"https:\/\/webs.uab.cat\/incasi1\/wp-json\/wp\/v2\/pages\/1945\/revisions"}],"wp:attachment":[{"href":"https:\/\/webs.uab.cat\/incasi1\/wp-json\/wp\/v2\/media?parent=1945"}],"curies":[{"name":"wp","href":"https:\/\/api.w.org\/{rel}","templated":true}]}}

<p class="rtejustify">Anualmente se celebran reuniones de trabajo locales, en Europa entre los beneficiarios europeos y en América Latina entre los socios latinoamericanos destinadas a crear un espacio de reflexión conjunta en relación a cada una de las etapas del proyecto (Work Packages): compilación, construcción, innovación y proyección. Adicionalmente estos encuentros se complementan con actividades de formación y gestión. Las reuniones locales sirven además para preparar la reunión global de cada paquete de trabajo con todos los miembros de la red junto con otros investigadores y especialistas invitados.</p>
<ul>
<li><strong>Primer Workshop en Europa (Kick off Meeting). Barcelona, 28, 29 y 30 de enero de 2016</strong></li>
</ul>
<p><img loading="lazy" decoding="async" alt="" height="452" src="http://incasi.uab.cat/sites/incasi.uab.cat/files/INCASI%20Kick%20off%20meeting.jpg" width="803" /></p>
<ul>
<li><strong>Primer Workshop en América Latina. Buenos Aires, 3 y 4 de marzo 2016</strong></li>
</ul>
<p><img loading="lazy" decoding="async" alt="" height="455" src="http://incasi.uab.cat/sites/incasi.uab.cat/files/INCASI%201er%20Work%20Shop%20LA.jpg" width="808" /></p>
<ul>
<li><strong>Segundo Local Workshop en América Latina. La Plata (Argentina), 29 y 30 de mayo del 2017</strong></li>
</ul>
<p><img loading="lazy" decoding="async" alt="" height="461" src="http://incasi.uab.cat/sites/incasi.uab.cat/files/LW%20LA%201.JPG " width="814" /></p>
<ul>
<li><strong>Segundo Local Workshop en&nbsp;Europa. La Laguna, Tenerife, 6 y 7 de julio de 2017</strong></li>
</ul>
<p><strong>​<img loading="lazy" decoding="async" alt="" height="599" src="http://incasi.uab.cat/sites/incasi.uab.cat/files/Workshop%20Europa%202%20%286%20y%207-7-17%29.jpg" width="811" /></strong></p>
<ul>
<li><strong>Tercer Local Worshop América Latina y Europa. Toronto, Canadá, 15 &#8211; 21 de julio de 2018</strong></li>
</ul>
<p><strong><img decoding="async" alt="" src="array(   (object) array(       'vid' =&gt; '1626',       'uid' =&gt; '31',       'title' =&gt; 'Tercer Local Worshop Toronto - INCASI (15a21/07/2018)',       'log' =&gt; '',       'status' =&gt; '0',       'comment' =&gt; '2',       'promote' =&gt; '0',       'sticky' =&gt; '0',       'vuuid' =&gt; '12d70d2d-520a-46ba-aabb-13fbdd3e1986',       'nid' =&gt; '1626',       'type' =&gt; 'im_genes_para_la_galer_a',       'language' =&gt; 'und',       'created' =&gt; '1533028315',       'changed' =&gt; '1533028315',       'tnid' =&gt; '0',       'translate' =&gt; '0',       'uuid' =&gt; '7f4509c1-167e-4261-80c2-a1e2835a8e6e',       'revision_timestamp' =&gt; '1533028315',       'revision_uid' =&gt; '31',       'body' =&gt; array(),       'field_imagen' =&gt; array(         'und' =&gt; array(           array(             'fid' =&gt; '951',             'uid' =&gt; '31',             'filename' =&gt; 'foto local.JPG',             'uri' =&gt; 'public://foto local_0.JPG',             'filemime' =&gt; 'image/jpeg',             'filesize' =&gt; '104294',             'status' =&gt; '1',             'timestamp' =&gt; '1533028315',             'type' =&gt; 'image',             'uuid' =&gt; '37fc34a9-2f7d-4185-9af7-305a748f513e',             'field_file_image_alt_text' =&gt; array(),             'field_file_image_title_text' =&gt; array(),             'rdf_mapping' =&gt; array(),             'metadata' =&gt; array(               'height' =&gt; 621,               'width' =&gt; 1109,             ),             'height' =&gt; '621',             'width' =&gt; '1109',             'alt' =&gt; '',             'title' =&gt; '',           ),         ),       ),       'field_gale_fecha_acontecimiento' =&gt; array(         'und' =&gt; array(           array(             'value' =&gt; '2018-07-31T00:00:00',             'timezone' =&gt; 'Europe/Madrid',             'timezone_db' =&gt; 'Europe/Madrid',             'date_type' =&gt; 'date',           ),         ),       ),       'field_link_a_noticia' =&gt; array(),       'rdf_mapping' =&gt; array(         'rdftype' =&gt; array(           'sioc:Item',           'foaf:Document',         ),         'title' =&gt; array(           'predicates' =&gt; array(             'dc:title',           ),         ),         'created' =&gt; array(           'predicates' =&gt; array(             'dc:date',             'dc:created',           ),           'datatype' =&gt; 'xsd:dateTime',           'callback' =&gt; 'date_iso8601',         ),         'changed' =&gt; array(           'predicates' =&gt; array(             'dc:modified',           ),           'datatype' =&gt; 'xsd:dateTime',           'callback' =&gt; 'date_iso8601',         ),         'body' =&gt; array(           'predicates' =&gt; array(             'content:encoded',           ),         ),         'uid' =&gt; array(           'predicates' =&gt; array(             'sioc:has_creator',           ),           'type' =&gt; 'rel',         ),         'name' =&gt; array(           'predicates' =&gt; array(             'foaf:name',           ),         ),         'comment_count' =&gt; array(           'predicates' =&gt; array(             'sioc:num_replies',           ),           'datatype' =&gt; 'xsd:integer',         ),         'last_activity' =&gt; array(           'predicates' =&gt; array(             'sioc:last_activity_date',           ),           'datatype' =&gt; 'xsd:dateTime',           'callback' =&gt; 'date_iso8601',         ),       ),       'cid' =&gt; '0',       'last_comment_timestamp' =&gt; '1533028315',       'last_comment_name' =&gt; NULL,       'last_comment_uid' =&gt; '31',       'comment_count' =&gt; '0',       'name' =&gt; 'dfernandez',       'picture' =&gt; '0',       'data' =&gt; 'a:6:{s:16:&quot;ckeditor_default&quot;;s:1:&quot;t&quot;;s:20:&quot;ckeditor_show_toggle&quot;;s:1:&quot;t&quot;;s:14:&quot;ckeditor_width&quot;;s:4:&quot;100%&quot;;s:13:&quot;ckeditor_lang&quot;;s:2:&quot;es&quot;;s:18:&quot;ckeditor_auto_lang&quot;;s:1:&quot;t&quot;;s:7:&quot;contact&quot;;i:1;}',       'path' =&gt; FALSE,       'menu' =&gt; NULL,       'node_export_drupal_version' =&gt; '7',     ), )" /></strong><img loading="lazy" decoding="async" alt="" height="452" src="http://incasi.uab.cat/sites/incasi.uab.cat/files/foto%20local.JPG" width="808" /></p>
<ul>
<li><img decoding="async" alt="" src="http://incasi.uab.cat/es/node/1626" /><strong>Cuarto Local Workshop en América Latina. Santiago de Chile, Chile, 9 &#8211; 10 de mayo de 2019</strong></li>
</ul>
<p><strong><img loading="lazy" decoding="async" alt="" height="455" src="http://incasi.uab.cat/sites/incasi.uab.cat/files/Foto%20Santiago.jpg" width="807" /></strong></p>
<ul>
<li><strong>Cuarto Local Workshop Europa, Valencia, 1 &#8211; 2 de julio de 2019</strong></li>
</ul>
<p><img loading="lazy" decoding="async" alt="" height="452" src="http://incasi.uab.cat/sites/incasi.uab.cat/files/FOTO%20OFICIAL_0.jpg" width="807" /></p>

<p>Anualmente se celebran reuniones de trabajo locales, en Europa entre los beneficiarios europeos y en América Latina entre los socios latinoamericanos destinadas a crear un espacio de reflexión conjunta en relación a cada una de las etapas del proyecto (Work Packages): compilación, construcción, innovación y proyección. Adicionalmente estos encuentros se complementan con actividades de formación [&hellip;]</p>
