{"id":2014,"date":"2017-05-15T14:51:05","date_gmt":"2017-05-15T14:51:05","guid":{"rendered":"https:\/\/webs.uab.cat\/incasi\/multimedia\/"},"modified":"2024-09-10T11:52:24","modified_gmt":"2024-09-10T11:52:24","slug":"multimedia","status":"publish","type":"page","link":"https:\/\/webs.uab.cat\/incasi1\/multimedia\/","title":{"rendered":"Multimedia"},"content":{"rendered":"\n<p>Este espacio est\u00e1 destinado a difusi\u00f3n de la red INCASI a trav\u00e9s de im\u00e1genes,&nbsp;v\u00eddeos y del impacto en la prensa.&nbsp;De este modo, se ofrece una visi\u00f3n m\u00e1s amplia de las&nbsp;actividades que se realizan durante el proyecto.&nbsp;<\/p>\n\n\n\n<p><a href=\"https:\/\/webs.uab.cat\/incasi1\/galeria-de-imagenes\/\">Galer\u00eda de im\u00e1genes<\/a><\/p>\n\n\n\n<p><a href=\"https:\/\/webs.uab.cat\/incasi1\/videos-2\/\">V\u00eddeos<\/a><\/p>\n\n\n\n<p><a href=\"https:\/\/webs.uab.cat\/incasi1\/prensa\/\">Prensa<\/a><\/p>\n\n\n\n<p><\/p>\n","protected":false},"excerpt":{"rendered":"<p>Este espacio est\u00e1 destinado a difusi\u00f3n de la red INCASI a trav\u00e9s de im\u00e1genes,&nbsp;v\u00eddeos y del impacto en la prensa.&nbsp;De este modo, se ofrece una visi\u00f3n m\u00e1s amplia de las&nbsp;actividades que se realizan durante el proyecto.&nbsp; Galer\u00eda de im\u00e1genes V\u00eddeos Prensa<\/p>\n","protected":false},"author":44,"featured_media":0,"parent":0,"menu_order":0,"comment_status":"closed","ping_status":"closed","template":"","meta":{"footnotes":""},"class_list":["post-2014","page","type-page","status-publish","hentry"],"_links":{"self":[{"href":"https:\/\/webs.uab.cat\/incasi1\/wp-json\/wp\/v2\/pages\/2014","targetHints":{"allow":["GET"]}}],"collection":[{"href":"https:\/\/webs.uab.cat\/incasi1\/wp-json\/wp\/v2\/pages"}],"about":[{"href":"https:\/\/webs.uab.cat\/incasi1\/wp-json\/wp\/v2\/types\/page"}],"author":[{"embeddable":true,"href":"https:\/\/webs.uab.cat\/incasi1\/wp-json\/wp\/v2\/users\/44"}],"replies":[{"embeddable":true,"href":"https:\/\/webs.uab.cat\/incasi1\/wp-json\/wp\/v2\/comments?post=2014"}],"version-history":[{"count":4,"href":"https:\/\/webs.uab.cat\/incasi1\/wp-json\/wp\/v2\/pages\/2014\/revisions"}],"predecessor-version":[{"id":6097,"href":"https:\/\/webs.uab.cat\/incasi1\/wp-json\/wp\/v2\/pages\/2014\/revisions\/6097"}],"wp:attachment":[{"href":"https:\/\/webs.uab.cat\/incasi1\/wp-json\/wp\/v2\/media?parent=2014"}],"curies":[{"name":"wp","href":"https:\/\/api.w.org\/{rel}","templated":true}]}}