{"id":2015,"date":"2017-05-15T14:51:57","date_gmt":"2017-05-15T14:51:57","guid":{"rendered":"https:\/\/webs.uab.cat\/incasi\/videos-2\/"},"modified":"2017-05-15T14:51:57","modified_gmt":"2017-05-15T14:51:57","slug":"videos-2","status":"publish","type":"page","link":"https:\/\/webs.uab.cat\/incasi1\/videos-2\/","title":{"rendered":"V\u00eddeos"},"content":{"rendered":"<p><strong>Virtual Seminar Universidad de Buenos Aires &#8211; INCASI (17.11.20)<\/strong><\/p>\n<h1 class=\"title style-scope ytd-video-primary-info-renderer\"><span style=\"font-size:24px;\"><sup><sub><a href=\"https:\/\/www.youtube.com\/watch?v=aM0iB9kRsG0\">Presentaci\u00f3n: \u00abManual de Metodolog\u00eda de la Investigaci\u00f3n Social Cuantitativa\u00bb<\/a><\/sub><\/sup><\/span><\/h1>\n<p><strong>Seminario Virtual&nbsp;Universidad de Buenos Aires&nbsp;<\/strong><strong>y Universidad Cat\u00f3lica Argentina &#8211; INCASI<\/strong><\/p>\n<p><a href=\"https:\/\/www.youtube.com\/watch?v=Gn0xvR-upJc&amp;feature=youtu.be\">Trabajo e ingresos en tiempos de pandemia. Reflexiones sobre la actualidad y el futuro posible<\/a><\/p>\n<p><strong>S\u00edntesis del encuentro final de INCASI: Global Meeting Barcelona 20 a 23 de noviembre 2019:<\/strong><\/p>\n<p><a href=\"https:\/\/youtu.be\/S-9OZ2eIcT8\">Mi\u00e9rcoles 20 de Noviembre de 2019 (Parte I)<\/a><br \/>\n<a href=\"https:\/\/youtu.be\/28fL0hw6xQY\">Mi\u00e9rcoles 20 de Noviembre de 2019 (Parte II)<\/a><br \/>\n<a href=\"https:\/\/youtu.be\/69295HuH8Ww\">Jueves 21 de Noviembre de 2019<\/a><br \/>\n<a href=\"https:\/\/youtu.be\/jRcUCS8EkB4\">Viernes 22 de Noviembre de 2019<\/a><br \/>\n<a href=\"https:\/\/www.youtube.com\/watch?v=QXc0jXLANoM&amp;feature=youtu.be\">Resumen Global del&nbsp;Evento<\/a><\/p>\n<p><strong>Resumen de los encuentros de la red entre 2016 y 2019:<\/strong><\/p>\n<p><a href=\"https:\/\/www.youtube.com\/watch?v=QiFDdOhmkjg\">INCASI Global Meeting Final &#8211; Adi\u00f3s Nonino\u200b<\/a><br \/>\n<a href=\"https:\/\/www.youtube.com\/watch?v=XGhAZ-G6Tsw\">INCASI Global Meeting Final &#8211; Youkali (French)\u200b<\/a><br \/>\n<a href=\"https:\/\/www.youtube.com\/watch?v=5NwXATJsBLA\">INCASI Global Meeting Final &#8211; Youkali (English)<\/a><br \/>\n<a href=\"https:\/\/www.youtube.com\/watch?v=kjWDkeDivE8\">INCASI Global Meeting Final &#8211; Youkali (Espa\u00f1ol)\u200b<\/a><\/p>\n<p><strong><a href=\"http:\/\/incasi.uab.cat\/es\/node\/521\">El Proyecto INCASI<\/a><\/strong><\/p>\n<ul>\n<li><strong>El Proyecto INCASI &#8211; Pedro L\u00f3pez-Rold\u00e1n, Coordinador de la red INCASI&nbsp;<\/strong><\/li>\n<\/ul>\n<p><strong>\u200b<a href=\"https:\/\/youtu.be\/w3rM03v9Tvk\"><img loading=\"lazy\" decoding=\"async\" alt=\"\" height=\"336\" src=\"http:\/\/incasi.uab.cat\/sites\/incasi.uab.cat\/files\/INCASI%20Project%20V%C3%ADdeo.JPG\" width=\"625\" \/><\/a><\/strong><\/p>\n<ul>\n<li><strong>El Proyecto INCASI &#8211;&nbsp;Sandra Fachelli, Task Manager de la red INCASI<\/strong><\/li>\n<\/ul>\n<p><strong>\u200b<a href=\"https:\/\/youtu.be\/npOGvRMLRLI\"><img loading=\"lazy\" decoding=\"async\" alt=\"\" height=\"18\" src=\"http:\/\/incasi.uab.cat\/sites\/incasi.uab.cat\/files\/Explicaci%C3%B3n%20Sandra.JPG\" width=\"18\" \/><\/a><\/strong><\/p>\n<ul>\n<li><strong>El Proyecto INCASI &#8211; Testimonios de Secondees<\/strong><\/li>\n<\/ul>\n<p><strong>\u200b<a href=\"https:\/\/youtu.be\/so5vkqAYrK8\"><img loading=\"lazy\" decoding=\"async\" alt=\"\" height=\"348\" src=\"http:\/\/incasi.uab.cat\/sites\/incasi.uab.cat\/files\/Secondment%20testimonies.JPG\" width=\"622\" \/><\/a><\/strong><\/p>\n<p><a href=\"http:\/\/incasi.uab.cat\/es\/node\/1264\"><strong>Exposici\u00f3n INCASI &#8211; Biblioteca de Ciencias Sociales de la UAB\u200b&nbsp;(27\/02\/2018)<\/strong><\/a><\/p>\n<ul>\n<li><strong>Presentaci\u00f3n de los libros de Ildefonso Marqu\u00e9s y Jos\u00e9 Saturnino<\/strong><\/li>\n<\/ul>\n<p><a href=\"https:\/\/youtu.be\/cM0MEQ5xxF8\"><img loading=\"lazy\" decoding=\"async\" alt=\"\" height=\"340\" src=\"http:\/\/incasi.uab.cat\/sites\/incasi.uab.cat\/files\/Exposici%C3%B3n%20INCASI%202018.JPG\" width=\"627\" \/><\/a><\/p>\n<p><a href=\"http:\/\/incasi.uab.cat\/es\/node\/1278\"><strong>Global Meeting 2018<\/strong><\/a><\/p>\n<ul>\n<li><strong>Global Meeting 2018 &#8211; V\u00eddeo resumen<\/strong><\/li>\n<\/ul>\n<p><strong>\u200b<a href=\"https:\/\/www.youtube.com\/watch?v=nn5wtypVDCk&amp;feature=youtu.be\"><img loading=\"lazy\" decoding=\"async\" alt=\"\" height=\"409\" src=\"http:\/\/incasi.uab.cat\/sites\/incasi.uab.cat\/files\/Foto%20Global%20Meeting%202.jpg\" width=\"625\" \/><\/a><\/strong><\/p>\n<p><a href=\"http:\/\/incasi.uab.cat\/es\/node\/521\"><strong>Exposici\u00f3n INCASI &#8211; Biblioteca de Ciencias Sociales de la UAB\u200b&nbsp;(16\/03\/2017)<\/strong><\/a><\/p>\n<ul>\n<li><strong>Presentaci\u00f3n del libro de Pedro L\u00f3pez-Rold\u00e1n y Sandra Fachelli<\/strong><\/li>\n<\/ul>\n<p><a href=\"https:\/\/www.youtube.com\/watch?v=N9wc2ORKPjE&amp;feature=youtu.be\"><img loading=\"lazy\" decoding=\"async\" alt=\"\" height=\"283\" src=\"http:\/\/incasi.uab.cat\/sites\/incasi.uab.cat\/files\/Exposici%C3%B3n%20INCASI%20%2816-03-2017%29%202.JPG\" width=\"620\" \/><\/a><\/p>\n<ul>\n<li><strong>Presentaci\u00f3n del libro de Jorge Ra\u00fal Jorrat<\/strong><\/li>\n<\/ul>\n<p><a href=\"https:\/\/youtu.be\/fYQJFsou7TQ\"><img loading=\"lazy\" decoding=\"async\" alt=\"\" height=\"300\" src=\"http:\/\/incasi.uab.cat\/sites\/incasi.uab.cat\/files\/Exposici%C3%B3n%20INCASI%20%2816-03-2017%29%201.JPG\" width=\"617\" \/><\/a><\/p>\n<p><a href=\"http:\/\/incasi.uab.cat\/es\/node\/521\"><strong>Exposici\u00f3n INCASI &#8211; Biblioteca de Ciencias Sociales de la UAB\u200b&nbsp;(23\/02\/2017)<\/strong><\/a><\/p>\n<ul>\n<li><strong>Presentaci\u00f3n de Pedro L\u00f3pez-Rold\u00e1n y Sandra Fachelli<\/strong><\/li>\n<\/ul>\n<p><strong>\u200b<a href=\"https:\/\/youtu.be\/s6nmesakU_c\"><img loading=\"lazy\" decoding=\"async\" alt=\"\" height=\"394\" src=\"http:\/\/incasi.uab.cat\/sites\/incasi.uab.cat\/files\/Pedro%20y%20Sandra.JPG\" width=\"631\" \/><\/a><\/strong><\/p>\n<ul>\n<li><strong>Presentaci\u00f3n del libro de Marcelo Boado<\/strong><\/li>\n<\/ul>\n<p><strong>\u200b<a href=\"https:\/\/youtu.be\/en2FE5FGzpk\"><img loading=\"lazy\" decoding=\"async\" alt=\"\" height=\"334\" src=\"http:\/\/incasi.uab.cat\/sites\/incasi.uab.cat\/files\/Boado.JPG\" width=\"625\" \/><\/a><\/strong><\/p>\n<ul>\n<li><strong>Presentaci\u00f3n del libro de Agust\u00edn Salvia<\/strong><\/li>\n<\/ul>\n<p><strong>\u200b<a href=\"https:\/\/youtu.be\/A5_f-MFS6HM\"><img loading=\"lazy\" decoding=\"async\" alt=\"\" height=\"338\" src=\"http:\/\/incasi.uab.cat\/sites\/incasi.uab.cat\/files\/Salvia.JPG\" width=\"627\" \/><\/a><\/strong><\/p>\n<p><a href=\"http:\/\/incasi.uab.cat\/es\/node\/58\"><strong>Global Meeting 2017<\/strong><\/a><\/p>\n<ul>\n<li><strong>Global Meeting 2017 &#8211; Presentaci\u00f3n de Pedro L\u00f3pez-Rold\u00e1n<\/strong><\/li>\n<\/ul>\n<p><strong>\u200b<a href=\"https:\/\/youtu.be\/j8lAa0fXJjY\"><img loading=\"lazy\" decoding=\"async\" alt=\"\" height=\"446\" src=\"http:\/\/incasi.uab.cat\/sites\/incasi.uab.cat\/files\/Pedro.JPG\" width=\"621\" \/><\/a><\/strong><\/p>\n<ul>\n<li><strong>Global Meeting 2017 &#8211; Presentaci\u00f3n de Maria Teresa Paramio Nieto<\/strong><\/li>\n<\/ul>\n<p><strong>\u200b<a href=\"https:\/\/youtu.be\/r3MVPkxOnWw\"><img loading=\"lazy\" decoding=\"async\" alt=\"\" height=\"233\" src=\"http:\/\/incasi.uab.cat\/sites\/incasi.uab.cat\/files\/Teresa.JPG\" width=\"622\" \/><\/a><\/strong><\/p>\n<ul>\n<li><strong>Global Meeting 2017 &#8211; Presentaci\u00f3n de Joan Miquel Verd<\/strong><\/li>\n<\/ul>\n<p><a href=\"https:\/\/youtu.be\/gtdqghzl1oI\"><img loading=\"lazy\" decoding=\"async\" alt=\"\" height=\"270\" src=\"http:\/\/incasi.uab.cat\/sites\/incasi.uab.cat\/files\/Verd.JPG\" width=\"621\" \/><\/a><\/p>\n<p><a href=\"http:\/\/incasi.uab.cat\/es\/node\/725\"><strong>Impacto de INCASI&nbsp;<\/strong><\/a><\/p>\n<ul>\n<li><strong>Jos\u00e9 Saturnino, Investigador Responsable Principal de INCASI por la Universidad de La Laguna, comparece en Congreso de los Diputados (Comisi\u00f3n de Educaci\u00f3n)<\/strong><\/li>\n<\/ul>\n<p><strong>\u200b<a href=\"https:\/\/youtu.be\/8vdyZ7XlJiY\"><img loading=\"lazy\" decoding=\"async\" alt=\"\" height=\"424\" src=\"http:\/\/incasi.uab.cat\/sites\/incasi.uab.cat\/files\/V%C3%ADdeo%20Saturnino.JPG\" width=\"625\" \/><\/a><\/strong><\/p>\n<ul>\n<li><strong>Jos\u00e9 Saturnino, Investigador Responsable Principal de INCASI por la Universidad de La Laguna, comparece en Congreso de los Diputados (Comisi\u00f3n de Educaci\u00f3n) &#8211; Turno de preguntas<\/strong><\/li>\n<\/ul>\n<p><strong>\u200b<a href=\"https:\/\/youtu.be\/XwdujT7Zk20\"><img loading=\"lazy\" decoding=\"async\" alt=\"\" height=\"341\" src=\"http:\/\/incasi.uab.cat\/sites\/incasi.uab.cat\/files\/V%C3%ADdeo%20Saturnino%202.JPG \" width=\"624\" \/><\/a><\/strong><\/p>\n<p><strong><a href=\"http:\/\/incasi.uab.cat\/es\/node\/1674\">Seminario Internacional Movilidad Social y Desigualdad en tiempos de cambio<\/a><\/strong><\/p>\n<ul>\n<li><strong>Presentaci\u00f3n del seminario<br \/>\n\t<a href=\"https:\/\/www.youtube.com\/watch?v=vZa6DW57SBw&amp;list=PLSl0-hG_seZo8wSxpaM7yEU3ZE79AcAeT\"><img loading=\"lazy\" decoding=\"async\" alt=\"\" height=\"75\" src=\"http:\/\/incasi.uab.cat\/sites\/incasi.uab.cat\/files\/presentaci%C3%B3n%20seminario.PNG\" width=\"548\" \/><\/a><\/strong><\/li>\n<li><strong>Intervenci\u00f3n de Julio Caraba\u00f1a<br \/>\n\t<a href=\"https:\/\/www.youtube.com\/watch?v=D26ch_Sag4U&amp;list=PLSl0-hG_seZo8wSxpaM7yEU3ZE79AcAeT&amp;index=2\"><img loading=\"lazy\" decoding=\"async\" alt=\"\" height=\"80\" src=\"http:\/\/incasi.uab.cat\/sites\/incasi.uab.cat\/files\/imagen%20caraba%C3%B1a%202.PNG\" width=\"546\" \/><\/a><\/strong><\/li>\n<li><strong>Intervenci\u00f3n de Ildefonso Marqu\u00e9s<\/strong><br \/>\n\t<a href=\"https:\/\/www.youtube.com\/watch?v=6xal21xq0DE&amp;list=PLSl0-hG_seZo8wSxpaM7yEU3ZE79AcAeT&amp;index=3\"><img loading=\"lazy\" decoding=\"async\" alt=\"\" height=\"79\" src=\"http:\/\/incasi.uab.cat\/sites\/incasi.uab.cat\/files\/3%20ildefonso.PNG\" width=\"544\" \/><\/a><\/li>\n<li><strong>Intervenci\u00f3n de Carlos Gil<\/strong><br \/>\n\t<a href=\"https:\/\/www.youtube.com\/watch?v=BJMYBNBl70s&amp;list=PLSl0-hG_seZo8wSxpaM7yEU3ZE79AcAeT&amp;index=4\"><img loading=\"lazy\" decoding=\"async\" alt=\"\" height=\"75\" src=\"http:\/\/incasi.uab.cat\/sites\/incasi.uab.cat\/files\/4%20carlos%20gil.PNG\" width=\"544\" \/><\/a><\/li>\n<li><strong>Intervenci\u00f3n de Patricio Sol\u00eds<br \/>\n\t<a href=\"https:\/\/www.youtube.com\/watch?v=GWBZ41QxgRU&amp;list=PLSl0-hG_seZo8wSxpaM7yEU3ZE79AcAeT&amp;index=5\"><img loading=\"lazy\" decoding=\"async\" alt=\"\" height=\"71\" src=\"http:\/\/incasi.uab.cat\/sites\/incasi.uab.cat\/files\/5%20patricio%20sol%C3%ADs.PNG\" width=\"549\" \/><\/a><\/strong><\/li>\n<li><strong>Intervenci\u00f3n de Carlo Barone<br \/>\n\t<a href=\"https:\/\/www.youtube.com\/watch?v=qMj2JkOn1n8&amp;list=PLSl0-hG_seZo8wSxpaM7yEU3ZE79AcAeT&amp;index=6\"><img loading=\"lazy\" decoding=\"async\" alt=\"\" height=\"78\" src=\"http:\/\/incasi.uab.cat\/sites\/incasi.uab.cat\/files\/6%20carlo%20barone.PNG\" width=\"555\" \/><\/a><\/strong><\/li>\n<li><strong>Intervenci\u00f3n de Carlos Costa Ribeiro<br \/>\n\t<a href=\"https:\/\/www.youtube.com\/watch?v=9fPwdT2Tbwo&amp;list=PLSl0-hG_seZo8wSxpaM7yEU3ZE79AcAeT&amp;index=7\"><img loading=\"lazy\" decoding=\"async\" alt=\"\" height=\"77\" src=\"http:\/\/incasi.uab.cat\/sites\/incasi.uab.cat\/files\/7%20carlos%20costa.PNG\" width=\"560\" \/><\/a><\/strong><\/li>\n<li><strong>Intervenci\u00f3n de Ettore Recchi<\/strong><br \/>\n\t<a href=\"https:\/\/www.youtube.com\/watch?v=CyouqhSiPzc&amp;list=PLSl0-hG_seZo8wSxpaM7yEU3ZE79AcAeT&amp;index=8\"><img loading=\"lazy\" decoding=\"async\" alt=\"\" height=\"72\" src=\"http:\/\/incasi.uab.cat\/sites\/incasi.uab.cat\/files\/8%20ettore.PNG\" width=\"564\" \/><\/a><\/li>\n<li><strong>Intervenci\u00f3n de Irina Ciornei<br \/>\n\t<a href=\"https:\/\/www.youtube.com\/watch?v=wg6wWOvWs2E&amp;list=PLSl0-hG_seZo8wSxpaM7yEU3ZE79AcAeT&amp;index=9\"><img loading=\"lazy\" decoding=\"async\" alt=\"\" height=\"74\" src=\"http:\/\/incasi.uab.cat\/sites\/incasi.uab.cat\/files\/9%20irina.PNG\" width=\"571\" \/><\/a><\/strong><\/li>\n<li><strong>Cierre del Seminario<br \/>\n\t<a href=\"https:\/\/www.youtube.com\/watch?v=10Wr6hiVefw&amp;list=PLSl0-hG_seZo8wSxpaM7yEU3ZE79AcAeT&amp;index=10\"><img loading=\"lazy\" decoding=\"async\" alt=\"\" height=\"75\" src=\"http:\/\/incasi.uab.cat\/sites\/incasi.uab.cat\/files\/10%20cierre.PNG\" width=\"572\" \/><\/a><\/strong><\/li>\n<\/ul>\n","protected":false},"excerpt":{"rendered":"<p>Virtual Seminar Universidad de Buenos Aires &#8211; INCASI (17.11.20) Presentaci\u00f3n: \u00abManual de Metodolog\u00eda de la Investigaci\u00f3n Social Cuantitativa\u00bb Seminario Virtual&nbsp;Universidad de Buenos Aires&nbsp;y Universidad Cat\u00f3lica Argentina &#8211; INCASI Trabajo e ingresos en tiempos de pandemia. Reflexiones sobre la actualidad y el futuro posible S\u00edntesis del encuentro final de INCASI: Global Meeting Barcelona 20 a 23 [&hellip;]<\/p>\n","protected":false},"author":44,"featured_media":0,"parent":0,"menu_order":0,"comment_status":"closed","ping_status":"closed","template":"","meta":{"footnotes":""},"class_list":["post-2015","page","type-page","status-publish","hentry"],"_links":{"self":[{"href":"https:\/\/webs.uab.cat\/incasi1\/wp-json\/wp\/v2\/pages\/2015","targetHints":{"allow":["GET"]}}],"collection":[{"href":"https:\/\/webs.uab.cat\/incasi1\/wp-json\/wp\/v2\/pages"}],"about":[{"href":"https:\/\/webs.uab.cat\/incasi1\/wp-json\/wp\/v2\/types\/page"}],"author":[{"embeddable":true,"href":"https:\/\/webs.uab.cat\/incasi1\/wp-json\/wp\/v2\/users\/44"}],"replies":[{"embeddable":true,"href":"https:\/\/webs.uab.cat\/incasi1\/wp-json\/wp\/v2\/comments?post=2015"}],"version-history":[{"count":0,"href":"https:\/\/webs.uab.cat\/incasi1\/wp-json\/wp\/v2\/pages\/2015\/revisions"}],"wp:attachment":[{"href":"https:\/\/webs.uab.cat\/incasi1\/wp-json\/wp\/v2\/media?parent=2015"}],"curies":[{"name":"wp","href":"https:\/\/api.w.org\/{rel}","templated":true}]}}