{"id":2026,"date":"2017-10-31T16:59:53","date_gmt":"2017-10-31T16:59:53","guid":{"rendered":"https:\/\/webs.uab.cat\/incasi\/exposicion-incasi\/"},"modified":"2017-10-31T16:59:53","modified_gmt":"2017-10-31T16:59:53","slug":"exposicion-incasi","status":"publish","type":"page","link":"https:\/\/webs.uab.cat\/incasi1\/exposicion-incasi\/","title":{"rendered":"Exposici\u00f3n INCASI"},"content":{"rendered":"<p>En los siguientes enlaces se encuentran las exposiciones&nbsp;de libros de la compilaci\u00f3n de la Producci\u00f3n Cient\u00edfica de la red INCASI:<\/p>\n<ul>\n<li><strong><a href=\"http:\/\/www.bib.uab.cat\/socials\/exposicions\/incasi\/\">Exposici\u00f3n realizada por la Biblioteca de Ci\u00e8ncies&nbsp;Socials de la Universitat Aut\u00f2noma de Barcelona 2017<\/a>.<\/strong><\/li>\n<li><strong><a href=\"http:\/\/www.bib.uab.es\/socials\/exposicions\/incasi2\/index.html\">Exposici\u00f3n realizada por la Biblioteca de Ci\u00e8ncies&nbsp;Socials de la Universitat Aut\u00f2noma de Barcelona 2018<\/a>.<\/strong><\/li>\n<\/ul>\n","protected":false},"excerpt":{"rendered":"<p>En los siguientes enlaces se encuentran las exposiciones&nbsp;de libros de la compilaci\u00f3n de la Producci\u00f3n Cient\u00edfica de la red INCASI: Exposici\u00f3n realizada por la Biblioteca de Ci\u00e8ncies&nbsp;Socials de la Universitat Aut\u00f2noma de Barcelona 2017. Exposici\u00f3n realizada por la Biblioteca de Ci\u00e8ncies&nbsp;Socials de la Universitat Aut\u00f2noma de Barcelona 2018.<\/p>\n","protected":false},"author":44,"featured_media":0,"parent":0,"menu_order":0,"comment_status":"closed","ping_status":"closed","template":"","meta":{"footnotes":""},"class_list":["post-2026","page","type-page","status-publish","hentry"],"_links":{"self":[{"href":"https:\/\/webs.uab.cat\/incasi1\/wp-json\/wp\/v2\/pages\/2026","targetHints":{"allow":["GET"]}}],"collection":[{"href":"https:\/\/webs.uab.cat\/incasi1\/wp-json\/wp\/v2\/pages"}],"about":[{"href":"https:\/\/webs.uab.cat\/incasi1\/wp-json\/wp\/v2\/types\/page"}],"author":[{"embeddable":true,"href":"https:\/\/webs.uab.cat\/incasi1\/wp-json\/wp\/v2\/users\/44"}],"replies":[{"embeddable":true,"href":"https:\/\/webs.uab.cat\/incasi1\/wp-json\/wp\/v2\/comments?post=2026"}],"version-history":[{"count":0,"href":"https:\/\/webs.uab.cat\/incasi1\/wp-json\/wp\/v2\/pages\/2026\/revisions"}],"wp:attachment":[{"href":"https:\/\/webs.uab.cat\/incasi1\/wp-json\/wp\/v2\/media?parent=2026"}],"curies":[{"name":"wp","href":"https:\/\/api.w.org\/{rel}","templated":true}]}}