{"id":2032,"date":"2017-11-09T16:28:18","date_gmt":"2017-11-09T16:28:18","guid":{"rendered":"https:\/\/webs.uab.cat\/incasi\/incasi-working-paper-series\/"},"modified":"2017-11-09T16:28:18","modified_gmt":"2017-11-09T16:28:18","slug":"incasi-working-paper-series","status":"publish","type":"page","link":"https:\/\/webs.uab.cat\/incasi1\/incasi-working-paper-series\/","title":{"rendered":"INCASI Working Paper Series"},"content":{"rendered":"<p>La red INCASI publica una serie de Working Papers relacionados con los temas de nuestras principales l\u00edneas de investigaci\u00f3n, tanto de naturaleza te\u00f3rica, metodol\u00f3gica o t\u00e9cnica.<\/p>\n<p><strong>INCASI Working Paper Series&nbsp;<\/strong>(<strong>IWPS<\/strong>) tiene como objetivo recopilar y difundir el trabajo realizado por los miembros de la red en el contexto de nuestro proyecto de investigaci\u00f3n. Las diferentes contribuciones son trabajos parciales que ayudan en la construcci\u00f3n del marco te\u00f3rico y metodol\u00f3gico del llamado Modelo AMOSIT: Modelo Anal\u00edtico sobre Desigualdades Sociales y Trayectorias.<\/p>\n<p>Esta serie se publica electr\u00f3nicamente a trav\u00e9s de nuestro sitio web y del Dep\u00f3sito Digital de Documentos (DDD) de la UAB. IWPS son textos que corresponden a contribuciones espec\u00edficas o versiones previas de una publicaci\u00f3n en forma de art\u00edculo acad\u00e9mico, cap\u00edtulo de libro o rese\u00f1a. Los documentos publicados en este sitio pueden ser espec\u00edficos para la serie, estar en progreso o en proceso de presentaci\u00f3n en otros sitios.<\/p>\n<p><strong>Revisi\u00f3n por pares<\/strong><br \/>\nEl contenido de los documentos es responsabilidad individual de los autores\/as, los documentos son ofrecidos por el autor\/a para esta web en inter\u00e9s de nuestro proyecto. Los documentos de trabajo son arbitrados&nbsp;por pares con evaluadores de la Comisi\u00f3n Acad\u00e9mica de la red INCASI, compuesta por los investigadores\/as principales de cada universidad: Pedro L\u00f3pez-Rold\u00e1n, Sandra Fachelli, Rafael Merino, M\u00e0rius Dom\u00ednguez, Ildefonso Marqu\u00e9s, Laura Oso, Jos\u00e9 Saturnino Mart\u00ednez, Leandro Sep\u00falveda, Eriikka Oinonen, Renata Semenza, Vincenzo Fortunato, Julie Jarty, Eduardo Ch\u00e1vez Molina, Agust\u00edn Salvia; Leticia Mu\u00f1iz Terra, Patricia Scarponetti, Marcelo Boado, Gabriela Rubilar Donoso, Paulina Ben\u00edtez, Emmanuelle Barozet, Graziela Perosa y Patricio Sol\u00eds.<\/p>\n<table border=\"0\" cellpadding=\"1\" cellspacing=\"1\">\n<tbody>\n<tr>\n<td colspan=\"2\"><strong>Licencia de los IWPS<img decoding=\"async\" alt=\"\" src=\"http:\/\/incasi.uab.cat\/sites\/incasi.uab.cat\/files\/creative%20commons.JPG \" \/><\/strong><\/td>\n<\/tr>\n<\/tbody>\n<\/table>\n<p>INCASI Working Paper Series(IWPS) es una publicaci\u00f3n en l\u00ednea bajo la licencia de Creative Commons. Cualquier persona es libre de copiar, distribuir o comunicar p\u00fablicamente el trabajo, de acuerdo con las siguientes condiciones:&nbsp;<em>Atribuci\u00f3n<\/em>,&nbsp;<em>No comercial<\/em>&nbsp;y&nbsp;<em>No derivativas<\/em>. No hay restricciones adicionales. No se pueden aplicar t\u00e9rminos legales o medidas tecnol\u00f3gicas que restrinjan hacer lo que legalmente permite la licencia.&nbsp;<\/p>\n<p>Los <em>papers<\/em> se envian a trav\u00e9s de la coordinaci\u00f3n de INCASI (<a href=\"mailto:pr.incasi@uab.es?subject=Propuesta%20IWPS\">pr.incasi@uab.es<\/a>) siguiendo el formato de una <a href=\"http:\/\/incasi.uab.cat\/sites\/incasi.uab.cat\/files\/IWPS-Template.docx\" target=\"_blank\" rel=\"noopener\">plantilla en MS-Word<\/a>.<\/p>\n<p><strong>N\u00fameros publicados:<\/strong><\/p>\n<ol>\n<li>L\u00f3pez-Rold\u00e1n, P.; Fachelli, S. (2017).&nbsp;<strong>Social Inequalities in Europe and Latin America. An Analysis Model Based on Life, Occupational and Educational Trajectories Research<\/strong>.&nbsp;<em>INCASI Working Paper Series<\/em>, No. 1.&nbsp;<a href=\"https:\/\/ddd.uab.cat\/record\/181855\" target=\"_blank\" rel=\"noopener\">https:\/\/ddd.uab.cat\/record\/181855<\/a><\/li>\n<li>Vacchiano, M.; Merino, J. (2018). <strong>Introducci\u00f3n a la l\u00f3gica multinivel: un an\u00e1lisis longitudinal con SPSS y R<\/strong>. <em>INCASI Working Paper Series<\/em>, No. 2. <a href=\"https:\/\/ddd.uab.cat\/record\/188612\" target=\"_blank\" rel=\"noopener\">https:\/\/ddd.uab.cat\/record\/188612<\/a><\/li>\n<li>Ballesteros, M. (2018). <strong>Promedio de los efectos marginales e interacciones en las regresiones log\u00edsticas binarias<\/strong>. <em>INCASI Working Paper Series<\/em>, No. 3. <a href=\"https:\/\/ddd.uab.cat\/record\/189811\">https:\/\/ddd.uab.cat\/record\/189811 <\/a><\/li>\n<li>Yepes, L. (2018). <strong>La operativizaci\u00f3n del concepto de trayectoria con TraMineR. Una introducci\u00f3n al an\u00e1lisis de secuencias y al Optimal Matching<\/strong>. <em>INCASI Working Paper Series<\/em>, No. 4. <a href=\"https:\/\/ddd.uab.cat\/record\/199390\" target=\"_blank\" rel=\"noopener\">https:\/\/ddd.uab.cat\/record\/199390 <\/a><\/li>\n<li>Poy, S.; Sep\u00falveda, L. (2018). <strong>Inequality and Poverty Reduction and the Limits of Social Protection Systems: The Case of Argentina during the Stage of Economic Expansion 2003-2014<\/strong>. <em>INCASI Working Paper Series<\/em>, No. 5. <a href=\"https:\/\/ddd.uab.cat\/record\/199391\" target=\"_blank\" rel=\"noopener\">https:\/\/ddd.uab.cat\/record\/199391<\/a><\/li>\n<li>Donza, E. (2019). Im<strong>putaciones de la no respuesta en las variables de ingreso. Encuesta Permanente de Hogares del Gran Buenos Aires, 1990-2010<\/strong>.&nbsp;<em>INCASI Working Paper Series<\/em>, No. 6. <a href=\"http:\/\/INCASI Working Paper Series, No. 5.\" target=\"_blank\" rel=\"noopener\"> https:\/\/ddd.uab.cat\/record\/204786<\/a><\/li>\n<li>Fachelli, S.; L\u00f3pez-Rold\u00e1n, P. (2019). <strong>Vecino m\u00e1s cercano en el espacio social: un m\u00e9todo de imputaci\u00f3n factorial<\/strong>. <em>INCASI Working Paper Series<\/em>, No. 7. <a href=\"https:\/\/ddd.uab.cat\/record\/204787\" target=\"_blank\" rel=\"noopener\">https:\/\/ddd.uab.cat\/record\/204787<\/a><\/li>\n<li>Fern\u00e1ndez Meli\u00e1n, M. C.; Rodriguez de la Fuente, J. J. (2019). <strong>Aproximaciones a la imputaci\u00f3n de ingresos desde los estudios de an\u00e1lisis de clase. Una propuesta a partir del uso de t\u00e9cnicas de an\u00e1lisis factorial<\/strong>. <em>INCASI Working Paper Series<\/em>, No. 8. <a href=\"https:\/\/ddd.uab.cat\/record\/204785\" target=\"_blank\" rel=\"noopener\">https:\/\/ddd.uab.cat\/record\/204785<\/a><\/li>\n<li>Estany, A. (2019). <strong>Innovaci\u00f3n y conceptos integradores en la pr\u00e1ctica cient\u00edfica<\/strong>.&nbsp;<em>INCASI Working Paper Series<\/em>, No. 9. <a href=\"https:\/\/ddd.uab.cat\/record\/212718\" target=\"_blank\" rel=\"noopener\">https:\/\/ddd.uab.cat\/record\/212718<\/a><\/li>\n<li>Scarponetti, P. (2020).&nbsp;<strong>Pol\u00edticas sociales en el siglo XXI. Notas anal\u00edticas para observaciones comparativas entre Uruguay, Chile y Argentina<\/strong>.&nbsp;<em>INCASI Working Paper Series<\/em>, No. 10.&nbsp;<a href=\"https:\/\/ddd.uab.cat\/record\/248719\" target=\"_blank\" rel=\"noopener\">https:\/\/ddd.uab.cat\/record\/248719<\/a><\/li>\n<\/ol>\n","protected":false},"excerpt":{"rendered":"<p>La red INCASI publica una serie de Working Papers relacionados con los temas de nuestras principales l\u00edneas de investigaci\u00f3n, tanto de naturaleza te\u00f3rica, metodol\u00f3gica o t\u00e9cnica. INCASI Working Paper Series&nbsp;(IWPS) tiene como objetivo recopilar y difundir el trabajo realizado por los miembros de la red en el contexto de nuestro proyecto de investigaci\u00f3n. Las diferentes [&hellip;]<\/p>\n","protected":false},"author":44,"featured_media":0,"parent":0,"menu_order":0,"comment_status":"closed","ping_status":"closed","template":"","meta":{"footnotes":""},"class_list":["post-2032","page","type-page","status-publish","hentry"],"_links":{"self":[{"href":"https:\/\/webs.uab.cat\/incasi1\/wp-json\/wp\/v2\/pages\/2032","targetHints":{"allow":["GET"]}}],"collection":[{"href":"https:\/\/webs.uab.cat\/incasi1\/wp-json\/wp\/v2\/pages"}],"about":[{"href":"https:\/\/webs.uab.cat\/incasi1\/wp-json\/wp\/v2\/types\/page"}],"author":[{"embeddable":true,"href":"https:\/\/webs.uab.cat\/incasi1\/wp-json\/wp\/v2\/users\/44"}],"replies":[{"embeddable":true,"href":"https:\/\/webs.uab.cat\/incasi1\/wp-json\/wp\/v2\/comments?post=2032"}],"version-history":[{"count":0,"href":"https:\/\/webs.uab.cat\/incasi1\/wp-json\/wp\/v2\/pages\/2032\/revisions"}],"wp:attachment":[{"href":"https:\/\/webs.uab.cat\/incasi1\/wp-json\/wp\/v2\/media?parent=2032"}],"curies":[{"name":"wp","href":"https:\/\/api.w.org\/{rel}","templated":true}]}}