{"id":1858,"date":"2016-05-09T15:44:27","date_gmt":"2016-05-09T15:44:27","guid":{"rendered":"https:\/\/webs.uab.cat\/incasi\/universidades\/universidad-de-buenos-aires-uba\/"},"modified":"2022-12-20T12:23:43","modified_gmt":"2022-12-20T12:23:43","slug":"universidad-de-buenos-aires-uba","status":"publish","type":"universidades","link":"https:\/\/webs.uab.cat\/incasi1\/universidades\/universidad-de-buenos-aires-uba\/","title":{"rendered":"Universidad de Buenos Aires (UBA)"},"content":{"rendered":"<div class=\"wp-block-media-text is-stacked-on-mobile has-primary-background-color has-background\" style=\"grid-template-columns:27% auto\">\r\n\t<figure class=\"wp-block-media-text__media\">\r\n\t\t<img loading=\"lazy\" decoding=\"async\" width=\"146\" height=\"195\" src=\"https:\/\/webs.uab.cat\/incasi1\/wp-content\/uploads\/sites\/308\/2016\/05\/eduardo-chavez.png\" alt=\"#\" class=\"wp-image-240 size-full\">\r\n\t<\/figure>\r\n<div class=\"wp-block-media-text__content\">\r\n<p class=\"has-large-font-size\"><strong>Eduardo Ch\u00e1vez<\/strong><\/p>\r\n<\/div>\r\n<\/div>\r\n<p class=\"rtejustify\">Eduardo Ch\u00e1vez Molina, argentino-chileno; Investigador del Instituto de Investigaciones Gino Germani de la Facultad de Ciencias Sociales, de la Universidad de Buenos Aires, Doctor en Ciencias Sociales, en Facultad Latinoamericana de Ciencias Sociales, M\u00e1ster en Pol\u00edtica, Evaluaci\u00f3n y Gerencia Social; Facultad Latinoamericana de Ciencias Sociales (FLACSO-Argentina), y Licenciado en Sociolog\u00eda por la Universidad de Buenos Aires, Profesor adjunto del seminario \u201cEstructura, clases y movilidad social\u201d, Carrera de sociolog\u00eda, Universidad de Buenos Aires , Profesor adjunto regular de la materia \u201cEstructura y cambio social\u201d, Carrera de Sociolog\u00eda, Universidad Nacional de Mar del Plata. Profesor Titular \u201cClases, estructura y movilidad social: apuntes para un an\u00e1lisis contempor\u00e1neo Doctorado de Ciencias Sociales, Universidad de Buenos Aires. Profesor Titular&nbsp; seminario \u201cestructura y cambio social \u201d,&nbsp; Maestr\u00eda en Derechos Humanos,&nbsp; Universidad Nacional de San Mart\u00edn.<\/p>\n<p class=\"rtejustify\"><strong>Correo electr\u00f3nico<\/strong>: <a href=\"mailto:echavez@retina.ar\">echavez@retina.ar<\/a> \/ <a href=\"mailto:echavezmolina@gmail.com\">echavezmolina@gmail.com<\/a><\/p>\n\n\n\n<h2 class=\"wp-block-heading\">Investigadores en el proyecto INCASI<\/h2>\n\n\n\r\n\t<ul class=\"news\">\r\n\r\n<li class=\"news-list-item\">\r\n\t<a href=\"https:\/\/webs.uab.cat\/incasi1\/persones\/emilio-jorge-ayos\/\">Emilio Jorge Ayos<\/a>\r\n<\/li>\r\n\r\n<li class=\"news-list-item\">\r\n\t<a href=\"https:\/\/webs.uab.cat\/incasi1\/persones\/gabriela-merlinsky\/\">Gabriela Merlinsky<\/a>\r\n<\/li>\r\n\r\n<li class=\"news-list-item\">\r\n\t<a href=\"https:\/\/webs.uab.cat\/incasi1\/persones\/javiera-fanta-garrido\/\">Javiera Fanta Garrido<\/a>\r\n<\/li>\r\n\r\n<li class=\"news-list-item\">\r\n\t<a href=\"https:\/\/webs.uab.cat\/incasi1\/persones\/jesica-lorena-pla\/\">Jesica Lorena Pla<\/a>\r\n<\/li>\r\n\r\n<li class=\"news-list-item\">\r\n\t<a href=\"https:\/\/webs.uab.cat\/incasi1\/persones\/jose-javier-rodriguez-de-la-fuente\/\">Jos\u00e9 Javier Rodr\u00edguez de la Fuente<\/a>\r\n<\/li>\r\n\r\n<li class=\"news-list-item\">\r\n\t<a href=\"https:\/\/webs.uab.cat\/incasi1\/persones\/julian-rebon\/\">Juli\u00e1n Reb\u00f3n<\/a>\r\n<\/li>\r\n\r\n<li class=\"news-list-item\">\r\n\t<a href=\"https:\/\/webs.uab.cat\/incasi1\/persones\/manuel-riveiro\/\">Manuel Riveiro<\/a>\r\n<\/li>\r\n\r\n<li class=\"news-list-item\">\r\n\t<a href=\"https:\/\/webs.uab.cat\/incasi1\/persones\/maria-berenice-rubio\/\">Mar\u00eda Berenice Rubio<\/a>\r\n<\/li>\r\n\r\n<li class=\"news-list-item\">\r\n\t<a href=\"https:\/\/webs.uab.cat\/incasi1\/persones\/maria-clara-fernandez-melian\/\">Mar\u00eda Clara Fern\u00e1ndez Meli\u00e1n<\/a>\r\n<\/li>\r\n\r\n<li class=\"news-list-item\">\r\n\t<a href=\"https:\/\/webs.uab.cat\/incasi1\/persones\/maria-luz-dahul\/\">Mar\u00eda Luz Dahul<\/a>\r\n<\/li>\r\n\r\n<li class=\"news-list-item\">\r\n\t<a href=\"https:\/\/webs.uab.cat\/incasi1\/persones\/martin-unzue\/\">Mart\u00edn Unzu\u00e9<\/a>\r\n<\/li>\r\n\r\n<li class=\"news-list-item\">\r\n\t<a href=\"https:\/\/webs.uab.cat\/incasi1\/persones\/matias-ballesteros\/\">Mat\u00edas Ballesteros<\/a>\r\n<\/li>\r\n\r\n<li class=\"news-list-item\">\r\n\t<a href=\"https:\/\/webs.uab.cat\/incasi1\/persones\/pablo-dalle\/\">Pablo Dalle<\/a>\r\n<\/li>\r\n\r\n<li class=\"news-list-item\">\r\n\t<a href=\"https:\/\/webs.uab.cat\/incasi1\/persones\/pablo-molina-derteano\/\">Pablo Molina Derteano<\/a>\r\n<\/li>\r\n\r\n<li class=\"news-list-item\">\r\n\t<a href=\"https:\/\/webs.uab.cat\/incasi1\/persones\/paula-susana-boniolo\/\">Paula Susana Boniolo<\/a>\r\n<\/li>\r\n\r\n<\/ul>\r\n","protected":false},"excerpt":{"rendered":"<p>Investigadores en el proyecto INCASI<\/p>\n","protected":false},"author":44,"featured_media":0,"template":"","class_list":["post-1858","universidades","type-universidades","status-publish","hentry"],"_links":{"self":[{"href":"https:\/\/webs.uab.cat\/incasi1\/wp-json\/wp\/v2\/universidades\/1858","targetHints":{"allow":["GET"]}}],"collection":[{"href":"https:\/\/webs.uab.cat\/incasi1\/wp-json\/wp\/v2\/universidades"}],"about":[{"href":"https:\/\/webs.uab.cat\/incasi1\/wp-json\/wp\/v2\/types\/universidades"}],"author":[{"embeddable":true,"href":"https:\/\/webs.uab.cat\/incasi1\/wp-json\/wp\/v2\/users\/44"}],"wp:attachment":[{"href":"https:\/\/webs.uab.cat\/incasi1\/wp-json\/wp\/v2\/media?parent=1858"}],"curies":[{"name":"wp","href":"https:\/\/api.w.org\/{rel}","templated":true}]}}

<div class="wp-block-media-text is-stacked-on-mobile has-primary-background-color has-background" style="grid-template-columns:27% auto">
	<figure class="wp-block-media-text__media">
		<img loading="lazy" decoding="async" width="146" height="195" src="https://webs.uab.cat/incasi1/wp-content/uploads/sites/308/2016/05/eduardo-chavez.png" alt="#" class="wp-image-240 size-full">
	</figure>
<div class="wp-block-media-text__content">
<p class="has-large-font-size"><strong>Eduardo Chávez</strong></p>
</div>
</div>
<p class="rtejustify">Eduardo Chávez Molina, argentino-chileno; Investigador del Instituto de Investigaciones Gino Germani de la Facultad de Ciencias Sociales, de la Universidad de Buenos Aires, Doctor en Ciencias Sociales, en Facultad Latinoamericana de Ciencias Sociales, Máster en Política, Evaluación y Gerencia Social; Facultad Latinoamericana de Ciencias Sociales (FLACSO-Argentina), y Licenciado en Sociología por la Universidad de Buenos Aires, Profesor adjunto del seminario “Estructura, clases y movilidad social”, Carrera de sociología, Universidad de Buenos Aires , Profesor adjunto regular de la materia “Estructura y cambio social”, Carrera de Sociología, Universidad Nacional de Mar del Plata. Profesor Titular “Clases, estructura y movilidad social: apuntes para un análisis contemporáneo Doctorado de Ciencias Sociales, Universidad de Buenos Aires. Profesor Titular&nbsp; seminario “estructura y cambio social ”,&nbsp; Maestría en Derechos Humanos,&nbsp; Universidad Nacional de San Martín.</p>
<p class="rtejustify"><strong>Correo electrónico</strong>: <a href="mailto:echavez@retina.ar">echavez@retina.ar</a> / <a href="mailto:echavezmolina@gmail.com">echavezmolina@gmail.com</a></p>



<h2 class="wp-block-heading">Investigadores en el proyecto INCASI</h2>



	<ul class="news">

<li class="news-list-item">
	<a href="https://webs.uab.cat/incasi1/persones/emilio-jorge-ayos/">Emilio Jorge Ayos</a>
</li>

<li class="news-list-item">
	<a href="https://webs.uab.cat/incasi1/persones/gabriela-merlinsky/">Gabriela Merlinsky</a>
</li>

<li class="news-list-item">
	<a href="https://webs.uab.cat/incasi1/persones/javiera-fanta-garrido/">Javiera Fanta Garrido</a>
</li>

<li class="news-list-item">
	<a href="https://webs.uab.cat/incasi1/persones/jesica-lorena-pla/">Jesica Lorena Pla</a>
</li>

<li class="news-list-item">
	<a href="https://webs.uab.cat/incasi1/persones/jose-javier-rodriguez-de-la-fuente/">José Javier Rodríguez de la Fuente</a>
</li>

<li class="news-list-item">
	<a href="https://webs.uab.cat/incasi1/persones/julian-rebon/">Julián Rebón</a>
</li>

<li class="news-list-item">
	<a href="https://webs.uab.cat/incasi1/persones/manuel-riveiro/">Manuel Riveiro</a>
</li>

<li class="news-list-item">
	<a href="https://webs.uab.cat/incasi1/persones/maria-berenice-rubio/">María Berenice Rubio</a>
</li>

<li class="news-list-item">
	<a href="https://webs.uab.cat/incasi1/persones/maria-clara-fernandez-melian/">María Clara Fernández Melián</a>
</li>

<li class="news-list-item">
	<a href="https://webs.uab.cat/incasi1/persones/maria-luz-dahul/">María Luz Dahul</a>
</li>

<li class="news-list-item">
	<a href="https://webs.uab.cat/incasi1/persones/martin-unzue/">Martín Unzué</a>
</li>

<li class="news-list-item">
	<a href="https://webs.uab.cat/incasi1/persones/matias-ballesteros/">Matías Ballesteros</a>
</li>

<li class="news-list-item">
	<a href="https://webs.uab.cat/incasi1/persones/pablo-dalle/">Pablo Dalle</a>
</li>

<li class="news-list-item">
	<a href="https://webs.uab.cat/incasi1/persones/pablo-molina-derteano/">Pablo Molina Derteano</a>
</li>

<li class="news-list-item">
	<a href="https://webs.uab.cat/incasi1/persones/paula-susana-boniolo/">Paula Susana Boniolo</a>
</li>

</ul>
