{"id":1878,"date":"2016-05-09T15:45:38","date_gmt":"2016-05-09T15:45:38","guid":{"rendered":"https:\/\/webs.uab.cat\/incasi\/universidades\/universidad-de-chile-uchile\/"},"modified":"2022-12-20T12:39:55","modified_gmt":"2022-12-20T12:39:55","slug":"universidad-de-chile-uchile","status":"publish","type":"universidades","link":"https:\/\/webs.uab.cat\/incasi1\/universidades\/universidad-de-chile-uchile\/","title":{"rendered":"Universidad de Chile (UChile)"},"content":{"rendered":"<div class=\"wp-block-media-text is-stacked-on-mobile has-primary-background-color has-background\" style=\"grid-template-columns:27% auto\">\r\n\t<figure class=\"wp-block-media-text__media\">\r\n\t\t<img loading=\"lazy\" decoding=\"async\" width=\"146\" height=\"195\" src=\"https:\/\/webs.uab.cat\/incasi1\/wp-content\/uploads\/sites\/308\/2016\/06\/Photo-Emmanuel-Barozet.jpg\" alt=\"#\" class=\"wp-image-240 size-full\">\r\n\t<\/figure>\r\n<div class=\"wp-block-media-text__content\">\r\n<p class=\"has-large-font-size\"><strong>Emmanuelle Barozet<\/strong><\/p>\r\n<\/div>\r\n<\/div>\r\n<p class=\"rtejustify\">Profesora asociada del Departamento de Sociolog\u00eda de la Universidad de Chile. Soci\u00f3loga, diplomada del Institut d\u2019\u00c9tudes Politiques de Par\u00eds, Sciences-Po (1994), m\u00e1ster en Historia y Civilizaci\u00f3n (1995) y doctorado en Sociolog\u00eda (2002), por la Ecole des Hautes \u00c9tudes en Sciences Sociales de Paris. Especializada en el \u00e1rea de Latinoam\u00e9rica y en especial Chile, donde resido. Realic\u00e9 mi investigaci\u00f3n postdoctoral en Chile y Bolivia. Tiene especializaci\u00f3n en estudios de estratificaci\u00f3n social y desigualdades, en especial en las clases medias.&nbsp;Lider\u00f3 proyectos de investigaci\u00f3n, particularmente Fondecyt y proyectos asociativos como el Proyecto Desigualdades (www.desigualdades.cl), interinstitucional e interdisciplinario, financiado por Conicyt. Tambi\u00e9n tiene experiencia en gesti\u00f3n universitaria: direcci\u00f3n de postgrado de la Facultad de Ciencias Sociales de la Universidad de Chile (2007-2008), direcci\u00f3n del Doctorado en Ciencias Sociales (2009-2013) y del proyecto MECESUP UCH 1108 para el mismo programa (2012-2014). Actualmente se desempe\u00f1a como investigadora del la red \u201cGlobal trends in social inequalities in Europe and Latin America and exploring innovative ways to reduce them through life, occupational and educational trajectories research to face uncertainty\u201d (INCASI), H2020-MSCA-RISE-2015, Marie Sk\u0142odowska-Curie Research and Innovation Staff Exchange (RISE) y del Centro de Estudios de Conflicto y Cohesi\u00f3n Social (COES, <a href=\"http:\/\/www.coes.cl\">www.coes.cl<\/a>).<\/p>\n<p class=\"rtejustify\">Correo electr\u00f3nico: <a href=\"mailto:ebarozet@uchile.cl\">ebarozet@uchile.cl<\/a><\/p>\n<p>&nbsp;<\/p>\n\n\n\n<h2 class=\"wp-block-heading\">Investigadores en el proyecto INCASI<\/h2>\n\n\n\r\n\t<ul class=\"news\">\r\n\r\n<li class=\"news-list-item\">\r\n\t<a href=\"https:\/\/webs.uab.cat\/incasi1\/persones\/andres-fernando-roldan-tonioni\/\">Andr\u00e9s Fernando Rold\u00e1n Tonioni<\/a>\r\n<\/li>\r\n\r\n<li class=\"news-list-item\">\r\n\t<a href=\"https:\/\/webs.uab.cat\/incasi1\/persones\/claudia-andrea-gonzalez-cid\/\">Claudia Andrea Gonz\u00e1lez Cid<\/a>\r\n<\/li>\r\n\r\n<li class=\"news-list-item\">\r\n\t<a href=\"https:\/\/webs.uab.cat\/incasi1\/persones\/claudia-carrillo-sanchez\/\">Claudia Carrillo S\u00e1nchez<\/a>\r\n<\/li>\r\n\r\n<li class=\"news-list-item\">\r\n\t<a href=\"https:\/\/webs.uab.cat\/incasi1\/persones\/miguel-urrutia-fernandez\/\">Miguel Urrutia Fern\u00e1ndez<\/a>\r\n<\/li>\r\n\r\n<li class=\"news-list-item\">\r\n\t<a href=\"https:\/\/webs.uab.cat\/incasi1\/persones\/norma-guadalupe-perez-lopez\/\">Norma Guadalupe P\u00e9rez L\u00f3pez<\/a>\r\n<\/li>\r\n\r\n<li class=\"news-list-item\">\r\n\t<a href=\"https:\/\/webs.uab.cat\/incasi1\/persones\/rachel-nayla-alfonso-olivera\/\">Rachel Nayla Alfonso Olivera<\/a>\r\n<\/li>\r\n\r\n<\/ul>\r\n","protected":false},"excerpt":{"rendered":"<p>Investigadores en el proyecto INCASI<\/p>\n","protected":false},"author":44,"featured_media":0,"template":"","class_list":["post-1878","universidades","type-universidades","status-publish","hentry"],"_links":{"self":[{"href":"https:\/\/webs.uab.cat\/incasi1\/wp-json\/wp\/v2\/universidades\/1878","targetHints":{"allow":["GET"]}}],"collection":[{"href":"https:\/\/webs.uab.cat\/incasi1\/wp-json\/wp\/v2\/universidades"}],"about":[{"href":"https:\/\/webs.uab.cat\/incasi1\/wp-json\/wp\/v2\/types\/universidades"}],"author":[{"embeddable":true,"href":"https:\/\/webs.uab.cat\/incasi1\/wp-json\/wp\/v2\/users\/44"}],"wp:attachment":[{"href":"https:\/\/webs.uab.cat\/incasi1\/wp-json\/wp\/v2\/media?parent=1878"}],"curies":[{"name":"wp","href":"https:\/\/api.w.org\/{rel}","templated":true}]}}

<div class="wp-block-media-text is-stacked-on-mobile has-primary-background-color has-background" style="grid-template-columns:27% auto">
	<figure class="wp-block-media-text__media">
		<img loading="lazy" decoding="async" width="146" height="195" src="https://webs.uab.cat/incasi1/wp-content/uploads/sites/308/2016/06/Photo-Emmanuel-Barozet.jpg" alt="#" class="wp-image-240 size-full">
	</figure>
<div class="wp-block-media-text__content">
<p class="has-large-font-size"><strong>Emmanuelle Barozet</strong></p>
</div>
</div>
<p class="rtejustify">Profesora asociada del Departamento de Sociología de la Universidad de Chile. Socióloga, diplomada del Institut d’Études Politiques de París, Sciences-Po (1994), máster en Historia y Civilización (1995) y doctorado en Sociología (2002), por la Ecole des Hautes Études en Sciences Sociales de Paris. Especializada en el área de Latinoamérica y en especial Chile, donde resido. Realicé mi investigación postdoctoral en Chile y Bolivia. Tiene especialización en estudios de estratificación social y desigualdades, en especial en las clases medias.&nbsp;Lideró proyectos de investigación, particularmente Fondecyt y proyectos asociativos como el Proyecto Desigualdades (www.desigualdades.cl), interinstitucional e interdisciplinario, financiado por Conicyt. También tiene experiencia en gestión universitaria: dirección de postgrado de la Facultad de Ciencias Sociales de la Universidad de Chile (2007-2008), dirección del Doctorado en Ciencias Sociales (2009-2013) y del proyecto MECESUP UCH 1108 para el mismo programa (2012-2014). Actualmente se desempeña como investigadora del la red “Global trends in social inequalities in Europe and Latin America and exploring innovative ways to reduce them through life, occupational and educational trajectories research to face uncertainty” (INCASI), H2020-MSCA-RISE-2015, Marie Skłodowska-Curie Research and Innovation Staff Exchange (RISE) y del Centro de Estudios de Conflicto y Cohesión Social (COES, <a href="http://www.coes.cl">www.coes.cl</a>).</p>
<p class="rtejustify">Correo electrónico: <a href="mailto:ebarozet@uchile.cl">ebarozet@uchile.cl</a></p>
<p>&nbsp;</p>



<h2 class="wp-block-heading">Investigadores en el proyecto INCASI</h2>



	<ul class="news">

<li class="news-list-item">
	<a href="https://webs.uab.cat/incasi1/persones/andres-fernando-roldan-tonioni/">Andrés Fernando Roldán Tonioni</a>
</li>

<li class="news-list-item">
	<a href="https://webs.uab.cat/incasi1/persones/claudia-andrea-gonzalez-cid/">Claudia Andrea González Cid</a>
</li>

<li class="news-list-item">
	<a href="https://webs.uab.cat/incasi1/persones/claudia-carrillo-sanchez/">Claudia Carrillo Sánchez</a>
</li>

<li class="news-list-item">
	<a href="https://webs.uab.cat/incasi1/persones/miguel-urrutia-fernandez/">Miguel Urrutia Fernández</a>
</li>

<li class="news-list-item">
	<a href="https://webs.uab.cat/incasi1/persones/norma-guadalupe-perez-lopez/">Norma Guadalupe Pérez López</a>
</li>

<li class="news-list-item">
	<a href="https://webs.uab.cat/incasi1/persones/rachel-nayla-alfonso-olivera/">Rachel Nayla Alfonso Olivera</a>
</li>

</ul>
