{"id":31,"date":"2009-05-25T13:07:54","date_gmt":"2009-05-25T13:07:54","guid":{"rendered":"https:\/\/webs.uab.cat\/inmix\/inici-2\/"},"modified":"2025-01-30T18:08:41","modified_gmt":"2025-01-30T18:08:41","slug":"inici-2","status":"publish","type":"page","link":"https:\/\/webs.uab.cat\/inmix\/es\/","title":{"rendered":""},"content":{"rendered":"\n<p class=\"has-accent-background-color has-background\">Bienvenidos\/as a la web del\u00a0Grupo de investigaci\u00f3n sobre Inmigraci\u00f3n, Mestizaje y Cohesi\u00f3n Social (INMIX), reconocido como Grupo de Investigaci\u00f3n Consolidado (2021SGR-00181) por la Agencia de Gesti\u00f3n de Ayudas Universitarias y de Investigaci\u00f3n de la Generalitat de Catalunya-AGAUR.<\/p>\n\n\n\n<p>Email: &nbsp;inmix.uab@gmail.com<\/p>\n\n\n\n<p>INMIX Lab website:&nbsp;<a href=\"https:\/\/www.researchgate.net\/lab\/INMIX-Lab-Dan-Rodriguez-Garcia\">https:\/\/www.researchgate.net\/lab\/INMIX-Lab-Dan-Rodriguez-Garcia<\/a><\/p>\n\n\n\n<p><\/p>\n\n\n\n<p><strong>NEWS!!<\/strong><\/p>\n\n\n\n<p>\u00a1Release of the&nbsp;documentary&nbsp;<strong><a href=\"https:\/\/youtu.be\/RYHKCaERcFs\"><em>MIXED VOICES \/ VOCES MIXTAS<\/em><\/a><\/strong>&nbsp;!<\/p>\n\n\n\n<figure class=\"wp-block-embed is-type-video is-provider-youtube wp-block-embed-youtube wp-embed-aspect-16-9 wp-has-aspect-ratio\"><div class=\"wp-block-embed__wrapper\">\n<iframe loading=\"lazy\" title=\"MIXED VOICES  \/  VOCES MIXTAS\" width=\"580\" height=\"326\" src=\"https:\/\/www.youtube.com\/embed\/RYHKCaERcFs?feature=oembed\" frameborder=\"0\" allow=\"accelerometer; autoplay; clipboard-write; encrypted-media; gyroscope; picture-in-picture; web-share\" referrerpolicy=\"strict-origin-when-cross-origin\" allowfullscreen><\/iframe>\n<\/div><\/figure>\n\n\n\n<p>Youtube Link:&nbsp;&nbsp;<strong>https:\/\/youtu.be\/RYHKCaERcFs<\/strong><\/p>\n\n\n\n<p>This topical short documentary,&nbsp;produced by the INMIX-UAB (Research Group on Immigration, Mixedness, and Social Cohesion),&nbsp;features interviews with multiethnic and multiracial youth living in Catalonia, Spain, who talk about their mixed heritage and its meaning for them, their identity and sense of belonging, and their experiences of discrimination and agency. Through these narratives,&nbsp;<em>MIXED VOICES<\/em>&nbsp;reveals that the positive, empowering experiences of mixedness\u2014a growing reality in Spain as well as across the globe\u2014can coexist with&nbsp;negative stereotypes and prejudices and the continued stigmatization and discrimination of&nbsp;racialized groups, who are more constrained in their identity options. In this way, the documentary highlights the socially transformative aspects of mixedness while alerting us to persistent social divisions that hinder social inclusion and cohesion.&nbsp;<\/p>\n\n\n\n<p>For more information about the documentary, click on \u201cShow more\u201d under the Youtube video screen.<\/p>\n","protected":false},"excerpt":{"rendered":"<p>Bienvenidos\/as a la web del\u00a0Grupo de investigaci\u00f3n sobre Inmigraci\u00f3n, Mestizaje y Cohesi\u00f3n Social (INMIX), reconocido como Grupo de Investigaci\u00f3n Consolidado (2021SGR-00181) por la Agencia de Gesti\u00f3n de Ayudas Universitarias y de Investigaci\u00f3n de la Generalitat de Catalunya-AGAUR. Email: &nbsp;inmix.uab@gmail.com INMIX Lab website:&nbsp;https:\/\/www.researchgate.net\/lab\/INMIX-Lab-Dan-Rodriguez-Garcia NEWS!! \u00a1Release of the&nbsp;documentary&nbsp;MIXED VOICES \/ VOCES MIXTAS&nbsp;! Youtube Link:&nbsp;&nbsp;https:\/\/youtu.be\/RYHKCaERcFs This topical short [&hellip;]<\/p>\n","protected":false},"author":20,"featured_media":0,"parent":0,"menu_order":0,"comment_status":"closed","ping_status":"closed","template":"","meta":{"footnotes":""},"class_list":["post-31","page","type-page","status-publish","hentry"],"_links":{"self":[{"href":"https:\/\/webs.uab.cat\/inmix\/es\/wp-json\/wp\/v2\/pages\/31","targetHints":{"allow":["GET"]}}],"collection":[{"href":"https:\/\/webs.uab.cat\/inmix\/es\/wp-json\/wp\/v2\/pages"}],"about":[{"href":"https:\/\/webs.uab.cat\/inmix\/es\/wp-json\/wp\/v2\/types\/page"}],"author":[{"embeddable":true,"href":"https:\/\/webs.uab.cat\/inmix\/es\/wp-json\/wp\/v2\/users\/20"}],"replies":[{"embeddable":true,"href":"https:\/\/webs.uab.cat\/inmix\/es\/wp-json\/wp\/v2\/comments?post=31"}],"version-history":[{"count":4,"href":"https:\/\/webs.uab.cat\/inmix\/es\/wp-json\/wp\/v2\/pages\/31\/revisions"}],"predecessor-version":[{"id":324,"href":"https:\/\/webs.uab.cat\/inmix\/es\/wp-json\/wp\/v2\/pages\/31\/revisions\/324"}],"wp:attachment":[{"href":"https:\/\/webs.uab.cat\/inmix\/es\/wp-json\/wp\/v2\/media?parent=31"}],"curies":[{"name":"wp","href":"https:\/\/api.w.org\/{rel}","templated":true}]}}

<p class="has-accent-background-color has-background">Bienvenidos/as a la web del Grupo de investigación sobre Inmigración, Mestizaje y Cohesión Social (INMIX), reconocido como Grupo de Investigación Consolidado (2021SGR-00181) por la Agencia de Gestión de Ayudas Universitarias y de Investigación de la Generalitat de Catalunya-AGAUR.</p>



<p>Email: &nbsp;inmix.uab@gmail.com</p>



<p>INMIX Lab website:&nbsp;<a href="https://www.researchgate.net/lab/INMIX-Lab-Dan-Rodriguez-Garcia">https://www.researchgate.net/lab/INMIX-Lab-Dan-Rodriguez-Garcia</a></p>



<p></p>



<p><strong>NEWS!!</strong></p>



<p>¡Release of the&nbsp;documentary&nbsp;<strong><a href="https://youtu.be/RYHKCaERcFs"><em>MIXED VOICES / VOCES MIXTAS</em></a></strong>&nbsp;!</p>



<figure class="wp-block-embed is-type-video is-provider-youtube wp-block-embed-youtube wp-embed-aspect-16-9 wp-has-aspect-ratio"><div class="wp-block-embed__wrapper">
<iframe loading="lazy" title="MIXED VOICES  /  VOCES MIXTAS" width="580" height="326" src="https://www.youtube.com/embed/RYHKCaERcFs?feature=oembed" frameborder="0" allow="accelerometer; autoplay; clipboard-write; encrypted-media; gyroscope; picture-in-picture; web-share" referrerpolicy="strict-origin-when-cross-origin" allowfullscreen></iframe>
</div></figure>



<p>Youtube Link:&nbsp;&nbsp;<strong>https://youtu.be/RYHKCaERcFs</strong></p>



<p>This topical short documentary,&nbsp;produced by the INMIX-UAB (Research Group on Immigration, Mixedness, and Social Cohesion),&nbsp;features interviews with multiethnic and multiracial youth living in Catalonia, Spain, who talk about their mixed heritage and its meaning for them, their identity and sense of belonging, and their experiences of discrimination and agency. Through these narratives,&nbsp;<em>MIXED VOICES</em>&nbsp;reveals that the positive, empowering experiences of mixedness—a growing reality in Spain as well as across the globe—can coexist with&nbsp;negative stereotypes and prejudices and the continued stigmatization and discrimination of&nbsp;racialized groups, who are more constrained in their identity options. In this way, the documentary highlights the socially transformative aspects of mixedness while alerting us to persistent social divisions that hinder social inclusion and cohesion.&nbsp;</p>



<p>For more information about the documentary, click on “Show more” under the Youtube video screen.</p>

<p>Bienvenidos/as a la web del Grupo de investigación sobre Inmigración, Mestizaje y Cohesión Social (INMIX), reconocido como Grupo de Investigación Consolidado (2021SGR-00181) por la Agencia de Gestión de Ayudas Universitarias y de Investigación de la Generalitat de Catalunya-AGAUR. Email: &nbsp;inmix.uab@gmail.com INMIX Lab website:&nbsp;https://www.researchgate.net/lab/INMIX-Lab-Dan-Rodriguez-Garcia NEWS!! ¡Release of the&nbsp;documentary&nbsp;MIXED VOICES / VOCES MIXTAS&nbsp;! Youtube Link:&nbsp;&nbsp;https://youtu.be/RYHKCaERcFs This topical short [&hellip;]</p>
